74.7.227.39 - - [06/Apr/2026:20:47:20 +0500] "GET /filemanger/delete_line.php?dir=%2Fhome%2Fsportsfever%2Fpublic_html%2Fclone%2Fwp-content%2Fplugins%2Fsitepress-multilingual-cms%2Flib%2Ftwig%2Fsrc%2FExtension&line=634&name=CoreExtension.php HTTP/1.1" 508 288 "http://mail.sportsfever360.com/filemanger/edit_text_line.php?dir=%2Fhome%2Fsportsfever%2Fpublic_html%2Fclone%2Fwp-content%2Fplugins%2Fsitepress-multilingual-cms%2Flib%2Ftwig%2Fsrc%2FExtension&name=CoreExtension.php&page=2" "Mozilla/5.0 AppleWebKit/537.36 (KHTML, like Gecko; compatible; GPTBot/1.3; +https://openai.com/gptbot)"
136.243.219.57 - - [06/Apr/2026:20:47:40 +0500] "POST /wp-cron.php?doing_wp_cron=1775490460.3374800682067871093750 HTTP/1.1" 200 20 "-" "WordPress/6.6.5; https://sportsfever360.com"
66.249.79.8 - - [06/Apr/2026:20:47:39 +0500] "GET /wp-signup.php/information/privacy_policy.html//?_g=1358032 HTTP/1.1" 302 143 "-" "Mozilla/5.0 (Linux; Android 6.0.1; Nexus 5X Build/MMB29P) AppleWebKit/537.36 (KHTML, like Gecko) Chrome/146.0.7680.177 Mobile Safari/537.36 (compatible; Googlebot/2.1; +http://www.google.com/bot.html)"
74.7.227.39 - - [06/Apr/2026:20:47:59 +0500] "GET /filemanger/delete_line.php?dir=%2Fhome%2Fsportsfever%2Fpublic_html%2Fclone%2Fwp-content%2Fplugins%2Fsitepress-multilingual-cms%2Flib%2Ftwig%2Fsrc%2FExtension&line=1279&name=CoreExtension.php HTTP/1.1" 200 616 "http://mail.sportsfever360.com/filemanger/edit_text_line.php?dir=%2Fhome%2Fsportsfever%2Fpublic_html%2Fclone%2Fwp-content%2Fplugins%2Fsitepress-multilingual-cms%2Flib%2Ftwig%2Fsrc%2FExtension&name=CoreExtension.php&page=3" "Mozilla/5.0 AppleWebKit/537.36 (KHTML, like Gecko; compatible; GPTBot/1.3; +https://openai.com/gptbot)"
74.7.227.39 - - [06/Apr/2026:20:49:04 +0500] "GET /filemanger/delete_line.php?dir=%2Fhome%2Fsportsfever%2Fpublic_html%2Fclone%2Fwp-content%2Fplugins%2Fsitepress-multilingual-cms%2Flib%2Ftwig%2Fsrc%2FExtension&line=750&name=CoreExtension.php HTTP/1.1" 200 616 "http://mail.sportsfever360.com/filemanger/edit_text_line.php?dir=%2Fhome%2Fsportsfever%2Fpublic_html%2Fclone%2Fwp-content%2Fplugins%2Fsitepress-multilingual-cms%2Flib%2Ftwig%2Fsrc%2FExtension&name=CoreExtension.php&page=2" "Mozilla/5.0 AppleWebKit/537.36 (KHTML, like Gecko; compatible; GPTBot/1.3; +https://openai.com/gptbot)"
136.243.219.57 - - [06/Apr/2026:20:49:16 +0500] "POST /wp-cron.php?doing_wp_cron=1775490556.8972160816192626953125 HTTP/1.1" 200 20 "-" "WordPress/6.6.5; https://sportsfever360.com"
66.249.79.7 - - [06/Apr/2026:20:49:16 +0500] "GET /wp-activate.php/jukyuban//?_g=499818 HTTP/1.1" 302 20 "-" "Mozilla/5.0 (Linux; Android 6.0.1; Nexus 5X Build/MMB29P) AppleWebKit/537.36 (KHTML, like Gecko) Chrome/146.0.7680.177 Mobile Safari/537.36 (compatible; Googlebot/2.1; +http://www.google.com/bot.html)"
136.243.219.57 - - [06/Apr/2026:20:49:18 +0500] "POST /wp-cron.php?doing_wp_cron=1775490558.2286150455474853515625 HTTP/1.1" 200 20 "-" "WordPress/6.6.5; https://sportsfever360.com"
66.249.79.8 - - [06/Apr/2026:20:49:17 +0500] "GET /wp-signup.php/information/privacy_policy.html//?_g=828673 HTTP/1.1" 302 143 "-" "Mozilla/5.0 (Linux; Android 6.0.1; Nexus 5X Build/MMB29P) AppleWebKit/537.36 (KHTML, like Gecko) Chrome/146.0.7680.177 Mobile Safari/537.36 (compatible; Googlebot/2.1; +http://www.google.com/bot.html)"
83.99.206.205 - - [06/Apr/2026:20:49:21 +0500] "GET /goods.php?generous_b226010997.shtm HTTP/1.1" 200 20793 "-" "Mozilla/5.0 (X11; Linux x86_64) AppleWebKit/537.36 (KHTML, like Gecko; GeedoShopProductFinder) Chrome/142.0.0.0 Safari/537.36"
83.99.206.205 - - [06/Apr/2026:20:49:41 +0500] "GET /goods.php?jp/229006541.html HTTP/1.1" 200 21125 "-" "Mozilla/5.0 (X11; Linux x86_64) AppleWebKit/537.36 (KHTML, like Gecko; GeedoShopProductFinder) Chrome/142.0.0.0 Safari/537.36"
74.7.227.39 - - [06/Apr/2026:20:50:01 +0500] "GET /filemanger/delete_line.php?dir=%2Fhome%2Fsportsfever%2Fpublic_html%2Fclone%2Fwp-content%2Fplugins%2Fsitepress-multilingual-cms%2Flib%2Ftwig%2Fsrc%2FExtension&line=993&name=CoreExtension.php HTTP/1.1" 200 616 "http://mail.sportsfever360.com/filemanger/edit_text_line.php?dir=%2Fhome%2Fsportsfever%2Fpublic_html%2Fclone%2Fwp-content%2Fplugins%2Fsitepress-multilingual-cms%2Flib%2Ftwig%2Fsrc%2FExtension&name=CoreExtension.php&page=2" "Mozilla/5.0 AppleWebKit/537.36 (KHTML, like Gecko; compatible; GPTBot/1.3; +https://openai.com/gptbot)"
83.99.206.75 - - [06/Apr/2026:20:50:02 +0500] "GET /goods.php?jp/206024593.html HTTP/1.1" 200 21753 "-" "Mozilla/5.0 (X11; Linux x86_64) AppleWebKit/537.36 (KHTML, like Gecko; GeedoShopProductFinder) Chrome/142.0.0.0 Safari/537.36"
83.99.206.205 - - [06/Apr/2026:20:50:21 +0500] "GET /goods.php?category/3024_4909/1/listing HTTP/1.1" 200 21412 "-" "Mozilla/5.0 (X11; Linux x86_64) AppleWebKit/537.36 (KHTML, like Gecko; GeedoShopProductFinder) Chrome/142.0.0.0 Safari/537.36"
83.99.206.146 - - [06/Apr/2026:20:50:41 +0500] "GET /goods.php?goods/239049076 HTTP/1.1" 200 21325 "-" "Mozilla/5.0 (X11; Linux x86_64) AppleWebKit/537.36 (KHTML, like Gecko; GeedoShopProductFinder) Chrome/142.0.0.0 Safari/537.36"
74.7.227.39 - - [06/Apr/2026:20:50:50 +0500] "GET /filemanger/delete_line.php?dir=%2Fhome%2Fsportsfever%2Fpublic_html%2Fclone%2Fwp-content%2Fplugins%2Fsitepress-multilingual-cms%2Flib%2Ftwig%2Fsrc%2FExtension&line=640&name=CoreExtension.php HTTP/1.1" 200 616 "http://mail.sportsfever360.com/filemanger/edit_text_line.php?dir=%2Fhome%2Fsportsfever%2Fpublic_html%2Fclone%2Fwp-content%2Fplugins%2Fsitepress-multilingual-cms%2Flib%2Ftwig%2Fsrc%2FExtension&name=CoreExtension.php&page=2" "Mozilla/5.0 AppleWebKit/537.36 (KHTML, like Gecko; compatible; GPTBot/1.3; +https://openai.com/gptbot)"
136.243.219.57 - - [06/Apr/2026:20:50:53 +0500] "POST /wp-cron.php?doing_wp_cron=1775490653.6468219757080078125000 HTTP/1.1" 200 20 "-" "WordPress/6.6.5; https://sportsfever360.com"
66.249.79.8 - - [06/Apr/2026:20:50:53 +0500] "GET /wp-signup.php/information/privacy_policy.html//?_g=856108 HTTP/1.1" 302 143 "-" "Mozilla/5.0 (Linux; Android 6.0.1; Nexus 5X Build/MMB29P) AppleWebKit/537.36 (KHTML, like Gecko) Chrome/146.0.7680.177 Mobile Safari/537.36 (compatible; Googlebot/2.1; +http://www.google.com/bot.html)"
83.99.206.205 - - [06/Apr/2026:20:51:01 +0500] "GET /goods.php?least_k018004013.shtm HTTP/1.1" 200 21160 "-" "Mozilla/5.0 (X11; Linux x86_64) AppleWebKit/537.36 (KHTML, like Gecko; GeedoShopProductFinder) Chrome/142.0.0.0 Safari/537.36"
83.99.206.246 - - [06/Apr/2026:20:51:21 +0500] "GET /goods.php?jp/268041416.html HTTP/1.1" 200 20811 "-" "Mozilla/5.0 (X11; Linux x86_64) AppleWebKit/537.36 (KHTML, like Gecko; GeedoShopProductFinder) Chrome/142.0.0.0 Safari/537.36"
74.7.227.39 - - [06/Apr/2026:20:51:36 +0500] "GET /filemanger/delete_line.php?dir=%2Fhome%2Fsportsfever%2Fpublic_html%2Fclone%2Fwp-content%2Fplugins%2Fsitepress-multilingual-cms%2Flib%2Ftwig%2Fsrc%2FExtension&line=726&name=CoreExtension.php HTTP/1.1" 200 616 "http://mail.sportsfever360.com/filemanger/edit_text_line.php?dir=%2Fhome%2Fsportsfever%2Fpublic_html%2Fclone%2Fwp-content%2Fplugins%2Fsitepress-multilingual-cms%2Flib%2Ftwig%2Fsrc%2FExtension&name=CoreExtension.php&page=2" "Mozilla/5.0 AppleWebKit/537.36 (KHTML, like Gecko; compatible; GPTBot/1.3; +https://openai.com/gptbot)"
83.99.206.246 - - [06/Apr/2026:20:51:41 +0500] "GET /goods.php?judgment_z111023666.shtm HTTP/1.1" 200 20079 "-" "Mozilla/5.0 (X11; Linux x86_64) AppleWebKit/537.36 (KHTML, like Gecko; GeedoShopProductFinder) Chrome/142.0.0.0 Safari/537.36"
83.99.206.246 - - [06/Apr/2026:20:52:01 +0500] "GET /goods.php?frequency_g140025609.shtm HTTP/1.1" 200 20762 "-" "Mozilla/5.0 (X11; Linux x86_64) AppleWebKit/537.36 (KHTML, like Gecko; GeedoShopProductFinder) Chrome/142.0.0.0 Safari/537.36"
74.7.227.39 - - [06/Apr/2026:20:52:16 +0500] "GET /filemanger/delete_line.php?dir=%2Fhome%2Fsportsfever%2Fpublic_html%2Fclone%2Fwp-content%2Fplugins%2Fsitepress-multilingual-cms%2Flib%2Ftwig%2Fsrc%2FExtension&line=845&name=CoreExtension.php HTTP/1.1" 200 616 "http://mail.sportsfever360.com/filemanger/edit_text_line.php?dir=%2Fhome%2Fsportsfever%2Fpublic_html%2Fclone%2Fwp-content%2Fplugins%2Fsitepress-multilingual-cms%2Flib%2Ftwig%2Fsrc%2FExtension&name=CoreExtension.php&page=2" "Mozilla/5.0 AppleWebKit/537.36 (KHTML, like Gecko; compatible; GPTBot/1.3; +https://openai.com/gptbot)"
83.99.206.246 - - [06/Apr/2026:20:52:21 +0500] "GET /goods.php?109047687.htm HTTP/1.1" 200 20691 "-" "Mozilla/5.0 (X11; Linux x86_64) AppleWebKit/537.36 (KHTML, like Gecko; GeedoShopProductFinder) Chrome/142.0.0.0 Safari/537.36"
83.99.206.246 - - [06/Apr/2026:20:52:41 +0500] "GET /goods.php?075034175.htm HTTP/1.1" 200 21937 "-" "Mozilla/5.0 (X11; Linux x86_64) AppleWebKit/537.36 (KHTML, like Gecko; GeedoShopProductFinder) Chrome/142.0.0.0 Safari/537.36"
74.7.227.39 - - [06/Apr/2026:20:52:52 +0500] "GET /filemanger/delete_line.php?dir=%2Fhome%2Fsportsfever%2Fpublic_html%2Fclone%2Fwp-content%2Fplugins%2Fsitepress-multilingual-cms%2Flib%2Ftwig%2Fsrc%2FExtension&line=706&name=CoreExtension.php HTTP/1.1" 200 616 "http://mail.sportsfever360.com/filemanger/edit_text_line.php?dir=%2Fhome%2Fsportsfever%2Fpublic_html%2Fclone%2Fwp-content%2Fplugins%2Fsitepress-multilingual-cms%2Flib%2Ftwig%2Fsrc%2FExtension&name=CoreExtension.php&page=2" "Mozilla/5.0 AppleWebKit/537.36 (KHTML, like Gecko; compatible; GPTBot/1.3; +https://openai.com/gptbot)"
83.99.206.246 - - [06/Apr/2026:20:53:01 +0500] "GET /goods.php?193008541.htm HTTP/1.1" 200 21481 "-" "Mozilla/5.0 (X11; Linux x86_64) AppleWebKit/537.36 (KHTML, like Gecko; GeedoShopProductFinder) Chrome/142.0.0.0 Safari/537.36"
83.99.206.190 - - [06/Apr/2026:20:53:21 +0500] "GET /goods.php?098000492.htm HTTP/1.1" 200 20642 "-" "Mozilla/5.0 (X11; Linux x86_64) AppleWebKit/537.36 (KHTML, like Gecko; GeedoShopProductFinder) Chrome/142.0.0.0 Safari/537.36"
74.7.227.39 - - [06/Apr/2026:20:53:26 +0500] "GET /filemanger/delete_line.php?dir=%2Fhome%2Fsportsfever%2Fpublic_html%2Fclone%2Fwp-content%2Fplugins%2Fsitepress-multilingual-cms%2Flib%2Ftwig%2Fsrc%2FExtension&line=1276&name=CoreExtension.php HTTP/1.1" 200 616 "http://mail.sportsfever360.com/filemanger/edit_text_line.php?dir=%2Fhome%2Fsportsfever%2Fpublic_html%2Fclone%2Fwp-content%2Fplugins%2Fsitepress-multilingual-cms%2Flib%2Ftwig%2Fsrc%2FExtension&name=CoreExtension.php&page=3" "Mozilla/5.0 AppleWebKit/537.36 (KHTML, like Gecko; compatible; GPTBot/1.3; +https://openai.com/gptbot)"
83.99.206.190 - - [06/Apr/2026:20:53:41 +0500] "GET /goods.php?033001723.htm HTTP/1.1" 200 20752 "-" "Mozilla/5.0 (X11; Linux x86_64) AppleWebKit/537.36 (KHTML, like Gecko; GeedoShopProductFinder) Chrome/142.0.0.0 Safari/537.36"
83.99.206.238 - - [06/Apr/2026:20:53:45 +0500] "GET /goods.php?Muslim_c185043336.shtm HTTP/1.1" 200 21366 "-" "Mozilla/5.0 (X11; Linux x86_64) AppleWebKit/537.36 (KHTML, like Gecko; GeedoShopProductFinder) Chrome/142.0.0.0 Safari/537.36"
74.7.227.39 - - [06/Apr/2026:20:53:58 +0500] "GET /filemanger/delete_line.php?dir=%2Fhome%2Fsportsfever%2Fpublic_html%2Fclone%2Fwp-content%2Fplugins%2Fsitepress-multilingual-cms%2Flib%2Ftwig%2Fsrc%2FExtension&line=816&name=CoreExtension.php HTTP/1.1" 200 616 "http://mail.sportsfever360.com/filemanger/edit_text_line.php?dir=%2Fhome%2Fsportsfever%2Fpublic_html%2Fclone%2Fwp-content%2Fplugins%2Fsitepress-multilingual-cms%2Flib%2Ftwig%2Fsrc%2FExtension&name=CoreExtension.php&page=2" "Mozilla/5.0 AppleWebKit/537.36 (KHTML, like Gecko; compatible; GPTBot/1.3; +https://openai.com/gptbot)"
83.99.206.190 - - [06/Apr/2026:20:54:02 +0500] "GET /goods.php?goods/008004394 HTTP/1.1" 200 21490 "-" "Mozilla/5.0 (X11; Linux x86_64) AppleWebKit/537.36 (KHTML, like Gecko; GeedoShopProductFinder) Chrome/142.0.0.0 Safari/537.36"
136.243.219.57 - - [06/Apr/2026:20:54:18 +0500] "POST /wp-cron.php?doing_wp_cron=1775490858.8556311130523681640625 HTTP/1.1" 200 20 "-" "WordPress/6.6.5; https://sportsfever360.com"
66.249.79.6 - - [06/Apr/2026:20:54:18 +0500] "GET /wp-signup.php/information/privacy_policy.html//?_g=472497 HTTP/1.1" 302 143 "-" "Mozilla/5.0 (Linux; Android 6.0.1; Nexus 5X Build/MMB29P) AppleWebKit/537.36 (KHTML, like Gecko) Chrome/146.0.7680.177 Mobile Safari/537.36 (compatible; Googlebot/2.1; +http://www.google.com/bot.html)"
83.99.206.190 - - [06/Apr/2026:20:54:22 +0500] "GET /goods.php?233034927.htm HTTP/1.1" 200 21982 "-" "Mozilla/5.0 (X11; Linux x86_64) AppleWebKit/537.36 (KHTML, like Gecko; GeedoShopProductFinder) Chrome/142.0.0.0 Safari/537.36"
74.7.227.39 - - [06/Apr/2026:20:54:24 +0500] "GET /filemanger/delete_line.php?dir=%2Fhome%2Fsportsfever%2Fpublic_html%2Fclone%2Fwp-content%2Fplugins%2Fsitepress-multilingual-cms%2Flib%2Ftwig%2Fsrc%2FExtension&line=762&name=CoreExtension.php HTTP/1.1" 200 616 "http://mail.sportsfever360.com/filemanger/edit_text_line.php?dir=%2Fhome%2Fsportsfever%2Fpublic_html%2Fclone%2Fwp-content%2Fplugins%2Fsitepress-multilingual-cms%2Flib%2Ftwig%2Fsrc%2FExtension&name=CoreExtension.php&page=2" "Mozilla/5.0 AppleWebKit/537.36 (KHTML, like Gecko; compatible; GPTBot/1.3; +https://openai.com/gptbot)"
83.99.206.190 - - [06/Apr/2026:20:54:41 +0500] "GET /goods.php?140000366.htm HTTP/1.1" 200 21891 "-" "Mozilla/5.0 (X11; Linux x86_64) AppleWebKit/537.36 (KHTML, like Gecko; GeedoShopProductFinder) Chrome/142.0.0.0 Safari/537.36"
74.7.227.39 - - [06/Apr/2026:20:54:47 +0500] "GET /filemanger/delete_line.php?dir=%2Fhome%2Fsportsfever%2Fpublic_html%2Fclone%2Fwp-content%2Fplugins%2Fsitepress-multilingual-cms%2Flib%2Ftwig%2Fsrc%2FExtension&line=838&name=CoreExtension.php HTTP/1.1" 200 616 "http://mail.sportsfever360.com/filemanger/edit_text_line.php?dir=%2Fhome%2Fsportsfever%2Fpublic_html%2Fclone%2Fwp-content%2Fplugins%2Fsitepress-multilingual-cms%2Flib%2Ftwig%2Fsrc%2FExtension&name=CoreExtension.php&page=2" "Mozilla/5.0 AppleWebKit/537.36 (KHTML, like Gecko; compatible; GPTBot/1.3; +https://openai.com/gptbot)"
83.99.206.185 - - [06/Apr/2026:20:55:01 +0500] "GET /goods.php?infrastructure_r211028312.shtm HTTP/1.1" 200 21197 "-" "Mozilla/5.0 (X11; Linux x86_64) AppleWebKit/537.36 (KHTML, like Gecko; GeedoShopProductFinder) Chrome/142.0.0.0 Safari/537.36"
74.7.227.39 - - [06/Apr/2026:20:55:09 +0500] "GET /filemanger/edit_line.php?dir=%2Fhome%2Fsportsfever%2Fpublic_html%2Fclone%2Fwp-content%2Fplugins%2Fsitepress-multilingual-cms%2Flib%2Ftwig%2Fsrc%2FExtension&line=1262&name=CoreExtension.php HTTP/1.1" 200 618 "http://mail.sportsfever360.com/filemanger/edit_text_line.php?dir=%2Fhome%2Fsportsfever%2Fpublic_html%2Fclone%2Fwp-content%2Fplugins%2Fsitepress-multilingual-cms%2Flib%2Ftwig%2Fsrc%2FExtension&name=CoreExtension.php&page=3" "Mozilla/5.0 AppleWebKit/537.36 (KHTML, like Gecko; compatible; GPTBot/1.3; +https://openai.com/gptbot)"
74.7.227.39 - - [06/Apr/2026:20:55:28 +0500] "GET /filemanger/delete_line.php?dir=%2Fhome%2Fsportsfever%2Fpublic_html%2Fclone%2Fwp-content%2Fplugins%2Fsitepress-multilingual-cms%2Flib%2Ftwig%2Fsrc%2FExtension&line=1151&name=CoreExtension.php HTTP/1.1" 508 288 "http://mail.sportsfever360.com/filemanger/edit_text_line.php?dir=%2Fhome%2Fsportsfever%2Fpublic_html%2Fclone%2Fwp-content%2Fplugins%2Fsitepress-multilingual-cms%2Flib%2Ftwig%2Fsrc%2FExtension&name=CoreExtension.php&page=3" "Mozilla/5.0 AppleWebKit/537.36 (KHTML, like Gecko; compatible; GPTBot/1.3; +https://openai.com/gptbot)"
83.99.206.171 - - [06/Apr/2026:20:55:21 +0500] "GET /goods.php?016009588.htm HTTP/1.1" 200 20489 "-" "Mozilla/5.0 (X11; Linux x86_64) AppleWebKit/537.36 (KHTML, like Gecko; GeedoShopProductFinder) Chrome/142.0.0.0 Safari/537.36"
83.99.206.205 - - [06/Apr/2026:20:55:41 +0500] "GET /goods.php?293015675.htm HTTP/1.1" 508 288 "-" "Mozilla/5.0 (X11; Linux x86_64) AppleWebKit/537.36 (KHTML, like Gecko; GeedoShopProductFinder) Chrome/142.0.0.0 Safari/537.36"
66.249.79.7 - - [06/Apr/2026:20:55:43 +0500] "GET /wp-blog-header.php/information/privacy_policy.html//?_g=1388345 HTTP/1.1" 508 288 "-" "Mozilla/5.0 (Linux; Android 6.0.1; Nexus 5X Build/MMB29P) AppleWebKit/537.36 (KHTML, like Gecko) Chrome/146.0.7680.177 Mobile Safari/537.36 (compatible; Googlebot/2.1; +http://www.google.com/bot.html)"
74.7.227.39 - - [06/Apr/2026:20:55:46 +0500] "GET /filemanger/delete_line.php?dir=%2Fhome%2Fsportsfever%2Fpublic_html%2Fclone%2Fwp-content%2Fplugins%2Fsitepress-multilingual-cms%2Flib%2Ftwig%2Fsrc%2FExtension&line=837&name=CoreExtension.php HTTP/1.1" 200 616 "http://mail.sportsfever360.com/filemanger/edit_text_line.php?dir=%2Fhome%2Fsportsfever%2Fpublic_html%2Fclone%2Fwp-content%2Fplugins%2Fsitepress-multilingual-cms%2Flib%2Ftwig%2Fsrc%2FExtension&name=CoreExtension.php&page=2" "Mozilla/5.0 AppleWebKit/537.36 (KHTML, like Gecko; compatible; GPTBot/1.3; +https://openai.com/gptbot)"
74.7.227.39 - - [06/Apr/2026:20:56:40 +0500] "GET /filemanger/delete_line.php?dir=%2Fhome%2Fsportsfever%2Fpublic_html%2Fclone%2Fwp-content%2Fplugins%2Fsitepress-multilingual-cms%2Flib%2Ftwig%2Fsrc%2FExtension&line=972&name=CoreExtension.php HTTP/1.1" 200 616 "http://mail.sportsfever360.com/filemanger/edit_text_line.php?dir=%2Fhome%2Fsportsfever%2Fpublic_html%2Fclone%2Fwp-content%2Fplugins%2Fsitepress-multilingual-cms%2Flib%2Ftwig%2Fsrc%2FExtension&name=CoreExtension.php&page=2" "Mozilla/5.0 AppleWebKit/537.36 (KHTML, like Gecko; compatible; GPTBot/1.3; +https://openai.com/gptbot)"
74.7.227.39 - - [06/Apr/2026:20:57:29 +0500] "GET /filemanger/delete_line.php?dir=%2Fhome%2Fsportsfever%2Fpublic_html%2Fclone%2Fwp-content%2Fplugins%2Fsitepress-multilingual-cms%2Flib%2Ftwig%2Fsrc%2FExtension&line=810&name=CoreExtension.php HTTP/1.1" 508 288 "http://mail.sportsfever360.com/filemanger/edit_text_line.php?dir=%2Fhome%2Fsportsfever%2Fpublic_html%2Fclone%2Fwp-content%2Fplugins%2Fsitepress-multilingual-cms%2Flib%2Ftwig%2Fsrc%2FExtension&name=CoreExtension.php&page=2" "Mozilla/5.0 AppleWebKit/537.36 (KHTML, like Gecko; compatible; GPTBot/1.3; +https://openai.com/gptbot)"
83.99.206.104 - - [06/Apr/2026:20:57:42 +0500] "GET /goods.php?131014387.htm HTTP/1.1" 508 288 "-" "Mozilla/5.0 (X11; Linux x86_64) AppleWebKit/537.36 (KHTML, like Gecko; GeedoShopProductFinder) Chrome/142.0.0.0 Safari/537.36"
74.7.227.39 - - [06/Apr/2026:20:58:11 +0500] "GET /filemanger/delete_line.php?dir=%2Fhome%2Fsportsfever%2Fpublic_html%2Fclone%2Fwp-content%2Fplugins%2Fsitepress-multilingual-cms%2Flib%2Ftwig%2Fsrc%2FExtension&line=861&name=CoreExtension.php HTTP/1.1" 508 288 "http://mail.sportsfever360.com/filemanger/edit_text_line.php?dir=%2Fhome%2Fsportsfever%2Fpublic_html%2Fclone%2Fwp-content%2Fplugins%2Fsitepress-multilingual-cms%2Flib%2Ftwig%2Fsrc%2FExtension&name=CoreExtension.php&page=2" "Mozilla/5.0 AppleWebKit/537.36 (KHTML, like Gecko; compatible; GPTBot/1.3; +https://openai.com/gptbot)"
66.249.79.6 - - [06/Apr/2026:20:58:20 +0500] "GET /wp-blog-header.php/information/privacy_policy.html//?_g=891872 HTTP/1.1" 508 288 "-" "Mozilla/5.0 (Linux; Android 6.0.1; Nexus 5X Build/MMB29P) AppleWebKit/537.36 (KHTML, like Gecko) Chrome/146.0.7680.177 Mobile Safari/537.36 (compatible; Googlebot/2.1; +http://www.google.com/bot.html)"
66.249.79.6 - - [06/Apr/2026:20:59:08 +0500] "GET /wp-signup.php/information/privacy_policy.html//?_g=1023115 HTTP/1.1" 508 288 "-" "Mozilla/5.0 (Linux; Android 6.0.1; Nexus 5X Build/MMB29P) AppleWebKit/537.36 (KHTML, like Gecko) Chrome/146.0.7680.177 Mobile Safari/537.36 (compatible; Googlebot/2.1; +http://www.google.com/bot.html)"
74.7.227.39 - - [06/Apr/2026:20:59:13 +0500] "GET /filemanger/delete_line.php?dir=%2Fhome%2Fsportsfever%2Fpublic_html%2Fclone%2Fwp-content%2Fplugins%2Fsitepress-multilingual-cms%2Flib%2Ftwig%2Fsrc%2FExtension&line=945&name=CoreExtension.php HTTP/1.1" 508 288 "http://mail.sportsfever360.com/filemanger/edit_text_line.php?dir=%2Fhome%2Fsportsfever%2Fpublic_html%2Fclone%2Fwp-content%2Fplugins%2Fsitepress-multilingual-cms%2Flib%2Ftwig%2Fsrc%2FExtension&name=CoreExtension.php&page=2" "Mozilla/5.0 AppleWebKit/537.36 (KHTML, like Gecko; compatible; GPTBot/1.3; +https://openai.com/gptbot)"
83.99.206.105 - - [06/Apr/2026:20:59:44 +0500] "GET /goods.php?257031139.htm HTTP/1.1" 508 288 "-" "Mozilla/5.0 (X11; Linux x86_64) AppleWebKit/537.36 (KHTML, like Gecko; GeedoShopProductFinder) Chrome/142.0.0.0 Safari/537.36"
212.98.194.20 - - [06/Apr/2026:21:00:03 +0500] "GET /mission-vission/ HTTP/1.1" 200 20 "-" "Mozilla/5.0 (Windows NT 10.0; Win64; x64) AppleWebKit/537.36 (KHTML, like Gecko) Chrome/133.0.6943.141 Safari/537.36"
74.7.227.39 - - [06/Apr/2026:21:00:14 +0500] "GET /filemanger/edit_line.php?dir=%2Fhome%2Fsportsfever%2Fpublic_html%2Fclone%2Fwp-content%2Fplugins%2Fsitepress-multilingual-cms%2Flib%2Ftwig%2Fsrc%2FExtension&line=1242&name=CoreExtension.php HTTP/1.1" 200 618 "http://mail.sportsfever360.com/filemanger/edit_text_line.php?dir=%2Fhome%2Fsportsfever%2Fpublic_html%2Fclone%2Fwp-content%2Fplugins%2Fsitepress-multilingual-cms%2Flib%2Ftwig%2Fsrc%2FExtension&name=CoreExtension.php&page=3" "Mozilla/5.0 AppleWebKit/537.36 (KHTML, like Gecko; compatible; GPTBot/1.3; +https://openai.com/gptbot)"
83.99.206.105 - - [06/Apr/2026:21:00:37 +0500] "GET /goods.php?257031139.htm HTTP/1.1" 508 288 "-" "Mozilla/5.0 (X11; Linux x86_64) AppleWebKit/537.36 (KHTML, like Gecko; GeedoShopProductFinder) Chrome/142.0.0.0 Safari/537.36"
83.99.206.231 - - [06/Apr/2026:21:00:41 +0500] "GET /goods.php?jp/238034419.html HTTP/1.1" 508 288 "-" "Mozilla/5.0 (X11; Linux x86_64) AppleWebKit/537.36 (KHTML, like Gecko; GeedoShopProductFinder) Chrome/142.0.0.0 Safari/537.36"
136.243.219.57 - - [06/Apr/2026:21:00:50 +0500] "POST /wp-cron.php?doing_wp_cron=1775491250.3728890419006347656250 HTTP/1.1" 508 288 "-" "WordPress/6.6.5; https://sportsfever360.com"
66.249.79.8 - - [06/Apr/2026:21:00:33 +0500] "GET /wp-blog-header.php/information/privacy_policy.html//?_g=1392523 HTTP/1.1" 404 143 "-" "Mozilla/5.0 (Linux; Android 6.0.1; Nexus 5X Build/MMB29P) AppleWebKit/537.36 (KHTML, like Gecko) Chrome/146.0.7680.177 Mobile Safari/537.36 (compatible; Googlebot/2.1; +http://www.google.com/bot.html)"
74.7.227.39 - - [06/Apr/2026:21:01:15 +0500] "GET /filemanger/delete_line.php?dir=%2Fhome%2Fsportsfever%2Fpublic_html%2Fclone%2Fwp-content%2Fplugins%2Fsitepress-multilingual-cms%2Flib%2Ftwig%2Fsrc%2FExtension&line=779&name=CoreExtension.php HTTP/1.1" 508 288 "http://mail.sportsfever360.com/filemanger/edit_text_line.php?dir=%2Fhome%2Fsportsfever%2Fpublic_html%2Fclone%2Fwp-content%2Fplugins%2Fsitepress-multilingual-cms%2Flib%2Ftwig%2Fsrc%2FExtension&name=CoreExtension.php&page=2" "Mozilla/5.0 AppleWebKit/537.36 (KHTML, like Gecko; compatible; GPTBot/1.3; +https://openai.com/gptbot)"
83.99.206.180 - - [06/Apr/2026:21:01:25 +0500] "GET /goods.php?threaten_m058038957.shtm HTTP/1.1" 508 288 "-" "Mozilla/5.0 (X11; Linux x86_64) AppleWebKit/537.36 (KHTML, like Gecko; GeedoShopProductFinder) Chrome/142.0.0.0 Safari/537.36"
66.249.79.8 - - [06/Apr/2026:21:01:29 +0500] "GET /wp-activate.php/jukyuban//?_g=478190 HTTP/1.1" 508 288 "-" "Mozilla/5.0 (Linux; Android 6.0.1; Nexus 5X Build/MMB29P) AppleWebKit/537.36 (KHTML, like Gecko) Chrome/146.0.7680.177 Mobile Safari/537.36 (compatible; Googlebot/2.1; +http://www.google.com/bot.html)"
83.99.206.105 - - [06/Apr/2026:21:01:29 +0500] "GET /goods.php?12313301 HTTP/1.1" 200 21790 "-" "Mozilla/5.0 (X11; Linux x86_64) AppleWebKit/537.36 (KHTML, like Gecko; GeedoShopProductFinder) Chrome/142.0.0.0 Safari/537.36"
83.99.206.202 - - [06/Apr/2026:21:01:42 +0500] "GET /goods.php?189006979.htm HTTP/1.1" 200 20646 "-" "Mozilla/5.0 (X11; Linux x86_64) AppleWebKit/537.36 (KHTML, like Gecko; GeedoShopProductFinder) Chrome/142.0.0.0 Safari/537.36"
66.249.79.7 - - [06/Apr/2026:21:01:49 +0500] "GET /wp-cache.php/contents/reform//?_g=536740 HTTP/1.1" 404 143 "-" "Mozilla/5.0 (Linux; Android 6.0.1; Nexus 5X Build/MMB29P) AppleWebKit/537.36 (KHTML, like Gecko) Chrome/146.0.7680.177 Mobile Safari/537.36 (compatible; Googlebot/2.1; +http://www.google.com/bot.html)"
136.243.219.57 - - [06/Apr/2026:21:01:54 +0500] "POST /wp-cron.php?doing_wp_cron=1775491314.4137370586395263671875 HTTP/1.1" 200 20 "-" "WordPress/6.6.5; https://sportsfever360.com"
83.99.206.105 - - [06/Apr/2026:21:01:57 +0500] "GET /goods.php?contractor_v080002719.shtm HTTP/1.1" 200 20712 "-" "Mozilla/5.0 (X11; Linux x86_64) AppleWebKit/537.36 (KHTML, like Gecko; GeedoShopProductFinder) Chrome/142.0.0.0 Safari/537.36"
66.249.79.6 - - [06/Apr/2026:21:02:10 +0500] "GET /wp-signup.php/information/privacy_policy.html//?_g=1362748 HTTP/1.1" 302 143 "-" "Mozilla/5.0 (Linux; Android 6.0.1; Nexus 5X Build/MMB29P) AppleWebKit/537.36 (KHTML, like Gecko) Chrome/146.0.7680.177 Mobile Safari/537.36 (compatible; Googlebot/2.1; +http://www.google.com/bot.html)"
74.7.227.39 - - [06/Apr/2026:21:02:11 +0500] "GET /filemanger/delete_line.php?dir=%2Fhome%2Fsportsfever%2Fpublic_html%2Fclone%2Fwp-content%2Fplugins%2Fsitepress-multilingual-cms%2Flib%2Ftwig%2Fsrc%2FExtension&line=678&name=CoreExtension.php HTTP/1.1" 200 616 "http://mail.sportsfever360.com/filemanger/edit_text_line.php?dir=%2Fhome%2Fsportsfever%2Fpublic_html%2Fclone%2Fwp-content%2Fplugins%2Fsitepress-multilingual-cms%2Flib%2Ftwig%2Fsrc%2FExtension&name=CoreExtension.php&page=2" "Mozilla/5.0 AppleWebKit/537.36 (KHTML, like Gecko; compatible; GPTBot/1.3; +https://openai.com/gptbot)"
136.243.219.57 - - [06/Apr/2026:21:02:23 +0500] "POST /wp-cron.php?doing_wp_cron=1775491343.2264890670776367187500 HTTP/1.1" 200 20 "-" "WordPress/6.6.5; https://sportsfever360.com"
83.99.206.227 - - [06/Apr/2026:21:02:25 +0500] "GET /goods.php?288045282.htm HTTP/1.1" 200 21125 "-" "Mozilla/5.0 (X11; Linux x86_64) AppleWebKit/537.36 (KHTML, like Gecko; GeedoShopProductFinder) Chrome/142.0.0.0 Safari/537.36"
83.99.206.17 - - [06/Apr/2026:21:02:44 +0500] "GET /goods.php?1081208050 HTTP/1.1" 200 22066 "-" "Mozilla/5.0 (X11; Linux x86_64) AppleWebKit/537.36 (KHTML, like Gecko; GeedoShopProductFinder) Chrome/142.0.0.0 Safari/537.36"
83.99.206.227 - - [06/Apr/2026:21:03:04 +0500] "GET /goods.php?plaintiff_t139044774.shtm HTTP/1.1" 508 288 "-" "Mozilla/5.0 (X11; Linux x86_64) AppleWebKit/537.36 (KHTML, like Gecko; GeedoShopProductFinder) Chrome/142.0.0.0 Safari/537.36"
83.99.206.227 - - [06/Apr/2026:21:03:24 +0500] "GET /goods.php?execute_a024009301.shtm HTTP/1.1" 508 288 "-" "Mozilla/5.0 (X11; Linux x86_64) AppleWebKit/537.36 (KHTML, like Gecko; GeedoShopProductFinder) Chrome/142.0.0.0 Safari/537.36"
74.7.227.39 - - [06/Apr/2026:21:03:15 +0500] "GET /filemanger/delete_line.php?dir=%2Fhome%2Fsportsfever%2Fpublic_html%2Fclone%2Fwp-content%2Fplugins%2Fsitepress-multilingual-cms%2Flib%2Ftwig%2Fsrc%2FExtension&line=1206&name=CoreExtension.php HTTP/1.1" 200 616 "http://mail.sportsfever360.com/filemanger/edit_text_line.php?dir=%2Fhome%2Fsportsfever%2Fpublic_html%2Fclone%2Fwp-content%2Fplugins%2Fsitepress-multilingual-cms%2Flib%2Ftwig%2Fsrc%2FExtension&name=CoreExtension.php&page=3" "Mozilla/5.0 AppleWebKit/537.36 (KHTML, like Gecko; compatible; GPTBot/1.3; +https://openai.com/gptbot)"
83.99.206.227 - - [06/Apr/2026:21:03:26 +0500] "GET /goods.php?execute_a024009301.shtm HTTP/1.1" 200 20770 "-" "Mozilla/5.0 (X11; Linux x86_64) AppleWebKit/537.36 (KHTML, like Gecko; GeedoShopProductFinder) Chrome/142.0.0.0 Safari/537.36"
83.99.206.252 - - [06/Apr/2026:21:03:44 +0500] "GET /goods.php?008042890.htm HTTP/1.1" 200 20536 "-" "Mozilla/5.0 (X11; Linux x86_64) AppleWebKit/537.36 (KHTML, like Gecko; GeedoShopProductFinder) Chrome/142.0.0.0 Safari/537.36"
136.243.219.57 - - [06/Apr/2026:21:03:46 +0500] "POST /wp-cron.php?doing_wp_cron=1775491426.1098508834838867187500 HTTP/1.1" 200 20 "-" "WordPress/6.6.5; https://sportsfever360.com"
66.249.79.8 - - [06/Apr/2026:21:03:45 +0500] "GET /wp-activate.php/jukyuban//?_g=685511 HTTP/1.1" 302 20 "-" "Mozilla/5.0 (Linux; Android 6.0.1; Nexus 5X Build/MMB29P) AppleWebKit/537.36 (KHTML, like Gecko) Chrome/146.0.7680.177 Mobile Safari/537.36 (compatible; Googlebot/2.1; +http://www.google.com/bot.html)"
136.243.219.57 - - [06/Apr/2026:21:03:47 +0500] "POST /wp-cron.php?doing_wp_cron=1775491427.9072980880737304687500 HTTP/1.1" 200 20 "-" "WordPress/6.6.5; https://sportsfever360.com"
66.249.79.7 - - [06/Apr/2026:21:03:47 +0500] "GET /wp-blog-header.php/information/privacy_policy.html//?_g=519030 HTTP/1.1" 404 143 "-" "Mozilla/5.0 (Linux; Android 6.0.1; Nexus 5X Build/MMB29P) AppleWebKit/537.36 (KHTML, like Gecko) Chrome/146.0.7680.177 Mobile Safari/537.36 (compatible; Googlebot/2.1; +http://www.google.com/bot.html)"
83.99.206.227 - - [06/Apr/2026:21:04:04 +0500] "GET /goods.php?161000417.htm HTTP/1.1" 200 21218 "-" "Mozilla/5.0 (X11; Linux x86_64) AppleWebKit/537.36 (KHTML, like Gecko; GeedoShopProductFinder) Chrome/142.0.0.0 Safari/537.36"
74.7.227.39 - - [06/Apr/2026:21:04:13 +0500] "GET /filemanger/delete_line.php?dir=%2Fhome%2Fsportsfever%2Fpublic_html%2Fclone%2Fwp-content%2Fplugins%2Fsitepress-multilingual-cms%2Flib%2Ftwig%2Fsrc%2FExtension&line=1382&name=CoreExtension.php HTTP/1.1" 200 616 "http://mail.sportsfever360.com/filemanger/edit_text_line.php?dir=%2Fhome%2Fsportsfever%2Fpublic_html%2Fclone%2Fwp-content%2Fplugins%2Fsitepress-multilingual-cms%2Flib%2Ftwig%2Fsrc%2FExtension&name=CoreExtension.php&page=3" "Mozilla/5.0 AppleWebKit/537.36 (KHTML, like Gecko; compatible; GPTBot/1.3; +https://openai.com/gptbot)"
83.99.206.160 - - [06/Apr/2026:21:04:32 +0500] "GET /goods.php?goods/199009001 HTTP/1.1" 200 21186 "-" "Mozilla/5.0 (X11; Linux x86_64) AppleWebKit/537.36 (KHTML, like Gecko; GeedoShopProductFinder) Chrome/142.0.0.0 Safari/537.36"
83.99.206.160 - - [06/Apr/2026:21:04:52 +0500] "GET /goods.php?164009740.htm HTTP/1.1" 200 21412 "-" "Mozilla/5.0 (X11; Linux x86_64) AppleWebKit/537.36 (KHTML, like Gecko; GeedoShopProductFinder) Chrome/142.0.0.0 Safari/537.36"
74.7.227.39 - - [06/Apr/2026:21:05:06 +0500] "GET /filemanger/delete_line.php?dir=%2Fhome%2Fsportsfever%2Fpublic_html%2Fclone%2Fwp-content%2Fplugins%2Fsitepress-multilingual-cms%2Flib%2Ftwig%2Fsrc%2FExtension&line=985&name=CoreExtension.php HTTP/1.1" 200 616 "http://mail.sportsfever360.com/filemanger/edit_text_line.php?dir=%2Fhome%2Fsportsfever%2Fpublic_html%2Fclone%2Fwp-content%2Fplugins%2Fsitepress-multilingual-cms%2Flib%2Ftwig%2Fsrc%2FExtension&name=CoreExtension.php&page=2" "Mozilla/5.0 AppleWebKit/537.36 (KHTML, like Gecko; compatible; GPTBot/1.3; +https://openai.com/gptbot)"
83.99.206.160 - - [06/Apr/2026:21:05:12 +0500] "GET /goods.php?flour_l195032458.shtm HTTP/1.1" 200 22017 "-" "Mozilla/5.0 (X11; Linux x86_64) AppleWebKit/537.36 (KHTML, like Gecko; GeedoShopProductFinder) Chrome/142.0.0.0 Safari/537.36"
136.243.219.57 - - [06/Apr/2026:21:05:24 +0500] "POST /wp-cron.php?doing_wp_cron=1775491524.6373610496520996093750 HTTP/1.1" 200 20 "-" "WordPress/6.6.5; https://sportsfever360.com"
66.249.79.8 - - [06/Apr/2026:21:05:24 +0500] "GET /wp-signup.php/information/privacy_policy.html//?_g=1513204 HTTP/1.1" 302 143 "-" "Mozilla/5.0 (Linux; Android 6.0.1; Nexus 5X Build/MMB29P) AppleWebKit/537.36 (KHTML, like Gecko) Chrome/146.0.7680.177 Mobile Safari/537.36 (compatible; Googlebot/2.1; +http://www.google.com/bot.html)"
83.99.206.160 - - [06/Apr/2026:21:05:32 +0500] "GET /goods.php?detail/279010937651 HTTP/1.1" 200 21340 "-" "Mozilla/5.0 (X11; Linux x86_64) AppleWebKit/537.36 (KHTML, like Gecko; GeedoShopProductFinder) Chrome/142.0.0.0 Safari/537.36"
74.7.227.39 - - [06/Apr/2026:21:05:50 +0500] "GET /filemanger/delete_line.php?dir=%2Fhome%2Fsportsfever%2Fpublic_html%2Fclone%2Fwp-content%2Fplugins%2Fsitepress-multilingual-cms%2Flib%2Ftwig%2Fsrc%2FExtension&line=575&name=CoreExtension.php HTTP/1.1" 200 616 "http://mail.sportsfever360.com/filemanger/edit_text_line.php?dir=%2Fhome%2Fsportsfever%2Fpublic_html%2Fclone%2Fwp-content%2Fplugins%2Fsitepress-multilingual-cms%2Flib%2Ftwig%2Fsrc%2FExtension&name=CoreExtension.php&page=2" "Mozilla/5.0 AppleWebKit/537.36 (KHTML, like Gecko; compatible; GPTBot/1.3; +https://openai.com/gptbot)"
83.99.206.160 - - [06/Apr/2026:21:05:52 +0500] "GET /goods.php?175003701.htm HTTP/1.1" 200 21757 "-" "Mozilla/5.0 (X11; Linux x86_64) AppleWebKit/537.36 (KHTML, like Gecko; GeedoShopProductFinder) Chrome/142.0.0.0 Safari/537.36"
83.99.206.160 - - [06/Apr/2026:21:06:11 +0500] "GET /goods.php?sheet_f184035347.shtm HTTP/1.1" 200 22135 "-" "Mozilla/5.0 (X11; Linux x86_64) AppleWebKit/537.36 (KHTML, like Gecko; GeedoShopProductFinder) Chrome/142.0.0.0 Safari/537.36"
83.99.206.25 - - [06/Apr/2026:21:06:22 +0500] "GET /goods.php?offender_a241041436.shtm HTTP/1.1" 200 21355 "-" "Mozilla/5.0 (X11; Linux x86_64) AppleWebKit/537.36 (KHTML, like Gecko; GeedoShopProductFinder) Chrome/142.0.0.0 Safari/537.36"
74.7.227.39 - - [06/Apr/2026:21:06:30 +0500] "GET /filemanger/delete_line.php?dir=%2Fhome%2Fsportsfever%2Fpublic_html%2Fclone%2Fwp-content%2Fplugins%2Fsitepress-multilingual-cms%2Flib%2Ftwig%2Fsrc%2FExtension&line=1125&name=CoreExtension.php HTTP/1.1" 200 616 "http://mail.sportsfever360.com/filemanger/edit_text_line.php?dir=%2Fhome%2Fsportsfever%2Fpublic_html%2Fclone%2Fwp-content%2Fplugins%2Fsitepress-multilingual-cms%2Flib%2Ftwig%2Fsrc%2FExtension&name=CoreExtension.php&page=3" "Mozilla/5.0 AppleWebKit/537.36 (KHTML, like Gecko; compatible; GPTBot/1.3; +https://openai.com/gptbot)"
83.99.206.230 - - [06/Apr/2026:21:06:40 +0500] "GET /goods.php?goods/128004326 HTTP/1.1" 200 21140 "-" "Mozilla/5.0 (X11; Linux x86_64) AppleWebKit/537.36 (KHTML, like Gecko; GeedoShopProductFinder) Chrome/142.0.0.0 Safari/537.36"
83.99.206.230 - - [06/Apr/2026:21:07:00 +0500] "GET /goods.php?detail/144028298922 HTTP/1.1" 200 21395 "-" "Mozilla/5.0 (X11; Linux x86_64) AppleWebKit/537.36 (KHTML, like Gecko; GeedoShopProductFinder) Chrome/142.0.0.0 Safari/537.36"
136.243.219.57 - - [06/Apr/2026:21:07:01 +0500] "POST /wp-cron.php?doing_wp_cron=1775491621.3998630046844482421875 HTTP/1.1" 200 20 "-" "WordPress/6.6.5; https://sportsfever360.com"
66.249.79.7 - - [06/Apr/2026:21:07:01 +0500] "GET /wp-cache.php/contents/reform//?_g=135151 HTTP/1.1" 404 143 "-" "Mozilla/5.0 (Linux; Android 6.0.1; Nexus 5X Build/MMB29P) AppleWebKit/537.36 (KHTML, like Gecko) Chrome/146.0.7680.177 Mobile Safari/537.36 (compatible; Googlebot/2.1; +http://www.google.com/bot.html)"
74.7.227.39 - - [06/Apr/2026:21:07:06 +0500] "GET /filemanger/delete_line.php?dir=%2Fhome%2Fsportsfever%2Fpublic_html%2Fclone%2Fwp-content%2Fplugins%2Fsitepress-multilingual-cms%2Flib%2Ftwig%2Fsrc%2FExtension&line=1255&name=CoreExtension.php HTTP/1.1" 200 616 "http://mail.sportsfever360.com/filemanger/edit_text_line.php?dir=%2Fhome%2Fsportsfever%2Fpublic_html%2Fclone%2Fwp-content%2Fplugins%2Fsitepress-multilingual-cms%2Flib%2Ftwig%2Fsrc%2FExtension&name=CoreExtension.php&page=3" "Mozilla/5.0 AppleWebKit/537.36 (KHTML, like Gecko; compatible; GPTBot/1.3; +https://openai.com/gptbot)"
83.99.206.230 - - [06/Apr/2026:21:07:20 +0500] "GET /goods.php?jp/284047376.html HTTP/1.1" 200 20608 "-" "Mozilla/5.0 (X11; Linux x86_64) AppleWebKit/537.36 (KHTML, like Gecko; GeedoShopProductFinder) Chrome/142.0.0.0 Safari/537.36"
74.7.227.39 - - [06/Apr/2026:21:07:39 +0500] "GET /filemanger/delete_line.php?dir=%2Fhome%2Fsportsfever%2Fpublic_html%2Fclone%2Fwp-content%2Fplugins%2Fsitepress-multilingual-cms%2Flib%2Ftwig%2Fsrc%2FExtension&line=900&name=CoreExtension.php HTTP/1.1" 200 616 "http://mail.sportsfever360.com/filemanger/edit_text_line.php?dir=%2Fhome%2Fsportsfever%2Fpublic_html%2Fclone%2Fwp-content%2Fplugins%2Fsitepress-multilingual-cms%2Flib%2Ftwig%2Fsrc%2FExtension&name=CoreExtension.php&page=2" "Mozilla/5.0 AppleWebKit/537.36 (KHTML, like Gecko; compatible; GPTBot/1.3; +https://openai.com/gptbot)"
83.99.206.230 - - [06/Apr/2026:21:07:40 +0500] "GET /goods.php?goods/021032145 HTTP/1.1" 200 22558 "-" "Mozilla/5.0 (X11; Linux x86_64) AppleWebKit/537.36 (KHTML, like Gecko; GeedoShopProductFinder) Chrome/142.0.0.0 Safari/537.36"
83.99.206.141 - - [06/Apr/2026:21:07:52 +0500] "GET /goods.php?131014387.htm HTTP/1.1" 200 21405 "-" "Mozilla/5.0 (X11; Linux x86_64) AppleWebKit/537.36 (KHTML, like Gecko; GeedoShopProductFinder) Chrome/142.0.0.0 Safari/537.36"
83.99.206.116 - - [06/Apr/2026:21:08:01 +0500] "GET /goods.php?128007752.htm HTTP/1.1" 200 20767 "-" "Mozilla/5.0 (X11; Linux x86_64) AppleWebKit/537.36 (KHTML, like Gecko; GeedoShopProductFinder) Chrome/142.0.0.0 Safari/537.36"
74.7.227.39 - - [06/Apr/2026:21:08:08 +0500] "GET /filemanger/delete_line.php?dir=%2Fhome%2Fsportsfever%2Fpublic_html%2Fclone%2Fwp-content%2Fplugins%2Fsitepress-multilingual-cms%2Flib%2Ftwig%2Fsrc%2FExtension&line=953&name=CoreExtension.php HTTP/1.1" 200 616 "http://mail.sportsfever360.com/filemanger/edit_text_line.php?dir=%2Fhome%2Fsportsfever%2Fpublic_html%2Fclone%2Fwp-content%2Fplugins%2Fsitepress-multilingual-cms%2Flib%2Ftwig%2Fsrc%2FExtension&name=CoreExtension.php&page=2" "Mozilla/5.0 AppleWebKit/537.36 (KHTML, like Gecko; compatible; GPTBot/1.3; +https://openai.com/gptbot)"
83.99.206.23 - - [06/Apr/2026:21:08:20 +0500] "GET /goods.php?089000133.htm HTTP/1.1" 200 21025 "-" "Mozilla/5.0 (X11; Linux x86_64) AppleWebKit/537.36 (KHTML, like Gecko; GeedoShopProductFinder) Chrome/142.0.0.0 Safari/537.36"
74.7.227.39 - - [06/Apr/2026:21:08:35 +0500] "GET /filemanger/delete_line.php?dir=%2Fhome%2Fsportsfever%2Fpublic_html%2Fclone%2Fwp-content%2Fplugins%2Fsitepress-multilingual-cms%2Flib%2Ftwig%2Fsrc%2FExtension&line=1229&name=CoreExtension.php HTTP/1.1" 200 616 "http://mail.sportsfever360.com/filemanger/edit_text_line.php?dir=%2Fhome%2Fsportsfever%2Fpublic_html%2Fclone%2Fwp-content%2Fplugins%2Fsitepress-multilingual-cms%2Flib%2Ftwig%2Fsrc%2FExtension&name=CoreExtension.php&page=3" "Mozilla/5.0 AppleWebKit/537.36 (KHTML, like Gecko; compatible; GPTBot/1.3; +https://openai.com/gptbot)"
136.243.219.57 - - [06/Apr/2026:21:08:38 +0500] "POST /wp-cron.php?doing_wp_cron=1775491718.2735989093780517578125 HTTP/1.1" 200 20 "-" "WordPress/6.6.5; https://sportsfever360.com"
66.249.79.8 - - [06/Apr/2026:21:08:37 +0500] "GET /wp-cache.php/contents/reform//?_g=531680 HTTP/1.1" 404 143 "-" "Mozilla/5.0 (Linux; Android 6.0.1; Nexus 5X Build/MMB29P) AppleWebKit/537.36 (KHTML, like Gecko) Chrome/146.0.7680.177 Mobile Safari/537.36 (compatible; Googlebot/2.1; +http://www.google.com/bot.html)"
83.99.206.95 - - [06/Apr/2026:21:08:41 +0500] "GET /goods.php?monitor_w296025365.shtm HTTP/1.1" 200 20670 "-" "Mozilla/5.0 (X11; Linux x86_64) AppleWebKit/537.36 (KHTML, like Gecko; GeedoShopProductFinder) Chrome/142.0.0.0 Safari/537.36"
74.7.227.39 - - [06/Apr/2026:21:09:00 +0500] "GET /filemanger/delete_line.php?dir=%2Fhome%2Fsportsfever%2Fpublic_html%2Fclone%2Fwp-content%2Fplugins%2Fsitepress-multilingual-cms%2Flib%2Ftwig%2Fsrc%2FExtension&line=1262&name=CoreExtension.php HTTP/1.1" 200 616 "http://mail.sportsfever360.com/filemanger/edit_text_line.php?dir=%2Fhome%2Fsportsfever%2Fpublic_html%2Fclone%2Fwp-content%2Fplugins%2Fsitepress-multilingual-cms%2Flib%2Ftwig%2Fsrc%2FExtension&name=CoreExtension.php&page=3" "Mozilla/5.0 AppleWebKit/537.36 (KHTML, like Gecko; compatible; GPTBot/1.3; +https://openai.com/gptbot)"
83.99.206.95 - - [06/Apr/2026:21:09:01 +0500] "GET /goods.php?goods/202036262 HTTP/1.1" 200 20702 "-" "Mozilla/5.0 (X11; Linux x86_64) AppleWebKit/537.36 (KHTML, like Gecko; GeedoShopProductFinder) Chrome/142.0.0.0 Safari/537.36"
83.99.206.76 - - [06/Apr/2026:21:09:21 +0500] "GET /goods.php?goods/192014385 HTTP/1.1" 200 20471 "-" "Mozilla/5.0 (X11; Linux x86_64) AppleWebKit/537.36 (KHTML, like Gecko; GeedoShopProductFinder) Chrome/142.0.0.0 Safari/537.36"
74.7.227.39 - - [06/Apr/2026:21:09:23 +0500] "GET /filemanger/delete_line.php?dir=%2Fhome%2Fsportsfever%2Fpublic_html%2Fclone%2Fwp-content%2Fplugins%2Fsitepress-multilingual-cms%2Flib%2Ftwig%2Fsrc%2FExtension&line=611&name=CoreExtension.php HTTP/1.1" 200 616 "http://mail.sportsfever360.com/filemanger/edit_text_line.php?dir=%2Fhome%2Fsportsfever%2Fpublic_html%2Fclone%2Fwp-content%2Fplugins%2Fsitepress-multilingual-cms%2Flib%2Ftwig%2Fsrc%2FExtension&name=CoreExtension.php&page=2" "Mozilla/5.0 AppleWebKit/537.36 (KHTML, like Gecko; compatible; GPTBot/1.3; +https://openai.com/gptbot)"
83.99.206.95 - - [06/Apr/2026:21:09:41 +0500] "GET /goods.php?172014132.htm HTTP/1.1" 200 21815 "-" "Mozilla/5.0 (X11; Linux x86_64) AppleWebKit/537.36 (KHTML, like Gecko; GeedoShopProductFinder) Chrome/142.0.0.0 Safari/537.36"
74.7.227.39 - - [06/Apr/2026:21:09:43 +0500] "GET /filemanger/delete_line.php?dir=%2Fhome%2Fsportsfever%2Fpublic_html%2Fclone%2Fwp-content%2Fplugins%2Fsitepress-multilingual-cms%2Flib%2Ftwig%2Fsrc%2FExtension&line=626&name=CoreExtension.php HTTP/1.1" 200 616 "http://mail.sportsfever360.com/filemanger/edit_text_line.php?dir=%2Fhome%2Fsportsfever%2Fpublic_html%2Fclone%2Fwp-content%2Fplugins%2Fsitepress-multilingual-cms%2Flib%2Ftwig%2Fsrc%2FExtension&name=CoreExtension.php&page=2" "Mozilla/5.0 AppleWebKit/537.36 (KHTML, like Gecko; compatible; GPTBot/1.3; +https://openai.com/gptbot)"
83.99.206.95 - - [06/Apr/2026:21:10:01 +0500] "GET /goods.php?271027313.htm HTTP/1.1" 200 21143 "-" "Mozilla/5.0 (X11; Linux x86_64) AppleWebKit/537.36 (KHTML, like Gecko; GeedoShopProductFinder) Chrome/142.0.0.0 Safari/537.36"
74.7.227.39 - - [06/Apr/2026:21:10:02 +0500] "GET /filemanger/delete_line.php?dir=%2Fhome%2Fsportsfever%2Fpublic_html%2Fclone%2Fwp-content%2Fplugins%2Fsitepress-multilingual-cms%2Flib%2Ftwig%2Fsrc%2FExtension&line=580&name=CoreExtension.php HTTP/1.1" 200 616 "http://mail.sportsfever360.com/filemanger/edit_text_line.php?dir=%2Fhome%2Fsportsfever%2Fpublic_html%2Fclone%2Fwp-content%2Fplugins%2Fsitepress-multilingual-cms%2Flib%2Ftwig%2Fsrc%2FExtension&name=CoreExtension.php&page=2" "Mozilla/5.0 AppleWebKit/537.36 (KHTML, like Gecko; compatible; GPTBot/1.3; +https://openai.com/gptbot)"
136.243.219.57 - - [06/Apr/2026:21:10:15 +0500] "POST /wp-cron.php?doing_wp_cron=1775491815.2317020893096923828125 HTTP/1.1" 200 20 "-" "WordPress/6.6.5; https://sportsfever360.com"
66.249.79.6 - - [06/Apr/2026:21:10:14 +0500] "GET /wp-cache.php/contents/reform//?_g=1265793 HTTP/1.1" 404 143 "-" "Mozilla/5.0 (Linux; Android 6.0.1; Nexus 5X Build/MMB29P) AppleWebKit/537.36 (KHTML, like Gecko) Chrome/146.0.7680.177 Mobile Safari/537.36 (compatible; Googlebot/2.1; +http://www.google.com/bot.html)"
74.7.227.39 - - [06/Apr/2026:21:10:17 +0500] "GET /filemanger/delete_line.php?dir=%2Fhome%2Fsportsfever%2Fpublic_html%2Fclone%2Fwp-content%2Fplugins%2Fsitepress-multilingual-cms%2Flib%2Ftwig%2Fsrc%2FExtension&line=949&name=CoreExtension.php HTTP/1.1" 200 616 "http://mail.sportsfever360.com/filemanger/edit_text_line.php?dir=%2Fhome%2Fsportsfever%2Fpublic_html%2Fclone%2Fwp-content%2Fplugins%2Fsitepress-multilingual-cms%2Flib%2Ftwig%2Fsrc%2FExtension&name=CoreExtension.php&page=2" "Mozilla/5.0 AppleWebKit/537.36 (KHTML, like Gecko; compatible; GPTBot/1.3; +https://openai.com/gptbot)"
83.99.206.104 - - [06/Apr/2026:21:10:21 +0500] "GET /goods.php?215013627.htm HTTP/1.1" 200 21333 "-" "Mozilla/5.0 (X11; Linux x86_64) AppleWebKit/537.36 (KHTML, like Gecko; GeedoShopProductFinder) Chrome/142.0.0.0 Safari/537.36"
74.7.227.39 - - [06/Apr/2026:21:10:31 +0500] "GET /filemanger/edit_line.php?dir=%2Fhome%2Fsportsfever%2Fpublic_html%2Fclone%2Fwp-content%2Fplugins%2Fsitepress-multilingual-cms%2Flib%2Ftwig%2Fsrc%2FExtension&line=1251&name=CoreExtension.php HTTP/1.1" 200 618 "http://mail.sportsfever360.com/filemanger/edit_text_line.php?dir=%2Fhome%2Fsportsfever%2Fpublic_html%2Fclone%2Fwp-content%2Fplugins%2Fsitepress-multilingual-cms%2Flib%2Ftwig%2Fsrc%2FExtension&name=CoreExtension.php&page=3" "Mozilla/5.0 AppleWebKit/537.36 (KHTML, like Gecko; compatible; GPTBot/1.3; +https://openai.com/gptbot)"
83.99.206.246 - - [06/Apr/2026:21:10:41 +0500] "GET /goods.php?1167463257 HTTP/1.1" 200 20299 "-" "Mozilla/5.0 (X11; Linux x86_64) AppleWebKit/537.36 (KHTML, like Gecko; GeedoShopProductFinder) Chrome/142.0.0.0 Safari/537.36"
74.7.227.39 - - [06/Apr/2026:21:10:44 +0500] "GET /filemanger/delete_line.php?dir=%2Fhome%2Fsportsfever%2Fpublic_html%2Fclone%2Fwp-content%2Fplugins%2Fsitepress-multilingual-cms%2Flib%2Ftwig%2Fsrc%2FExtension&line=738&name=CoreExtension.php HTTP/1.1" 200 616 "http://mail.sportsfever360.com/filemanger/edit_text_line.php?dir=%2Fhome%2Fsportsfever%2Fpublic_html%2Fclone%2Fwp-content%2Fplugins%2Fsitepress-multilingual-cms%2Flib%2Ftwig%2Fsrc%2FExtension&name=CoreExtension.php&page=2" "Mozilla/5.0 AppleWebKit/537.36 (KHTML, like Gecko; compatible; GPTBot/1.3; +https://openai.com/gptbot)"
74.7.227.39 - - [06/Apr/2026:21:10:55 +0500] "GET /filemanger/delete_line.php?dir=%2Fhome%2Fsportsfever%2Fpublic_html%2Fclone%2Fwp-content%2Fplugins%2Fsitepress-multilingual-cms%2Flib%2Ftwig%2Fsrc%2FExtension&line=1188&name=CoreExtension.php HTTP/1.1" 200 616 "http://mail.sportsfever360.com/filemanger/edit_text_line.php?dir=%2Fhome%2Fsportsfever%2Fpublic_html%2Fclone%2Fwp-content%2Fplugins%2Fsitepress-multilingual-cms%2Flib%2Ftwig%2Fsrc%2FExtension&name=CoreExtension.php&page=3" "Mozilla/5.0 AppleWebKit/537.36 (KHTML, like Gecko; compatible; GPTBot/1.3; +https://openai.com/gptbot)"
83.99.206.183 - - [06/Apr/2026:21:11:01 +0500] "GET /goods.php?detail/147043518248 HTTP/1.1" 200 21400 "-" "Mozilla/5.0 (X11; Linux x86_64) AppleWebKit/537.36 (KHTML, like Gecko; GeedoShopProductFinder) Chrome/142.0.0.0 Safari/537.36"
74.7.227.39 - - [06/Apr/2026:21:11:06 +0500] "GET /filemanger/delete_line.php?dir=%2Fhome%2Fsportsfever%2Fpublic_html%2Fclone%2Fwp-content%2Fplugins%2Fsitepress-multilingual-cms%2Flib%2Ftwig%2Fsrc%2FExtension&line=829&name=CoreExtension.php HTTP/1.1" 200 616 "http://mail.sportsfever360.com/filemanger/edit_text_line.php?dir=%2Fhome%2Fsportsfever%2Fpublic_html%2Fclone%2Fwp-content%2Fplugins%2Fsitepress-multilingual-cms%2Flib%2Ftwig%2Fsrc%2FExtension&name=CoreExtension.php&page=2" "Mozilla/5.0 AppleWebKit/537.36 (KHTML, like Gecko; compatible; GPTBot/1.3; +https://openai.com/gptbot)"
74.7.227.39 - - [06/Apr/2026:21:11:16 +0500] "GET /filemanger/edit_line.php?dir=%2Fhome%2Fsportsfever%2Fpublic_html%2Fclone%2Fwp-content%2Fplugins%2Fsitepress-multilingual-cms%2Flib%2Ftwig%2Fsrc%2FExtension&line=1102&name=CoreExtension.php HTTP/1.1" 200 618 "http://mail.sportsfever360.com/filemanger/edit_text_line.php?dir=%2Fhome%2Fsportsfever%2Fpublic_html%2Fclone%2Fwp-content%2Fplugins%2Fsitepress-multilingual-cms%2Flib%2Ftwig%2Fsrc%2FExtension&name=CoreExtension.php&page=3" "Mozilla/5.0 AppleWebKit/537.36 (KHTML, like Gecko; compatible; GPTBot/1.3; +https://openai.com/gptbot)"
83.99.206.246 - - [06/Apr/2026:21:11:21 +0500] "GET /goods.php?continent_q130025185.shtm HTTP/1.1" 200 21110 "-" "Mozilla/5.0 (X11; Linux x86_64) AppleWebKit/537.36 (KHTML, like Gecko; GeedoShopProductFinder) Chrome/142.0.0.0 Safari/537.36"
74.7.227.39 - - [06/Apr/2026:21:11:25 +0500] "GET /filemanger/delete_line.php?dir=%2Fhome%2Fsportsfever%2Fpublic_html%2Fclone%2Fwp-content%2Fplugins%2Fsitepress-multilingual-cms%2Flib%2Ftwig%2Fsrc%2FExtension&line=1246&name=CoreExtension.php HTTP/1.1" 200 616 "http://mail.sportsfever360.com/filemanger/edit_text_line.php?dir=%2Fhome%2Fsportsfever%2Fpublic_html%2Fclone%2Fwp-content%2Fplugins%2Fsitepress-multilingual-cms%2Flib%2Ftwig%2Fsrc%2FExtension&name=CoreExtension.php&page=3" "Mozilla/5.0 AppleWebKit/537.36 (KHTML, like Gecko; compatible; GPTBot/1.3; +https://openai.com/gptbot)"
74.7.227.39 - - [06/Apr/2026:21:11:32 +0500] "GET /filemanger/delete_line.php?dir=%2Fhome%2Fsportsfever%2Fpublic_html%2Fclone%2Fwp-content%2Fplugins%2Fsitepress-multilingual-cms%2Flib%2Ftwig%2Fsrc%2FExtension&line=1240&name=CoreExtension.php HTTP/1.1" 200 616 "http://mail.sportsfever360.com/filemanger/edit_text_line.php?dir=%2Fhome%2Fsportsfever%2Fpublic_html%2Fclone%2Fwp-content%2Fplugins%2Fsitepress-multilingual-cms%2Flib%2Ftwig%2Fsrc%2FExtension&name=CoreExtension.php&page=3" "Mozilla/5.0 AppleWebKit/537.36 (KHTML, like Gecko; compatible; GPTBot/1.3; +https://openai.com/gptbot)"
74.7.227.39 - - [06/Apr/2026:21:11:39 +0500] "GET /filemanger/delete_line.php?dir=%2Fhome%2Fsportsfever%2Fpublic_html%2Fclone%2Fwp-content%2Fplugins%2Fsitepress-multilingual-cms%2Flib%2Ftwig%2Fsrc%2FExtension&line=1002&name=CoreExtension.php HTTP/1.1" 200 616 "http://mail.sportsfever360.com/filemanger/edit_text_line.php?dir=%2Fhome%2Fsportsfever%2Fpublic_html%2Fclone%2Fwp-content%2Fplugins%2Fsitepress-multilingual-cms%2Flib%2Ftwig%2Fsrc%2FExtension&name=CoreExtension.php&page=3" "Mozilla/5.0 AppleWebKit/537.36 (KHTML, like Gecko; compatible; GPTBot/1.3; +https://openai.com/gptbot)"
83.99.206.246 - - [06/Apr/2026:21:11:41 +0500] "GET /goods.php?goods/092047699 HTTP/1.1" 200 20791 "-" "Mozilla/5.0 (X11; Linux x86_64) AppleWebKit/537.36 (KHTML, like Gecko; GeedoShopProductFinder) Chrome/142.0.0.0 Safari/537.36"
74.7.227.39 - - [06/Apr/2026:21:11:45 +0500] "GET /filemanger/delete_line.php?dir=%2Fhome%2Fsportsfever%2Fpublic_html%2Fclone%2Fwp-content%2Fplugins%2Fsitepress-multilingual-cms%2Flib%2Ftwig%2Fsrc%2FExtension&line=1296&name=CoreExtension.php HTTP/1.1" 200 616 "http://mail.sportsfever360.com/filemanger/edit_text_line.php?dir=%2Fhome%2Fsportsfever%2Fpublic_html%2Fclone%2Fwp-content%2Fplugins%2Fsitepress-multilingual-cms%2Flib%2Ftwig%2Fsrc%2FExtension&name=CoreExtension.php&page=3" "Mozilla/5.0 AppleWebKit/537.36 (KHTML, like Gecko; compatible; GPTBot/1.3; +https://openai.com/gptbot)"
74.7.227.39 - - [06/Apr/2026:21:11:51 +0500] "GET /filemanger/delete_line.php?dir=%2Fhome%2Fsportsfever%2Fpublic_html%2Fclone%2Fwp-content%2Fplugins%2Fsitepress-multilingual-cms%2Flib%2Ftwig%2Fsrc%2FExtension&line=607&name=CoreExtension.php HTTP/1.1" 200 616 "http://mail.sportsfever360.com/filemanger/edit_text_line.php?dir=%2Fhome%2Fsportsfever%2Fpublic_html%2Fclone%2Fwp-content%2Fplugins%2Fsitepress-multilingual-cms%2Flib%2Ftwig%2Fsrc%2FExtension&name=CoreExtension.php&page=2" "Mozilla/5.0 AppleWebKit/537.36 (KHTML, like Gecko; compatible; GPTBot/1.3; +https://openai.com/gptbot)"
136.243.219.57 - - [06/Apr/2026:21:11:51 +0500] "POST /wp-cron.php?doing_wp_cron=1775491911.8110520839691162109375 HTTP/1.1" 200 20 "-" "WordPress/6.6.5; https://sportsfever360.com"
