74.7.227.39 - - [06/Apr/2026:20:19:59 +0500] "GET /filemanger/delete_line.php?dir=%2Fhome%2Fsportsfever%2Fpublic_html%2Fclone%2Fwp-content%2Fplugins%2Fsitepress-multilingual-cms%2Flib%2Ftwig%2Fsrc%2FExtension&line=548&name=CoreExtension.php HTTP/1.1" 200 616 "http://mail.sportsfever360.com/filemanger/edit_text_line.php?dir=%2Fhome%2Fsportsfever%2Fpublic_html%2Fclone%2Fwp-content%2Fplugins%2Fsitepress-multilingual-cms%2Flib%2Ftwig%2Fsrc%2FExtension&name=CoreExtension.php&page=2" "Mozilla/5.0 AppleWebKit/537.36 (KHTML, like Gecko; compatible; GPTBot/1.3; +https://openai.com/gptbot)"
74.7.227.39 - - [06/Apr/2026:20:20:00 +0500] "GET /filemanger/edit_line.php?dir=%2Fhome%2Fsportsfever%2Fpublic_html%2Fclone%2Fwp-content%2Fplugins%2Fsitepress-multilingual-cms%2Flib%2Ftwig%2Fsrc%2FExtension&line=1210&name=CoreExtension.php HTTP/1.1" 200 618 "http://mail.sportsfever360.com/filemanger/edit_text_line.php?dir=%2Fhome%2Fsportsfever%2Fpublic_html%2Fclone%2Fwp-content%2Fplugins%2Fsitepress-multilingual-cms%2Flib%2Ftwig%2Fsrc%2FExtension&name=CoreExtension.php&page=3" "Mozilla/5.0 AppleWebKit/537.36 (KHTML, like Gecko; compatible; GPTBot/1.3; +https://openai.com/gptbot)"
74.7.227.39 - - [06/Apr/2026:20:20:00 +0500] "GET /filemanger/delete_line.php?dir=%2Fhome%2Fsportsfever%2Fpublic_html%2Fclone%2Fwp-content%2Fplugins%2Fsitepress-multilingual-cms%2Flib%2Ftwig%2Fsrc%2FExtension&line=612&name=CoreExtension.php HTTP/1.1" 200 616 "http://mail.sportsfever360.com/filemanger/edit_text_line.php?dir=%2Fhome%2Fsportsfever%2Fpublic_html%2Fclone%2Fwp-content%2Fplugins%2Fsitepress-multilingual-cms%2Flib%2Ftwig%2Fsrc%2FExtension&name=CoreExtension.php&page=2" "Mozilla/5.0 AppleWebKit/537.36 (KHTML, like Gecko; compatible; GPTBot/1.3; +https://openai.com/gptbot)"
74.7.227.39 - - [06/Apr/2026:20:20:01 +0500] "GET /filemanger/delete_line.php?dir=%2Fhome%2Fsportsfever%2Fpublic_html%2Fclone%2Fwp-content%2Fplugins%2Fsitepress-multilingual-cms%2Flib%2Ftwig%2Fsrc%2FExtension&line=642&name=CoreExtension.php HTTP/1.1" 200 616 "http://mail.sportsfever360.com/filemanger/edit_text_line.php?dir=%2Fhome%2Fsportsfever%2Fpublic_html%2Fclone%2Fwp-content%2Fplugins%2Fsitepress-multilingual-cms%2Flib%2Ftwig%2Fsrc%2FExtension&name=CoreExtension.php&page=2" "Mozilla/5.0 AppleWebKit/537.36 (KHTML, like Gecko; compatible; GPTBot/1.3; +https://openai.com/gptbot)"
74.7.227.39 - - [06/Apr/2026:20:20:01 +0500] "GET /filemanger/edit_line.php?dir=%2Fhome%2Fsportsfever%2Fpublic_html%2Fclone%2Fwp-content%2Fplugins%2Fsitepress-multilingual-cms%2Flib%2Ftwig%2Fsrc%2FExtension&line=1223&name=CoreExtension.php HTTP/1.1" 200 618 "http://mail.sportsfever360.com/filemanger/edit_text_line.php?dir=%2Fhome%2Fsportsfever%2Fpublic_html%2Fclone%2Fwp-content%2Fplugins%2Fsitepress-multilingual-cms%2Flib%2Ftwig%2Fsrc%2FExtension&name=CoreExtension.php&page=3" "Mozilla/5.0 AppleWebKit/537.36 (KHTML, like Gecko; compatible; GPTBot/1.3; +https://openai.com/gptbot)"
74.7.227.39 - - [06/Apr/2026:20:20:02 +0500] "GET /filemanger/delete_line.php?dir=%2Fhome%2Fsportsfever%2Fpublic_html%2Fclone%2Fwp-content%2Fplugins%2Fsitepress-multilingual-cms%2Flib%2Ftwig%2Fsrc%2FExtension&line=557&name=CoreExtension.php HTTP/1.1" 200 616 "http://mail.sportsfever360.com/filemanger/edit_text_line.php?dir=%2Fhome%2Fsportsfever%2Fpublic_html%2Fclone%2Fwp-content%2Fplugins%2Fsitepress-multilingual-cms%2Flib%2Ftwig%2Fsrc%2FExtension&name=CoreExtension.php&page=2" "Mozilla/5.0 AppleWebKit/537.36 (KHTML, like Gecko; compatible; GPTBot/1.3; +https://openai.com/gptbot)"
74.7.227.39 - - [06/Apr/2026:20:20:04 +0500] "GET /filemanger/delete_line.php?dir=%2Fhome%2Fsportsfever%2Fpublic_html%2Fclone%2Fwp-content%2Fplugins%2Fsitepress-multilingual-cms%2Flib%2Ftwig%2Fsrc%2FExtension&line=871&name=CoreExtension.php HTTP/1.1" 200 616 "http://mail.sportsfever360.com/filemanger/edit_text_line.php?dir=%2Fhome%2Fsportsfever%2Fpublic_html%2Fclone%2Fwp-content%2Fplugins%2Fsitepress-multilingual-cms%2Flib%2Ftwig%2Fsrc%2FExtension&name=CoreExtension.php&page=2" "Mozilla/5.0 AppleWebKit/537.36 (KHTML, like Gecko; compatible; GPTBot/1.3; +https://openai.com/gptbot)"
74.7.227.39 - - [06/Apr/2026:20:20:06 +0500] "GET /filemanger/delete_line.php?dir=%2Fhome%2Fsportsfever%2Fpublic_html%2Fclone%2Fwp-content%2Fplugins%2Fsitepress-multilingual-cms%2Flib%2Ftwig%2Fsrc%2FExtension&line=916&name=CoreExtension.php HTTP/1.1" 508 288 "http://mail.sportsfever360.com/filemanger/edit_text_line.php?dir=%2Fhome%2Fsportsfever%2Fpublic_html%2Fclone%2Fwp-content%2Fplugins%2Fsitepress-multilingual-cms%2Flib%2Ftwig%2Fsrc%2FExtension&name=CoreExtension.php&page=2" "Mozilla/5.0 AppleWebKit/537.36 (KHTML, like Gecko; compatible; GPTBot/1.3; +https://openai.com/gptbot)"
74.7.227.39 - - [06/Apr/2026:20:20:07 +0500] "GET /filemanger/delete_line.php?dir=%2Fhome%2Fsportsfever%2Fpublic_html%2Fclone%2Fwp-content%2Fplugins%2Fsitepress-multilingual-cms%2Flib%2Ftwig%2Fsrc%2FExtension&line=646&name=CoreExtension.php HTTP/1.1" 508 288 "http://mail.sportsfever360.com/filemanger/edit_text_line.php?dir=%2Fhome%2Fsportsfever%2Fpublic_html%2Fclone%2Fwp-content%2Fplugins%2Fsitepress-multilingual-cms%2Flib%2Ftwig%2Fsrc%2FExtension&name=CoreExtension.php&page=2" "Mozilla/5.0 AppleWebKit/537.36 (KHTML, like Gecko; compatible; GPTBot/1.3; +https://openai.com/gptbot)"
83.99.206.122 - - [06/Apr/2026:20:20:07 +0500] "GET /goods.php?goods/068006799 HTTP/1.1" 508 288 "-" "Mozilla/5.0 (X11; Linux x86_64) AppleWebKit/537.36 (KHTML, like Gecko; GeedoShopProductFinder) Chrome/142.0.0.0 Safari/537.36"
74.7.227.39 - - [06/Apr/2026:20:20:08 +0500] "GET /filemanger/delete_line.php?dir=%2Fhome%2Fsportsfever%2Fpublic_html%2Fclone%2Fwp-content%2Fplugins%2Fsitepress-multilingual-cms%2Flib%2Ftwig%2Fsrc%2FExtension&line=786&name=CoreExtension.php HTTP/1.1" 508 288 "http://mail.sportsfever360.com/filemanger/edit_text_line.php?dir=%2Fhome%2Fsportsfever%2Fpublic_html%2Fclone%2Fwp-content%2Fplugins%2Fsitepress-multilingual-cms%2Flib%2Ftwig%2Fsrc%2FExtension&name=CoreExtension.php&page=2" "Mozilla/5.0 AppleWebKit/537.36 (KHTML, like Gecko; compatible; GPTBot/1.3; +https://openai.com/gptbot)"
74.7.227.39 - - [06/Apr/2026:20:20:13 +0500] "GET /filemanger/edit_line.php?dir=%2Fhome%2Fsportsfever%2Fpublic_html%2Fclone%2Fwp-content%2Fplugins%2Fsitepress-multilingual-cms%2Flib%2Ftwig%2Fsrc%2FExtension&line=1162&name=CoreExtension.php HTTP/1.1" 200 618 "http://mail.sportsfever360.com/filemanger/edit_text_line.php?dir=%2Fhome%2Fsportsfever%2Fpublic_html%2Fclone%2Fwp-content%2Fplugins%2Fsitepress-multilingual-cms%2Flib%2Ftwig%2Fsrc%2FExtension&name=CoreExtension.php&page=3" "Mozilla/5.0 AppleWebKit/537.36 (KHTML, like Gecko; compatible; GPTBot/1.3; +https://openai.com/gptbot)"
66.249.79.7 - - [06/Apr/2026:20:20:14 +0500] "GET /wp-activate.php//?_g=233724 HTTP/1.1" 302 20 "-" "Mozilla/5.0 (Linux; Android 6.0.1; Nexus 5X Build/MMB29P) AppleWebKit/537.36 (KHTML, like Gecko) Chrome/146.0.7680.177 Mobile Safari/537.36 (compatible; Googlebot/2.1; +http://www.google.com/bot.html)"
136.243.219.57 - - [06/Apr/2026:20:20:18 +0500] "POST /wp-cron.php?doing_wp_cron=1775488818.7387371063232421875000 HTTP/1.1" 200 20 "-" "WordPress/6.6.5; https://sportsfever360.com"
74.7.227.39 - - [06/Apr/2026:20:20:27 +0500] "GET /filemanger/delete_line.php?dir=%2Fhome%2Fsportsfever%2Fpublic_html%2Fclone%2Fwp-content%2Fplugins%2Fsitepress-multilingual-cms%2Flib%2Ftwig%2Fsrc%2FExtension&line=1052&name=CoreExtension.php HTTP/1.1" 508 288 "http://mail.sportsfever360.com/filemanger/edit_text_line.php?dir=%2Fhome%2Fsportsfever%2Fpublic_html%2Fclone%2Fwp-content%2Fplugins%2Fsitepress-multilingual-cms%2Flib%2Ftwig%2Fsrc%2FExtension&name=CoreExtension.php&page=3" "Mozilla/5.0 AppleWebKit/537.36 (KHTML, like Gecko; compatible; GPTBot/1.3; +https://openai.com/gptbot)"
74.7.227.39 - - [06/Apr/2026:20:20:39 +0500] "GET /filemanger/delete_line.php?dir=%2Fhome%2Fsportsfever%2Fpublic_html%2Fclone%2Fwp-content%2Fplugins%2Fsitepress-multilingual-cms%2Flib%2Ftwig%2Fsrc%2FExtension&line=764&name=CoreExtension.php HTTP/1.1" 508 288 "http://mail.sportsfever360.com/filemanger/edit_text_line.php?dir=%2Fhome%2Fsportsfever%2Fpublic_html%2Fclone%2Fwp-content%2Fplugins%2Fsitepress-multilingual-cms%2Flib%2Ftwig%2Fsrc%2FExtension&name=CoreExtension.php&page=2" "Mozilla/5.0 AppleWebKit/537.36 (KHTML, like Gecko; compatible; GPTBot/1.3; +https://openai.com/gptbot)"
74.7.227.39 - - [06/Apr/2026:20:21:16 +0500] "GET /filemanger/delete_line.php?dir=%2Fhome%2Fsportsfever%2Fpublic_html%2Fclone%2Fwp-content%2Fplugins%2Fsitepress-multilingual-cms%2Flib%2Ftwig%2Fsrc%2FExtension&line=605&name=CoreExtension.php HTTP/1.1" 200 616 "http://mail.sportsfever360.com/filemanger/edit_text_line.php?dir=%2Fhome%2Fsportsfever%2Fpublic_html%2Fclone%2Fwp-content%2Fplugins%2Fsitepress-multilingual-cms%2Flib%2Ftwig%2Fsrc%2FExtension&name=CoreExtension.php&page=2" "Mozilla/5.0 AppleWebKit/537.36 (KHTML, like Gecko; compatible; GPTBot/1.3; +https://openai.com/gptbot)"
83.99.206.122 - - [06/Apr/2026:20:22:11 +0500] "GET /goods.php?goods/068006799 HTTP/1.1" 508 288 "-" "Mozilla/5.0 (X11; Linux x86_64) AppleWebKit/537.36 (KHTML, like Gecko; GeedoShopProductFinder) Chrome/142.0.0.0 Safari/537.36"
74.7.227.39 - - [06/Apr/2026:20:22:20 +0500] "GET /filemanger/delete_line.php?dir=%2Fhome%2Fsportsfever%2Fpublic_html%2Fclone%2Fwp-content%2Fplugins%2Fsitepress-multilingual-cms%2Flib%2Ftwig%2Fsrc%2FExtension&line=694&name=CoreExtension.php HTTP/1.1" 508 288 "http://mail.sportsfever360.com/filemanger/edit_text_line.php?dir=%2Fhome%2Fsportsfever%2Fpublic_html%2Fclone%2Fwp-content%2Fplugins%2Fsitepress-multilingual-cms%2Flib%2Ftwig%2Fsrc%2FExtension&name=CoreExtension.php&page=2" "Mozilla/5.0 AppleWebKit/537.36 (KHTML, like Gecko; compatible; GPTBot/1.3; +https://openai.com/gptbot)"
83.99.206.219 - - [06/Apr/2026:20:22:23 +0500] "GET /goods.php?13163217 HTTP/1.1" 200 22134 "-" "Mozilla/5.0 (X11; Linux x86_64) AppleWebKit/537.36 (KHTML, like Gecko; GeedoShopProductFinder) Chrome/142.0.0.0 Safari/537.36"
83.99.206.227 - - [06/Apr/2026:20:22:44 +0500] "GET /goods.php?goods/051029809 HTTP/1.1" 200 21225 "-" "Mozilla/5.0 (X11; Linux x86_64) AppleWebKit/537.36 (KHTML, like Gecko; GeedoShopProductFinder) Chrome/142.0.0.0 Safari/537.36"
83.99.206.165 - - [06/Apr/2026:20:23:03 +0500] "GET /goods.php?detail/16800587914758 HTTP/1.1" 200 21142 "-" "Mozilla/5.0 (X11; Linux x86_64) AppleWebKit/537.36 (KHTML, like Gecko; GeedoShopProductFinder) Chrome/142.0.0.0 Safari/537.36"
74.7.227.39 - - [06/Apr/2026:20:23:18 +0500] "GET /filemanger/delete_line.php?dir=%2Fhome%2Fsportsfever%2Fpublic_html%2Fclone%2Fwp-content%2Fplugins%2Fsitepress-multilingual-cms%2Flib%2Ftwig%2Fsrc%2FExtension&line=1329&name=CoreExtension.php HTTP/1.1" 200 616 "http://mail.sportsfever360.com/filemanger/edit_text_line.php?dir=%2Fhome%2Fsportsfever%2Fpublic_html%2Fclone%2Fwp-content%2Fplugins%2Fsitepress-multilingual-cms%2Flib%2Ftwig%2Fsrc%2FExtension&name=CoreExtension.php&page=3" "Mozilla/5.0 AppleWebKit/537.36 (KHTML, like Gecko; compatible; GPTBot/1.3; +https://openai.com/gptbot)"
83.99.206.142 - - [06/Apr/2026:20:23:23 +0500] "GET /goods.php?detail/246010986222 HTTP/1.1" 200 21156 "-" "Mozilla/5.0 (X11; Linux x86_64) AppleWebKit/537.36 (KHTML, like Gecko; GeedoShopProductFinder) Chrome/142.0.0.0 Safari/537.36"
83.99.206.179 - - [06/Apr/2026:20:23:43 +0500] "GET /goods.php?goods/244046326 HTTP/1.1" 200 21798 "-" "Mozilla/5.0 (X11; Linux x86_64) AppleWebKit/537.36 (KHTML, like Gecko; GeedoShopProductFinder) Chrome/142.0.0.0 Safari/537.36"
83.99.206.227 - - [06/Apr/2026:20:24:03 +0500] "GET /goods.php?detail/2890302322289 HTTP/1.1" 508 288 "-" "Mozilla/5.0 (X11; Linux x86_64) AppleWebKit/537.36 (KHTML, like Gecko; GeedoShopProductFinder) Chrome/142.0.0.0 Safari/537.36"
66.249.79.7 - - [06/Apr/2026:20:24:05 +0500] "GET /wp-blog-header.php/information/privacy_policy.html//?_g=1419102 HTTP/1.1" 508 288 "-" "Mozilla/5.0 (Linux; Android 6.0.1; Nexus 5X Build/MMB29P) AppleWebKit/537.36 (KHTML, like Gecko) Chrome/146.0.7680.177 Mobile Safari/537.36 (compatible; Googlebot/2.1; +http://www.google.com/bot.html)"
66.249.79.8 - - [06/Apr/2026:20:24:05 +0500] "GET /wp-blog-header.php/information/privacy_policy.html/pw//?_g=1541416 HTTP/1.1" 508 288 "-" "Mozilla/5.0 (Linux; Android 6.0.1; Nexus 5X Build/MMB29P) AppleWebKit/537.36 (KHTML, like Gecko) Chrome/146.0.7680.177 Mobile Safari/537.36 (compatible; Googlebot/2.1; +http://www.google.com/bot.html)"
74.7.227.39 - - [06/Apr/2026:20:24:23 +0500] "GET /filemanger/delete_line.php?dir=%2Fhome%2Fsportsfever%2Fpublic_html%2Fclone%2Fwp-content%2Fplugins%2Fsitepress-multilingual-cms%2Flib%2Ftwig%2Fsrc%2FExtension&line=647&name=CoreExtension.php HTTP/1.1" 508 288 "http://mail.sportsfever360.com/filemanger/edit_text_line.php?dir=%2Fhome%2Fsportsfever%2Fpublic_html%2Fclone%2Fwp-content%2Fplugins%2Fsitepress-multilingual-cms%2Flib%2Ftwig%2Fsrc%2FExtension&name=CoreExtension.php&page=2" "Mozilla/5.0 AppleWebKit/537.36 (KHTML, like Gecko; compatible; GPTBot/1.3; +https://openai.com/gptbot)"
83.99.206.187 - - [06/Apr/2026:20:24:59 +0500] "GET /goods.php?106019894.htm HTTP/1.1" 508 288 "-" "Mozilla/5.0 (X11; Linux x86_64) AppleWebKit/537.36 (KHTML, like Gecko; GeedoShopProductFinder) Chrome/142.0.0.0 Safari/537.36"
66.249.79.7 - - [06/Apr/2026:20:25:04 +0500] "GET /wp-signup.php/information/privacy_policy.html//?_g=32114 HTTP/1.1" 508 288 "-" "Mozilla/5.0 (Linux; Android 6.0.1; Nexus 5X Build/MMB29P) AppleWebKit/537.36 (KHTML, like Gecko) Chrome/146.0.7680.177 Mobile Safari/537.36 (compatible; Googlebot/2.1; +http://www.google.com/bot.html)"
74.7.227.39 - - [06/Apr/2026:20:25:18 +0500] "GET /filemanger/delete_line.php?dir=%2Fhome%2Fsportsfever%2Fpublic_html%2Fclone%2Fwp-content%2Fplugins%2Fsitepress-multilingual-cms%2Flib%2Ftwig%2Fsrc%2FExtension&line=734&name=CoreExtension.php HTTP/1.1" 508 288 "http://mail.sportsfever360.com/filemanger/edit_text_line.php?dir=%2Fhome%2Fsportsfever%2Fpublic_html%2Fclone%2Fwp-content%2Fplugins%2Fsitepress-multilingual-cms%2Flib%2Ftwig%2Fsrc%2FExtension&name=CoreExtension.php&page=2" "Mozilla/5.0 AppleWebKit/537.36 (KHTML, like Gecko; compatible; GPTBot/1.3; +https://openai.com/gptbot)"
83.99.206.187 - - [06/Apr/2026:20:25:19 +0500] "GET /goods.php?004045688.htm HTTP/1.1" 508 288 "-" "Mozilla/5.0 (X11; Linux x86_64) AppleWebKit/537.36 (KHTML, like Gecko; GeedoShopProductFinder) Chrome/142.0.0.0 Safari/537.36"
74.7.227.39 - - [06/Apr/2026:20:26:21 +0500] "GET /filemanger/delete_line.php?dir=%2Fhome%2Fsportsfever%2Fpublic_html%2Fclone%2Fwp-content%2Fplugins%2Fsitepress-multilingual-cms%2Flib%2Ftwig%2Fsrc%2FExtension&line=604&name=CoreExtension.php HTTP/1.1" 508 288 "http://mail.sportsfever360.com/filemanger/edit_text_line.php?dir=%2Fhome%2Fsportsfever%2Fpublic_html%2Fclone%2Fwp-content%2Fplugins%2Fsitepress-multilingual-cms%2Flib%2Ftwig%2Fsrc%2FExtension&name=CoreExtension.php&page=2" "Mozilla/5.0 AppleWebKit/537.36 (KHTML, like Gecko; compatible; GPTBot/1.3; +https://openai.com/gptbot)"
66.249.79.8 - - [06/Apr/2026:20:26:41 +0500] "GET /wp-activate.php/jukyuban//?_g=408407 HTTP/1.1" 508 288 "-" "Mozilla/5.0 (Linux; Android 6.0.1; Nexus 5X Build/MMB29P) AppleWebKit/537.36 (KHTML, like Gecko) Chrome/146.0.7680.177 Mobile Safari/537.36 (compatible; Googlebot/2.1; +http://www.google.com/bot.html)"
69.171.231.7 - - [06/Apr/2026:20:26:55 +0500] "GET / HTTP/1.1" 508 288 "-" "facebookexternalhit/1.1 (+http://www.facebook.com/externalhit_uatext.php)"
31.13.115.114 - - [06/Apr/2026:20:26:58 +0500] "GET / HTTP/1.1" 508 288 "-" "facebookexternalhit/1.1 (+http://www.facebook.com/externalhit_uatext.php)"
74.7.227.39 - - [06/Apr/2026:20:27:24 +0500] "GET /filemanger/delete_line.php?dir=%2Fhome%2Fsportsfever%2Fpublic_html%2Fclone%2Fwp-content%2Fplugins%2Fsitepress-multilingual-cms%2Flib%2Ftwig%2Fsrc%2FExtension&line=911&name=CoreExtension.php HTTP/1.1" 508 288 "http://mail.sportsfever360.com/filemanger/edit_text_line.php?dir=%2Fhome%2Fsportsfever%2Fpublic_html%2Fclone%2Fwp-content%2Fplugins%2Fsitepress-multilingual-cms%2Flib%2Ftwig%2Fsrc%2FExtension&name=CoreExtension.php&page=2" "Mozilla/5.0 AppleWebKit/537.36 (KHTML, like Gecko; compatible; GPTBot/1.3; +https://openai.com/gptbot)"
66.249.79.6 - - [06/Apr/2026:20:27:47 +0500] "GET /wp-activate.php/contents/renga//?_g=132690 HTTP/1.1" 508 288 "-" "Mozilla/5.0 (Linux; Android 6.0.1; Nexus 5X Build/MMB29P) AppleWebKit/537.36 (KHTML, like Gecko) Chrome/146.0.7680.177 Mobile Safari/537.36 (compatible; Googlebot/2.1; +http://www.google.com/bot.html)"
51.75.119.69 - - [06/Apr/2026:20:27:55 +0500] "GET /filemanger/edit_text.php?dir=/home/sportsfever/public_html/wp-admin&name=about.php HTTP/1.1" 508 288 "-" "Mozilla/5.0 (compatible; MJ12bot/v1.4.8; http://mj12bot.com/)"
51.75.119.69 - - [06/Apr/2026:20:27:57 +0500] "GET /filemanger/edit_text.php?dir=/home/sportsfever/public_html/wp-includes&name=block-i18n.json HTTP/1.1" 508 288 "-" "Mozilla/5.0 (compatible; MJ12bot/v1.4.8; http://mj12bot.com/)"
83.99.206.187 - - [06/Apr/2026:20:26:30 +0500] "GET /goods.php?accuracy_d172032179.shtm HTTP/1.1" 200 35 "-" "Mozilla/5.0 (X11; Linux x86_64) AppleWebKit/537.36 (KHTML, like Gecko; GeedoShopProductFinder) Chrome/142.0.0.0 Safari/537.36"
83.99.206.187 - - [06/Apr/2026:20:28:06 +0500] "GET /goods.php?accuracy_d172032179.shtm HTTP/1.1" 508 288 "-" "Mozilla/5.0 (X11; Linux x86_64) AppleWebKit/537.36 (KHTML, like Gecko; GeedoShopProductFinder) Chrome/142.0.0.0 Safari/537.36"
83.99.206.187 - - [06/Apr/2026:20:28:06 +0500] "GET /goods.php?sophisticated_x094041515.shtm HTTP/1.1" 508 288 "-" "Mozilla/5.0 (X11; Linux x86_64) AppleWebKit/537.36 (KHTML, like Gecko; GeedoShopProductFinder) Chrome/142.0.0.0 Safari/537.36"
83.99.206.187 - - [06/Apr/2026:20:28:19 +0500] "GET /goods.php?sophisticated_x094041515.shtm HTTP/1.1" 508 288 "-" "Mozilla/5.0 (X11; Linux x86_64) AppleWebKit/537.36 (KHTML, like Gecko; GeedoShopProductFinder) Chrome/142.0.0.0 Safari/537.36"
83.99.206.187 - - [06/Apr/2026:20:28:19 +0500] "GET /goods.php?004011680.htm HTTP/1.1" 508 288 "-" "Mozilla/5.0 (X11; Linux x86_64) AppleWebKit/537.36 (KHTML, like Gecko; GeedoShopProductFinder) Chrome/142.0.0.0 Safari/537.36"
66.249.79.7 - - [06/Apr/2026:20:28:20 +0500] "GET /wp-blog-header.php/information/privacy_policy.html//?_g=202444 HTTP/1.1" 508 288 "-" "Mozilla/5.0 (Linux; Android 6.0.1; Nexus 5X Build/MMB29P) AppleWebKit/537.36 (KHTML, like Gecko) Chrome/146.0.7680.177 Mobile Safari/537.36 (compatible; Googlebot/2.1; +http://www.google.com/bot.html)"
74.7.227.39 - - [06/Apr/2026:20:28:27 +0500] "GET /filemanger/delete_line.php?dir=%2Fhome%2Fsportsfever%2Fpublic_html%2Fclone%2Fwp-content%2Fplugins%2Fsitepress-multilingual-cms%2Flib%2Ftwig%2Fsrc%2FExtension&line=977&name=CoreExtension.php HTTP/1.1" 508 288 "http://mail.sportsfever360.com/filemanger/edit_text_line.php?dir=%2Fhome%2Fsportsfever%2Fpublic_html%2Fclone%2Fwp-content%2Fplugins%2Fsitepress-multilingual-cms%2Flib%2Ftwig%2Fsrc%2FExtension&name=CoreExtension.php&page=2" "Mozilla/5.0 AppleWebKit/537.36 (KHTML, like Gecko; compatible; GPTBot/1.3; +https://openai.com/gptbot)"
51.75.119.69 - - [06/Apr/2026:20:28:40 +0500] "GET /filemanger/edit_text.php?dir=/home/sportsfever/public_html/wp-includes&name=block-template.php HTTP/1.1" 508 288 "-" "Mozilla/5.0 (compatible; MJ12bot/v1.4.8; http://mj12bot.com/)"
51.75.119.69 - - [06/Apr/2026:20:27:58 +0500] "GET /filemanger/edit_text.php?dir=/home/sportsfever/public_html/wp-includes&name=block-template-utils.php HTTP/1.1" 200 13402 "-" "Mozilla/5.0 (compatible; MJ12bot/v1.4.8; http://mj12bot.com/)"
83.99.206.187 - - [06/Apr/2026:20:28:48 +0500] "GET /goods.php?004011680.htm HTTP/1.1" 508 288 "-" "Mozilla/5.0 (X11; Linux x86_64) AppleWebKit/537.36 (KHTML, like Gecko; GeedoShopProductFinder) Chrome/142.0.0.0 Safari/537.36"
74.7.227.39 - - [06/Apr/2026:20:29:28 +0500] "GET /filemanger/delete_line.php?dir=%2Fhome%2Fsportsfever%2Fpublic_html%2Fclone%2Fwp-content%2Fplugins%2Fsitepress-multilingual-cms%2Flib%2Ftwig%2Fsrc%2FExtension&line=733&name=CoreExtension.php HTTP/1.1" 508 288 "http://mail.sportsfever360.com/filemanger/edit_text_line.php?dir=%2Fhome%2Fsportsfever%2Fpublic_html%2Fclone%2Fwp-content%2Fplugins%2Fsitepress-multilingual-cms%2Flib%2Ftwig%2Fsrc%2FExtension&name=CoreExtension.php&page=2" "Mozilla/5.0 AppleWebKit/537.36 (KHTML, like Gecko; compatible; GPTBot/1.3; +https://openai.com/gptbot)"
51.75.119.69 - - [06/Apr/2026:20:28:41 +0500] "GET /filemanger/edit_text.php?dir=/home/sportsfever/public_html/wp-includes&name=blocks.php HTTP/1.1" 200 20675 "-" "Mozilla/5.0 (compatible; MJ12bot/v1.4.8; http://mj12bot.com/)"
83.99.206.187 - - [06/Apr/2026:20:28:48 +0500] "GET /goods.php?jp/075020850.html HTTP/1.1" 200 21875 "-" "Mozilla/5.0 (X11; Linux x86_64) AppleWebKit/537.36 (KHTML, like Gecko; GeedoShopProductFinder) Chrome/142.0.0.0 Safari/537.36"
66.249.79.7 - - [06/Apr/2026:20:29:55 +0500] "GET /wp-activate.php//?_g=658024 HTTP/1.1" 508 288 "-" "Mozilla/5.0 (Linux; Android 6.0.1; Nexus 5X Build/MMB29P) AppleWebKit/537.36 (KHTML, like Gecko) Chrome/146.0.7680.177 Mobile Safari/537.36 (compatible; Googlebot/2.1; +http://www.google.com/bot.html)"
83.99.206.160 - - [06/Apr/2026:20:30:06 +0500] "GET /goods.php?jp/109011543.html HTTP/1.1" 508 288 "-" "Mozilla/5.0 (X11; Linux x86_64) AppleWebKit/537.36 (KHTML, like Gecko; GeedoShopProductFinder) Chrome/142.0.0.0 Safari/537.36"
74.7.227.39 - - [06/Apr/2026:20:30:28 +0500] "GET /filemanger/delete_line.php?dir=%2Fhome%2Fsportsfever%2Fpublic_html%2Fclone%2Fwp-content%2Fplugins%2Fsitepress-multilingual-cms%2Flib%2Ftwig%2Fsrc%2FExtension&line=794&name=CoreExtension.php HTTP/1.1" 508 288 "http://mail.sportsfever360.com/filemanger/edit_text_line.php?dir=%2Fhome%2Fsportsfever%2Fpublic_html%2Fclone%2Fwp-content%2Fplugins%2Fsitepress-multilingual-cms%2Flib%2Ftwig%2Fsrc%2FExtension&name=CoreExtension.php&page=2" "Mozilla/5.0 AppleWebKit/537.36 (KHTML, like Gecko; compatible; GPTBot/1.3; +https://openai.com/gptbot)"
216.244.66.250 - - [06/Apr/2026:20:30:36 +0500] "GET /filemanger/folder_edit.php?dir=%2Fhome%2Fsportsfever%2Fhttpdocs%2Fwp-content%2Fplugins%2Fhwvny&name=languages HTTP/1.1" 508 288 "-" "Mozilla/5.0 (compatible; DotBot/1.2; +https://opensiteexplorer.org/dotbot; help@moz.com)"
83.99.206.160 - - [06/Apr/2026:20:30:48 +0500] "GET /goods.php?detail/09404497878948 HTTP/1.1" 508 288 "-" "Mozilla/5.0 (X11; Linux x86_64) AppleWebKit/537.36 (KHTML, like Gecko; GeedoShopProductFinder) Chrome/142.0.0.0 Safari/537.36"
74.7.227.39 - - [06/Apr/2026:20:31:31 +0500] "GET /filemanger/edit_line.php?dir=%2Fhome%2Fsportsfever%2Fpublic_html%2Fclone%2Fwp-content%2Fplugins%2Fsitepress-multilingual-cms%2Flib%2Ftwig%2Fsrc%2FExtension&line=1126&name=CoreExtension.php HTTP/1.1" 508 288 "http://mail.sportsfever360.com/filemanger/edit_text_line.php?dir=%2Fhome%2Fsportsfever%2Fpublic_html%2Fclone%2Fwp-content%2Fplugins%2Fsitepress-multilingual-cms%2Flib%2Ftwig%2Fsrc%2FExtension&name=CoreExtension.php&page=3" "Mozilla/5.0 AppleWebKit/537.36 (KHTML, like Gecko; compatible; GPTBot/1.3; +https://openai.com/gptbot)"
66.249.79.7 - - [06/Apr/2026:20:31:32 +0500] "GET /wp-activate.php/jukyuban//?_g=130215 HTTP/1.1" 508 288 "-" "Mozilla/5.0 (Linux; Android 6.0.1; Nexus 5X Build/MMB29P) AppleWebKit/537.36 (KHTML, like Gecko) Chrome/146.0.7680.177 Mobile Safari/537.36 (compatible; Googlebot/2.1; +http://www.google.com/bot.html)"
83.99.206.192 - - [06/Apr/2026:20:31:39 +0500] "GET /goods.php?jp/097029066.html HTTP/1.1" 508 288 "-" "Mozilla/5.0 (X11; Linux x86_64) AppleWebKit/537.36 (KHTML, like Gecko; GeedoShopProductFinder) Chrome/142.0.0.0 Safari/537.36"
65.108.125.120 - - [06/Apr/2026:20:31:47 +0500] "GET /robots.txt HTTP/1.1" 200 397 "-" "Mozilla/5.0 (compatible; MJ12bot/v1.4.8; http://mj12bot.com/)"
83.99.206.160 - - [06/Apr/2026:20:31:06 +0500] "GET /goods.php?detail/09404497878948 HTTP/1.1" 200 21281 "-" "Mozilla/5.0 (X11; Linux x86_64) AppleWebKit/537.36 (KHTML, like Gecko; GeedoShopProductFinder) Chrome/142.0.0.0 Safari/537.36"
65.108.125.120 - - [06/Apr/2026:20:31:49 +0500] "GET /filemanger/edit_text.php?dir=/home/sportsfever/public_html/wp-includes&name=theme.json HTTP/1.1" 508 288 "-" "Mozilla/5.0 (compatible; MJ12bot/v1.4.8; http://mj12bot.com/)"
65.108.125.120 - - [06/Apr/2026:20:31:50 +0500] "GET /filemanger/edit_text.php?dir=/home/sportsfever/public_html/wp-includes&name=theme.php HTTP/1.1" 508 288 "-" "Mozilla/5.0 (compatible; MJ12bot/v1.4.8; http://mj12bot.com/)"
65.108.125.120 - - [06/Apr/2026:20:31:52 +0500] "GET /filemanger/edit_text.php?dir=/home/sportsfever/public_html/wp-includes&name=update.php HTTP/1.1" 508 288 "-" "Mozilla/5.0 (compatible; MJ12bot/v1.4.8; http://mj12bot.com/)"
65.108.125.120 - - [06/Apr/2026:20:31:53 +0500] "GET /filemanger/edit_text.php?dir=/home/sportsfever/public_html/wp-includes&name=user.php HTTP/1.1" 508 288 "-" "Mozilla/5.0 (compatible; MJ12bot/v1.4.8; http://mj12bot.com/)"
65.108.125.120 - - [06/Apr/2026:20:31:55 +0500] "GET /filemanger/edit_text.php?dir=/home/sportsfever/public_html/wp-includes&name=vars.php HTTP/1.1" 508 288 "-" "Mozilla/5.0 (compatible; MJ12bot/v1.4.8; http://mj12bot.com/)"
65.108.125.120 - - [06/Apr/2026:20:31:56 +0500] "GET /filemanger/edit_text.php?dir=/home/sportsfever/public_html/wp-includes&name=version.php HTTP/1.1" 508 288 "-" "Mozilla/5.0 (compatible; MJ12bot/v1.4.8; http://mj12bot.com/)"
65.108.125.120 - - [06/Apr/2026:20:31:58 +0500] "GET /filemanger/edit_text.php?dir=/home/sportsfever/public_html/wp-includes&name=widgets.php HTTP/1.1" 508 288 "-" "Mozilla/5.0 (compatible; MJ12bot/v1.4.8; http://mj12bot.com/)"
65.108.125.120 - - [06/Apr/2026:20:31:59 +0500] "GET /filemanger/edit_text.php?dir=/home/sportsfever/public_html/wp-includes&name=wp-db.php HTTP/1.1" 508 288 "-" "Mozilla/5.0 (compatible; MJ12bot/v1.4.8; http://mj12bot.com/)"
65.108.125.120 - - [06/Apr/2026:20:32:01 +0500] "GET /filemanger/edit_text.php?dir=/home/sportsfever/public_html/wp-includes&name=wp-diff.php HTTP/1.1" 508 288 "-" "Mozilla/5.0 (compatible; MJ12bot/v1.4.8; http://mj12bot.com/)"
65.108.125.120 - - [06/Apr/2026:20:32:02 +0500] "GET /filemanger/edit_text_line.php?dir=/home/sportsfever&name=.bash_logout HTTP/1.1" 508 288 "-" "Mozilla/5.0 (compatible; MJ12bot/v1.4.8; http://mj12bot.com/)"
65.108.125.120 - - [06/Apr/2026:20:32:04 +0500] "GET /filemanger/edit_text_line.php?dir=/home/sportsfever&name=.bash_profile HTTP/1.1" 508 288 "-" "Mozilla/5.0 (compatible; MJ12bot/v1.4.8; http://mj12bot.com/)"
83.99.206.160 - - [06/Apr/2026:20:32:11 +0500] "GET /goods.php?064031902.htm HTTP/1.1" 508 288 "-" "Mozilla/5.0 (X11; Linux x86_64) AppleWebKit/537.36 (KHTML, like Gecko; GeedoShopProductFinder) Chrome/142.0.0.0 Safari/537.36"
83.99.206.160 - - [06/Apr/2026:20:32:22 +0500] "GET /goods.php?064031902.htm HTTP/1.1" 508 288 "-" "Mozilla/5.0 (X11; Linux x86_64) AppleWebKit/537.36 (KHTML, like Gecko; GeedoShopProductFinder) Chrome/142.0.0.0 Safari/537.36"
83.99.206.146 - - [06/Apr/2026:20:32:31 +0500] "GET /goods.php?jp/184027578.html HTTP/1.1" 508 288 "-" "Mozilla/5.0 (X11; Linux x86_64) AppleWebKit/537.36 (KHTML, like Gecko; GeedoShopProductFinder) Chrome/142.0.0.0 Safari/537.36"
74.7.227.39 - - [06/Apr/2026:20:32:34 +0500] "GET /filemanger/delete_line.php?dir=%2Fhome%2Fsportsfever%2Fpublic_html%2Fclone%2Fwp-content%2Fplugins%2Fsitepress-multilingual-cms%2Flib%2Ftwig%2Fsrc%2FExtension&line=978&name=CoreExtension.php HTTP/1.1" 508 288 "http://mail.sportsfever360.com/filemanger/edit_text_line.php?dir=%2Fhome%2Fsportsfever%2Fpublic_html%2Fclone%2Fwp-content%2Fplugins%2Fsitepress-multilingual-cms%2Flib%2Ftwig%2Fsrc%2FExtension&name=CoreExtension.php&page=2" "Mozilla/5.0 AppleWebKit/537.36 (KHTML, like Gecko; compatible; GPTBot/1.3; +https://openai.com/gptbot)"
65.108.125.120 - - [06/Apr/2026:20:32:05 +0500] "GET /filemanger/edit_text_line.php?dir=/home/sportsfever&name=.bashrc HTTP/1.1" 200 1590 "-" "Mozilla/5.0 (compatible; MJ12bot/v1.4.8; http://mj12bot.com/)"
65.108.125.120 - - [06/Apr/2026:20:32:47 +0500] "GET /filemanger/edit_text_line.php?dir=/home/sportsfever&name=.cloud-locale-test.skip HTTP/1.1" 200 1107 "-" "Mozilla/5.0 (compatible; MJ12bot/v1.4.8; http://mj12bot.com/)"
83.99.206.160 - - [06/Apr/2026:20:32:55 +0500] "GET /goods.php?jp/184027578.html HTTP/1.1" 200 21435 "-" "Mozilla/5.0 (X11; Linux x86_64) AppleWebKit/537.36 (KHTML, like Gecko; GeedoShopProductFinder) Chrome/142.0.0.0 Safari/537.36"
65.108.125.120 - - [06/Apr/2026:20:33:08 +0500] "GET /filemanger/edit_text_line.php?dir=/home/sportsfever&name=.gemrc HTTP/1.1" 200 1250 "-" "Mozilla/5.0 (compatible; MJ12bot/v1.4.8; http://mj12bot.com/)"
65.108.125.120 - - [06/Apr/2026:20:33:24 +0500] "GET /filemanger/edit_text_line.php?dir=/home/sportsfever&name=.imunify_patch_id HTTP/1.1" 200 1212 "-" "Mozilla/5.0 (compatible; MJ12bot/v1.4.8; http://mj12bot.com/)"
83.99.206.160 - - [06/Apr/2026:20:33:31 +0500] "GET /goods.php?1102502490 HTTP/1.1" 200 21673 "-" "Mozilla/5.0 (X11; Linux x86_64) AppleWebKit/537.36 (KHTML, like Gecko; GeedoShopProductFinder) Chrome/142.0.0.0 Safari/537.36"
74.7.227.39 - - [06/Apr/2026:20:33:39 +0500] "GET /filemanger/delete_line.php?dir=%2Fhome%2Fsportsfever%2Fpublic_html%2Fclone%2Fwp-content%2Fplugins%2Fsitepress-multilingual-cms%2Flib%2Ftwig%2Fsrc%2FExtension&line=502&name=CoreExtension.php HTTP/1.1" 200 616 "http://mail.sportsfever360.com/filemanger/edit_text_line.php?dir=%2Fhome%2Fsportsfever%2Fpublic_html%2Fclone%2Fwp-content%2Fplugins%2Fsitepress-multilingual-cms%2Flib%2Ftwig%2Fsrc%2FExtension&name=CoreExtension.php&page=2" "Mozilla/5.0 AppleWebKit/537.36 (KHTML, like Gecko; compatible; GPTBot/1.3; +https://openai.com/gptbot)"
66.249.79.8 - - [06/Apr/2026:20:34:34 +0500] "GET /wp-activate.php/jukyuban//?_g=1540679 HTTP/1.1" 508 288 "-" "Mozilla/5.0 (Linux; Android 6.0.1; Nexus 5X Build/MMB29P) AppleWebKit/537.36 (KHTML, like Gecko) Chrome/146.0.7680.177 Mobile Safari/537.36 (compatible; Googlebot/2.1; +http://www.google.com/bot.html)"
74.7.227.39 - - [06/Apr/2026:20:34:39 +0500] "GET /filemanger/edit_line.php?dir=%2Fhome%2Fsportsfever%2Fpublic_html%2Fclone%2Fwp-content%2Fplugins%2Fsitepress-multilingual-cms%2Flib%2Ftwig%2Fsrc%2FExtension&line=1142&name=CoreExtension.php HTTP/1.1" 508 288 "http://mail.sportsfever360.com/filemanger/edit_text_line.php?dir=%2Fhome%2Fsportsfever%2Fpublic_html%2Fclone%2Fwp-content%2Fplugins%2Fsitepress-multilingual-cms%2Flib%2Ftwig%2Fsrc%2FExtension&name=CoreExtension.php&page=3" "Mozilla/5.0 AppleWebKit/537.36 (KHTML, like Gecko; compatible; GPTBot/1.3; +https://openai.com/gptbot)"
66.249.79.7 - - [06/Apr/2026:20:34:45 +0500] "GET /wp-activate.php//?_g=839582 HTTP/1.1" 508 288 "-" "Mozilla/5.0 (Linux; Android 6.0.1; Nexus 5X Build/MMB29P) AppleWebKit/537.36 (KHTML, like Gecko) Chrome/146.0.7680.177 Mobile Safari/537.36 (compatible; Googlebot/2.1; +http://www.google.com/bot.html)"
65.108.125.120 - - [06/Apr/2026:20:33:46 +0500] "GET /filemanger/edit_text_line.php?dir=/home/sportsfever&name=.lastlogin HTTP/1.1" 200 1544 "-" "Mozilla/5.0 (compatible; MJ12bot/v1.4.8; http://mj12bot.com/)"
83.99.206.205 - - [06/Apr/2026:20:34:24 +0500] "GET /goods.php?072028088.htm HTTP/1.1" 200 21874 "-" "Mozilla/5.0 (X11; Linux x86_64) AppleWebKit/537.36 (KHTML, like Gecko; GeedoShopProductFinder) Chrome/142.0.0.0 Safari/537.36"
83.99.206.205 - - [06/Apr/2026:20:34:55 +0500] "GET /goods.php?076046264.htm HTTP/1.1" 200 20956 "-" "Mozilla/5.0 (X11; Linux x86_64) AppleWebKit/537.36 (KHTML, like Gecko; GeedoShopProductFinder) Chrome/142.0.0.0 Safari/537.36"
74.7.227.39 - - [06/Apr/2026:20:35:45 +0500] "GET /filemanger/delete_line.php?dir=%2Fhome%2Fsportsfever%2Fpublic_html%2Fclone%2Fwp-content%2Fplugins%2Fsitepress-multilingual-cms%2Flib%2Ftwig%2Fsrc%2FExtension&line=920&name=CoreExtension.php HTTP/1.1" 508 288 "http://mail.sportsfever360.com/filemanger/edit_text_line.php?dir=%2Fhome%2Fsportsfever%2Fpublic_html%2Fclone%2Fwp-content%2Fplugins%2Fsitepress-multilingual-cms%2Flib%2Ftwig%2Fsrc%2FExtension&name=CoreExtension.php&page=2" "Mozilla/5.0 AppleWebKit/537.36 (KHTML, like Gecko; compatible; GPTBot/1.3; +https://openai.com/gptbot)"
83.99.206.24 - - [06/Apr/2026:20:35:26 +0500] "GET /goods.php?goods/251014878 HTTP/1.1" 200 20738 "-" "Mozilla/5.0 (X11; Linux x86_64) AppleWebKit/537.36 (KHTML, like Gecko; GeedoShopProductFinder) Chrome/142.0.0.0 Safari/537.36"
83.99.206.125 - - [06/Apr/2026:20:36:10 +0500] "GET /goods.php?919795566 HTTP/1.1" 200 20475 "-" "Mozilla/5.0 (X11; Linux x86_64) AppleWebKit/537.36 (KHTML, like Gecko; GeedoShopProductFinder) Chrome/142.0.0.0 Safari/537.36"
44.192.246.91 - - [06/Apr/2026:20:36:18 +0500] "GET / HTTP/1.1" 200 20 "-" "Mozilla/5.0 (compatible; Barcada/1.0)"
83.99.206.205 - - [06/Apr/2026:20:36:18 +0500] "GET /goods.php?017037839.htm HTTP/1.1" 200 21770 "-" "Mozilla/5.0 (X11; Linux x86_64) AppleWebKit/537.36 (KHTML, like Gecko; GeedoShopProductFinder) Chrome/142.0.0.0 Safari/537.36"
44.192.246.91 - - [06/Apr/2026:20:36:23 +0500] "GET / HTTP/1.1" 200 20 "-" "Mozilla/5.0 (compatible; Barcada/1.0)"
66.249.79.7 - - [06/Apr/2026:20:36:22 +0500] "GET /wp-activate.php//?_g=1131482 HTTP/1.1" 302 20 "-" "Mozilla/5.0 (Linux; Android 6.0.1; Nexus 5X Build/MMB29P) AppleWebKit/537.36 (KHTML, like Gecko) Chrome/146.0.7680.177 Mobile Safari/537.36 (compatible; Googlebot/2.1; +http://www.google.com/bot.html)"
74.7.227.39 - - [06/Apr/2026:20:36:46 +0500] "GET /filemanger/delete_line.php?dir=%2Fhome%2Fsportsfever%2Fpublic_html%2Fclone%2Fwp-content%2Fplugins%2Fsitepress-multilingual-cms%2Flib%2Ftwig%2Fsrc%2FExtension&line=903&name=CoreExtension.php HTTP/1.1" 508 288 "http://mail.sportsfever360.com/filemanger/edit_text_line.php?dir=%2Fhome%2Fsportsfever%2Fpublic_html%2Fclone%2Fwp-content%2Fplugins%2Fsitepress-multilingual-cms%2Flib%2Ftwig%2Fsrc%2FExtension&name=CoreExtension.php&page=2" "Mozilla/5.0 AppleWebKit/537.36 (KHTML, like Gecko; compatible; GPTBot/1.3; +https://openai.com/gptbot)"
136.243.219.57 - - [06/Apr/2026:20:36:35 +0500] "POST /wp-cron.php?doing_wp_cron=1775489795.6475350856781005859375 HTTP/1.1" 200 20 "-" "WordPress/6.6.5; https://sportsfever360.com"
83.99.206.202 - - [06/Apr/2026:20:36:35 +0500] "GET /goods.php?031034371.htm HTTP/1.1" 200 20950 "-" "Mozilla/5.0 (X11; Linux x86_64) AppleWebKit/537.36 (KHTML, like Gecko; GeedoShopProductFinder) Chrome/142.0.0.0 Safari/537.36"
83.99.206.95 - - [06/Apr/2026:20:37:06 +0500] "GET /goods.php?Muslim_c185043336.shtm HTTP/1.1" 508 288 "-" "Mozilla/5.0 (X11; Linux x86_64) AppleWebKit/537.36 (KHTML, like Gecko; GeedoShopProductFinder) Chrome/142.0.0.0 Safari/537.36"
74.7.227.39 - - [06/Apr/2026:20:37:52 +0500] "GET /filemanger/delete_line.php?dir=%2Fhome%2Fsportsfever%2Fpublic_html%2Fclone%2Fwp-content%2Fplugins%2Fsitepress-multilingual-cms%2Flib%2Ftwig%2Fsrc%2FExtension&line=670&name=CoreExtension.php HTTP/1.1" 508 288 "http://mail.sportsfever360.com/filemanger/edit_text_line.php?dir=%2Fhome%2Fsportsfever%2Fpublic_html%2Fclone%2Fwp-content%2Fplugins%2Fsitepress-multilingual-cms%2Flib%2Ftwig%2Fsrc%2FExtension&name=CoreExtension.php&page=2" "Mozilla/5.0 AppleWebKit/537.36 (KHTML, like Gecko; compatible; GPTBot/1.3; +https://openai.com/gptbot)"
136.243.219.57 - - [06/Apr/2026:20:38:13 +0500] "POST /wp-cron.php?doing_wp_cron=1775489893.3612420558929443359375 HTTP/1.1" 508 288 "-" "WordPress/6.6.5; https://sportsfever360.com"
66.249.79.6 - - [06/Apr/2026:20:37:59 +0500] "GET /wp-blog-header.php/information/privacy_policy.html//?_g=1332332 HTTP/1.1" 404 143 "-" "Mozilla/5.0 (Linux; Android 6.0.1; Nexus 5X Build/MMB29P) AppleWebKit/537.36 (KHTML, like Gecko) Chrome/146.0.7680.177 Mobile Safari/537.36 (compatible; Googlebot/2.1; +http://www.google.com/bot.html)"
74.7.227.39 - - [06/Apr/2026:20:38:56 +0500] "GET /filemanger/delete_line.php?dir=%2Fhome%2Fsportsfever%2Fpublic_html%2Fclone%2Fwp-content%2Fplugins%2Fsitepress-multilingual-cms%2Flib%2Ftwig%2Fsrc%2FExtension&line=1282&name=CoreExtension.php HTTP/1.1" 200 616 "http://mail.sportsfever360.com/filemanger/edit_text_line.php?dir=%2Fhome%2Fsportsfever%2Fpublic_html%2Fclone%2Fwp-content%2Fplugins%2Fsitepress-multilingual-cms%2Flib%2Ftwig%2Fsrc%2FExtension&name=CoreExtension.php&page=3" "Mozilla/5.0 AppleWebKit/537.36 (KHTML, like Gecko; compatible; GPTBot/1.3; +https://openai.com/gptbot)"
83.99.206.105 - - [06/Apr/2026:20:39:06 +0500] "GET /goods.php?cold_r043026044.shtm HTTP/1.1" 200 20917 "-" "Mozilla/5.0 (X11; Linux x86_64) AppleWebKit/537.36 (KHTML, like Gecko; GeedoShopProductFinder) Chrome/142.0.0.0 Safari/537.36"
83.99.206.105 - - [06/Apr/2026:20:39:27 +0500] "GET /goods.php?258028330.htm HTTP/1.1" 200 21159 "-" "Mozilla/5.0 (X11; Linux x86_64) AppleWebKit/537.36 (KHTML, like Gecko; GeedoShopProductFinder) Chrome/142.0.0.0 Safari/537.36"
66.249.79.7 - - [06/Apr/2026:20:39:35 +0500] "GET /wp-blog-header.php/information/privacy_policy.html//?_g=1241884 HTTP/1.1" 404 143 "-" "Mozilla/5.0 (Linux; Android 6.0.1; Nexus 5X Build/MMB29P) AppleWebKit/537.36 (KHTML, like Gecko) Chrome/146.0.7680.177 Mobile Safari/537.36 (compatible; Googlebot/2.1; +http://www.google.com/bot.html)"
136.243.219.57 - - [06/Apr/2026:20:39:44 +0500] "POST /wp-cron.php?doing_wp_cron=1775489984.3181440830230712890625 HTTP/1.1" 200 20 "-" "WordPress/6.6.5; https://sportsfever360.com"
74.7.227.39 - - [06/Apr/2026:20:39:59 +0500] "GET /filemanger/edit_line.php?dir=%2Fhome%2Fsportsfever%2Fpublic_html%2Fclone%2Fwp-content%2Fplugins%2Fsitepress-multilingual-cms%2Flib%2Ftwig%2Fsrc%2FExtension&line=1132&name=CoreExtension.php HTTP/1.1" 508 288 "http://mail.sportsfever360.com/filemanger/edit_text_line.php?dir=%2Fhome%2Fsportsfever%2Fpublic_html%2Fclone%2Fwp-content%2Fplugins%2Fsitepress-multilingual-cms%2Flib%2Ftwig%2Fsrc%2FExtension&name=CoreExtension.php&page=3" "Mozilla/5.0 AppleWebKit/537.36 (KHTML, like Gecko; compatible; GPTBot/1.3; +https://openai.com/gptbot)"
83.99.206.105 - - [06/Apr/2026:20:39:46 +0500] "GET /goods.php?171034577.htm HTTP/1.1" 200 20869 "-" "Mozilla/5.0 (X11; Linux x86_64) AppleWebKit/537.36 (KHTML, like Gecko; GeedoShopProductFinder) Chrome/142.0.0.0 Safari/537.36"
83.99.206.29 - - [06/Apr/2026:20:40:06 +0500] "GET /goods.php?goods/129037039 HTTP/1.1" 508 288 "-" "Mozilla/5.0 (X11; Linux x86_64) AppleWebKit/537.36 (KHTML, like Gecko; GeedoShopProductFinder) Chrome/142.0.0.0 Safari/537.36"
83.99.206.105 - - [06/Apr/2026:20:40:31 +0500] "GET /goods.php?goods/129037039 HTTP/1.1" 508 288 "-" "Mozilla/5.0 (X11; Linux x86_64) AppleWebKit/537.36 (KHTML, like Gecko; GeedoShopProductFinder) Chrome/142.0.0.0 Safari/537.36"
14.163.241.110 - - [06/Apr/2026:20:40:20 +0500] "GET /series/ HTTP/1.1" 200 20 "-" "Mozilla/5.0 (Macintosh; Intel Mac OS X 14_7_0) AppleWebKit/537.36 (KHTML, like Gecko) Chrome/134.0.6998.45 Safari/537.36"
83.99.206.105 - - [06/Apr/2026:20:40:32 +0500] "GET /goods.php?hence_j026001323.shtm HTTP/1.1" 200 20729 "-" "Mozilla/5.0 (X11; Linux x86_64) AppleWebKit/537.36 (KHTML, like Gecko; GeedoShopProductFinder) Chrome/142.0.0.0 Safari/537.36"
83.99.206.105 - - [06/Apr/2026:20:40:46 +0500] "GET /goods.php?credit_e052000691.shtm HTTP/1.1" 508 288 "-" "Mozilla/5.0 (X11; Linux x86_64) AppleWebKit/537.36 (KHTML, like Gecko; GeedoShopProductFinder) Chrome/142.0.0.0 Safari/537.36"
74.7.227.39 - - [06/Apr/2026:20:40:57 +0500] "GET /filemanger/delete_line.php?dir=%2Fhome%2Fsportsfever%2Fpublic_html%2Fclone%2Fwp-content%2Fplugins%2Fsitepress-multilingual-cms%2Flib%2Ftwig%2Fsrc%2FExtension&line=539&name=CoreExtension.php HTTP/1.1" 508 288 "http://mail.sportsfever360.com/filemanger/edit_text_line.php?dir=%2Fhome%2Fsportsfever%2Fpublic_html%2Fclone%2Fwp-content%2Fplugins%2Fsitepress-multilingual-cms%2Flib%2Ftwig%2Fsrc%2FExtension&name=CoreExtension.php&page=2" "Mozilla/5.0 AppleWebKit/537.36 (KHTML, like Gecko; compatible; GPTBot/1.3; +https://openai.com/gptbot)"
83.99.206.182 - - [06/Apr/2026:20:41:28 +0500] "GET /goods.php?goods/057007623 HTTP/1.1" 200 21451 "-" "Mozilla/5.0 (X11; Linux x86_64) AppleWebKit/537.36 (KHTML, like Gecko; GeedoShopProductFinder) Chrome/142.0.0.0 Safari/537.36"
83.99.206.182 - - [06/Apr/2026:20:41:47 +0500] "GET /goods.php?task_h057017768.shtm HTTP/1.1" 200 20873 "-" "Mozilla/5.0 (X11; Linux x86_64) AppleWebKit/537.36 (KHTML, like Gecko; GeedoShopProductFinder) Chrome/142.0.0.0 Safari/537.36"
74.7.227.39 - - [06/Apr/2026:20:42:00 +0500] "GET /filemanger/delete_line.php?dir=%2Fhome%2Fsportsfever%2Fpublic_html%2Fclone%2Fwp-content%2Fplugins%2Fsitepress-multilingual-cms%2Flib%2Ftwig%2Fsrc%2FExtension&line=711&name=CoreExtension.php HTTP/1.1" 508 288 "http://mail.sportsfever360.com/filemanger/edit_text_line.php?dir=%2Fhome%2Fsportsfever%2Fpublic_html%2Fclone%2Fwp-content%2Fplugins%2Fsitepress-multilingual-cms%2Flib%2Ftwig%2Fsrc%2FExtension&name=CoreExtension.php&page=2" "Mozilla/5.0 AppleWebKit/537.36 (KHTML, like Gecko; compatible; GPTBot/1.3; +https://openai.com/gptbot)"
83.99.206.182 - - [06/Apr/2026:20:42:07 +0500] "GET /goods.php?006007110.htm HTTP/1.1" 200 21288 "-" "Mozilla/5.0 (X11; Linux x86_64) AppleWebKit/537.36 (KHTML, like Gecko; GeedoShopProductFinder) Chrome/142.0.0.0 Safari/537.36"
136.243.219.57 - - [06/Apr/2026:20:42:17 +0500] "POST /wp-cron.php?doing_wp_cron=1775490137.1196510791778564453125 HTTP/1.1" 200 20 "-" "WordPress/6.6.5; https://sportsfever360.com"
66.249.79.8 - - [06/Apr/2026:20:42:12 +0500] "GET /wp-blog-header.php/information/privacy_policy.html//?_g=1324462 HTTP/1.1" 404 143 "-" "Mozilla/5.0 (Linux; Android 6.0.1; Nexus 5X Build/MMB29P) AppleWebKit/537.36 (KHTML, like Gecko) Chrome/146.0.7680.177 Mobile Safari/537.36 (compatible; Googlebot/2.1; +http://www.google.com/bot.html)"
83.99.206.110 - - [06/Apr/2026:20:42:27 +0500] "GET /goods.php?004036186.htm HTTP/1.1" 200 21862 "-" "Mozilla/5.0 (X11; Linux x86_64) AppleWebKit/537.36 (KHTML, like Gecko; GeedoShopProductFinder) Chrome/142.0.0.0 Safari/537.36"
83.99.206.182 - - [06/Apr/2026:20:42:47 +0500] "GET /goods.php?jp/257014795.html HTTP/1.1" 200 21417 "-" "Mozilla/5.0 (X11; Linux x86_64) AppleWebKit/537.36 (KHTML, like Gecko; GeedoShopProductFinder) Chrome/142.0.0.0 Safari/537.36"
66.249.79.6 - - [06/Apr/2026:20:43:01 +0500] "GET /wp-activate.php//?_g=1349551 HTTP/1.1" 302 20 "-" "Mozilla/5.0 (Linux; Android 6.0.1; Nexus 5X Build/MMB29P) AppleWebKit/537.36 (KHTML, like Gecko) Chrome/146.0.7680.177 Mobile Safari/537.36 (compatible; Googlebot/2.1; +http://www.google.com/bot.html)"
74.7.227.39 - - [06/Apr/2026:20:43:01 +0500] "GET /filemanger/delete_line.php?dir=%2Fhome%2Fsportsfever%2Fpublic_html%2Fclone%2Fwp-content%2Fplugins%2Fsitepress-multilingual-cms%2Flib%2Ftwig%2Fsrc%2FExtension&line=523&name=CoreExtension.php HTTP/1.1" 200 616 "http://mail.sportsfever360.com/filemanger/edit_text_line.php?dir=%2Fhome%2Fsportsfever%2Fpublic_html%2Fclone%2Fwp-content%2Fplugins%2Fsitepress-multilingual-cms%2Flib%2Ftwig%2Fsrc%2FExtension&name=CoreExtension.php&page=2" "Mozilla/5.0 AppleWebKit/537.36 (KHTML, like Gecko; compatible; GPTBot/1.3; +https://openai.com/gptbot)"
216.244.66.250 - - [06/Apr/2026:20:43:05 +0500] "GET /robots.txt HTTP/1.1" 200 397 "-" "Mozilla/5.0 (compatible; DotBot/1.2; +https://opensiteexplorer.org/dotbot; help@moz.com)"
83.99.206.26 - - [06/Apr/2026:20:43:07 +0500] "GET /goods.php?detail/24804595623952 HTTP/1.1" 200 21202 "-" "Mozilla/5.0 (X11; Linux x86_64) AppleWebKit/537.36 (KHTML, like Gecko; GeedoShopProductFinder) Chrome/142.0.0.0 Safari/537.36"
83.99.206.205 - - [06/Apr/2026:20:43:27 +0500] "GET /goods.php?jp/200040348.html HTTP/1.1" 200 20572 "-" "Mozilla/5.0 (X11; Linux x86_64) AppleWebKit/537.36 (KHTML, like Gecko; GeedoShopProductFinder) Chrome/142.0.0.0 Safari/537.36"
83.99.206.150 - - [06/Apr/2026:20:43:47 +0500] "GET /goods.php?060039520.htm HTTP/1.1" 200 20882 "-" "Mozilla/5.0 (X11; Linux x86_64) AppleWebKit/537.36 (KHTML, like Gecko; GeedoShopProductFinder) Chrome/142.0.0.0 Safari/537.36"
74.7.227.39 - - [06/Apr/2026:20:44:06 +0500] "GET /filemanger/delete_line.php?dir=%2Fhome%2Fsportsfever%2Fpublic_html%2Fclone%2Fwp-content%2Fplugins%2Fsitepress-multilingual-cms%2Flib%2Ftwig%2Fsrc%2FExtension&line=655&name=CoreExtension.php HTTP/1.1" 200 616 "http://mail.sportsfever360.com/filemanger/edit_text_line.php?dir=%2Fhome%2Fsportsfever%2Fpublic_html%2Fclone%2Fwp-content%2Fplugins%2Fsitepress-multilingual-cms%2Flib%2Ftwig%2Fsrc%2FExtension&name=CoreExtension.php&page=2" "Mozilla/5.0 AppleWebKit/537.36 (KHTML, like Gecko; compatible; GPTBot/1.3; +https://openai.com/gptbot)"
83.99.206.130 - - [06/Apr/2026:20:44:07 +0500] "GET /goods.php?270010084.htm HTTP/1.1" 200 20995 "-" "Mozilla/5.0 (X11; Linux x86_64) AppleWebKit/537.36 (KHTML, like Gecko; GeedoShopProductFinder) Chrome/142.0.0.0 Safari/537.36"
136.243.219.57 - - [06/Apr/2026:20:44:27 +0500] "POST /wp-cron.php?doing_wp_cron=1775490267.4402689933776855468750 HTTP/1.1" 200 20 "-" "WordPress/6.6.5; https://sportsfever360.com"
66.249.79.7 - - [06/Apr/2026:20:44:26 +0500] "GET /wp-blog-header.php/information/privacy_policy.html//?_g=127566 HTTP/1.1" 404 143 "-" "Mozilla/5.0 (Linux; Android 6.0.1; Nexus 5X Build/MMB29P) AppleWebKit/537.36 (KHTML, like Gecko) Chrome/146.0.7680.177 Mobile Safari/537.36 (compatible; Googlebot/2.1; +http://www.google.com/bot.html)"
83.99.206.205 - - [06/Apr/2026:20:44:27 +0500] "GET /goods.php?dangerous_a042021677.shtm HTTP/1.1" 200 20794 "-" "Mozilla/5.0 (X11; Linux x86_64) AppleWebKit/537.36 (KHTML, like Gecko; GeedoShopProductFinder) Chrome/142.0.0.0 Safari/537.36"
83.99.206.205 - - [06/Apr/2026:20:44:47 +0500] "GET /goods.php?072038798.htm HTTP/1.1" 200 21480 "-" "Mozilla/5.0 (X11; Linux x86_64) AppleWebKit/537.36 (KHTML, like Gecko; GeedoShopProductFinder) Chrome/142.0.0.0 Safari/537.36"
74.7.227.39 - - [06/Apr/2026:20:45:04 +0500] "GET /filemanger/delete_line.php?dir=%2Fhome%2Fsportsfever%2Fpublic_html%2Fclone%2Fwp-content%2Fplugins%2Fsitepress-multilingual-cms%2Flib%2Ftwig%2Fsrc%2FExtension&line=1228&name=CoreExtension.php HTTP/1.1" 200 616 "http://mail.sportsfever360.com/filemanger/edit_text_line.php?dir=%2Fhome%2Fsportsfever%2Fpublic_html%2Fclone%2Fwp-content%2Fplugins%2Fsitepress-multilingual-cms%2Flib%2Ftwig%2Fsrc%2FExtension&name=CoreExtension.php&page=3" "Mozilla/5.0 AppleWebKit/537.36 (KHTML, like Gecko; compatible; GPTBot/1.3; +https://openai.com/gptbot)"
83.99.206.205 - - [06/Apr/2026:20:45:07 +0500] "GET /goods.php?detail/03500064539819 HTTP/1.1" 200 21330 "-" "Mozilla/5.0 (X11; Linux x86_64) AppleWebKit/537.36 (KHTML, like Gecko; GeedoShopProductFinder) Chrome/142.0.0.0 Safari/537.36"
83.99.206.95 - - [06/Apr/2026:20:45:28 +0500] "GET /goods.php?sweep_t257029818.shtm HTTP/1.1" 200 20812 "-" "Mozilla/5.0 (X11; Linux x86_64) AppleWebKit/537.36 (KHTML, like Gecko; GeedoShopProductFinder) Chrome/142.0.0.0 Safari/537.36"
83.99.206.9 - - [06/Apr/2026:20:45:48 +0500] "GET /goods.php?grip_d067029474.shtm HTTP/1.1" 200 21033 "-" "Mozilla/5.0 (X11; Linux x86_64) AppleWebKit/537.36 (KHTML, like Gecko; GeedoShopProductFinder) Chrome/142.0.0.0 Safari/537.36"
74.7.227.39 - - [06/Apr/2026:20:45:55 +0500] "GET /filemanger/delete_line.php?dir=%2Fhome%2Fsportsfever%2Fpublic_html%2Fclone%2Fwp-content%2Fplugins%2Fsitepress-multilingual-cms%2Flib%2Ftwig%2Fsrc%2FExtension&line=1264&name=CoreExtension.php HTTP/1.1" 200 616 "http://mail.sportsfever360.com/filemanger/edit_text_line.php?dir=%2Fhome%2Fsportsfever%2Fpublic_html%2Fclone%2Fwp-content%2Fplugins%2Fsitepress-multilingual-cms%2Flib%2Ftwig%2Fsrc%2FExtension&name=CoreExtension.php&page=3" "Mozilla/5.0 AppleWebKit/537.36 (KHTML, like Gecko; compatible; GPTBot/1.3; +https://openai.com/gptbot)"
136.243.219.57 - - [06/Apr/2026:20:46:03 +0500] "POST /wp-cron.php?doing_wp_cron=1775490363.2455110549926757812500 HTTP/1.1" 200 20 "-" "WordPress/6.6.5; https://sportsfever360.com"
66.249.79.7 - - [06/Apr/2026:20:46:03 +0500] "GET /wp-activate.php/jukyuban//?_g=244813 HTTP/1.1" 302 20 "-" "Mozilla/5.0 (Linux; Android 6.0.1; Nexus 5X Build/MMB29P) AppleWebKit/537.36 (KHTML, like Gecko) Chrome/146.0.7680.177 Mobile Safari/537.36 (compatible; Googlebot/2.1; +http://www.google.com/bot.html)"
83.99.206.95 - - [06/Apr/2026:20:46:08 +0500] "GET /goods.php?076025020.htm HTTP/1.1" 200 21285 "-" "Mozilla/5.0 (X11; Linux x86_64) AppleWebKit/537.36 (KHTML, like Gecko; GeedoShopProductFinder) Chrome/142.0.0.0 Safari/537.36"
83.99.206.95 - - [06/Apr/2026:20:46:28 +0500] "GET /goods.php?1148322279 HTTP/1.1" 200 21631 "-" "Mozilla/5.0 (X11; Linux x86_64) AppleWebKit/537.36 (KHTML, like Gecko; GeedoShopProductFinder) Chrome/142.0.0.0 Safari/537.36"
74.7.227.39 - - [06/Apr/2026:20:46:40 +0500] "GET /filemanger/delete_line.php?dir=%2Fhome%2Fsportsfever%2Fpublic_html%2Fclone%2Fwp-content%2Fplugins%2Fsitepress-multilingual-cms%2Flib%2Ftwig%2Fsrc%2FExtension&line=1238&name=CoreExtension.php HTTP/1.1" 200 616 "http://mail.sportsfever360.com/filemanger/edit_text_line.php?dir=%2Fhome%2Fsportsfever%2Fpublic_html%2Fclone%2Fwp-content%2Fplugins%2Fsitepress-multilingual-cms%2Flib%2Ftwig%2Fsrc%2FExtension&name=CoreExtension.php&page=3" "Mozilla/5.0 AppleWebKit/537.36 (KHTML, like Gecko; compatible; GPTBot/1.3; +https://openai.com/gptbot)"
83.99.206.95 - - [06/Apr/2026:20:46:48 +0500] "GET /goods.php?1145046203 HTTP/1.1" 200 21123 "-" "Mozilla/5.0 (X11; Linux x86_64) AppleWebKit/537.36 (KHTML, like Gecko; GeedoShopProductFinder) Chrome/142.0.0.0 Safari/537.36"
172.213.234.56 - - [06/Apr/2026:20:46:56 +0500] "GET /wp-content/plugins/hellopress/wp_filemanager.php HTTP/1.1" 200 - "-" "-"
172.213.234.56 - - [06/Apr/2026:20:46:57 +0500] "GET /inputs.php HTTP/1.1" 200 - "-" "-"
83.99.206.95 - - [06/Apr/2026:20:47:08 +0500] "GET /goods.php?offender_a241041436.shtm HTTP/1.1" 508 288 "-" "Mozilla/5.0 (X11; Linux x86_64) AppleWebKit/537.36 (KHTML, like Gecko; GeedoShopProductFinder) Chrome/142.0.0.0 Safari/537.36"
