57.141.20.36 - - [09/Mar/2026:17:11:17 +0500] "GET /filemanger/edit_line.php?dir=%2Fhome%2Fsportsfever%2Fpublic_html%2Fclone%2Fwp-content%2Fplugins%2Fsupreme-modules-for-divi%2Fincludes%2Fmodules%2FButtons&name=hover.css&line=4642 HTTP/1.1" 200 1551 "-" "meta-externalagent/1.1 (+https://developers.facebook.com/docs/sharing/webmasters/crawler)"
74.7.227.128 - - [09/Mar/2026:17:11:17 +0500] "GET /filemanger/edit_line.php?dir=%2Fhome%2Fsportsfever%2Fwww%2Fwp-content%2Fplugins%2Fwordpress-whatsapp-support%2Fincludes%2Fadmin%2Fviews&line=4&name=admin-plugin-support.php HTTP/1.1" 200 618 "https://www.sportsfever360.com/filemanger/edit_text_line.php?dir=%2Fhome%2Fsportsfever%2Fwww%2Fwp-content%2Fplugins%2Fwordpress-whatsapp-support%2Fincludes%2Fadmin%2Fviews&name=admin-plugin-support.php" "Mozilla/5.0 AppleWebKit/537.36 (KHTML, like Gecko; compatible; GPTBot/1.3; +https://openai.com/gptbot)"
74.7.227.43 - - [09/Mar/2026:17:11:18 +0500] "GET /filemanger/import.php?dir=%2Fhome%2Fsportsfever%2Fhttpdocs%2Fclone%2Fwp-includes%2Fcss%2Fdist%2Fedit-widgets HTTP/1.1" 200 853 "https://sportsfever360.com/filemanger/index.php?dir=%2Fhome%2Fsportsfever%2Fhttpdocs%2Fclone%2Fwp-includes%2Fcss%2Fdist%2Fedit-widgets" "Mozilla/5.0 AppleWebKit/537.36 (KHTML, like Gecko; compatible; GPTBot/1.3; +https://openai.com/gptbot)"
57.141.20.6 - - [09/Mar/2026:17:11:18 +0500] "GET /filemanger/edit_line.php?dir=%2Fhome%2Fsportsfever%2Fwww%2Fwp-content%2Fplugins%2Fwordpress-seo%2Fsrc%2Fanalytics%2Fapplication&name=missing-indexables-collector.php&line=64 HTTP/1.1" 200 1551 "-" "meta-externalagent/1.1 (+https://developers.facebook.com/docs/sharing/webmasters/crawler)"
74.7.227.128 - - [09/Mar/2026:17:11:18 +0500] "GET /filemanger/edit_line.php?dir=%2Fhome%2Fsportsfever%2Fwww%2Fwp-content%2Fplugins%2Fwordpress-whatsapp-support%2Fincludes%2Fadmin%2Fviews&line=6&name=admin-plugin-support.php HTTP/1.1" 200 618 "https://www.sportsfever360.com/filemanger/edit_text_line.php?dir=%2Fhome%2Fsportsfever%2Fwww%2Fwp-content%2Fplugins%2Fwordpress-whatsapp-support%2Fincludes%2Fadmin%2Fviews&name=admin-plugin-support.php" "Mozilla/5.0 AppleWebKit/537.36 (KHTML, like Gecko; compatible; GPTBot/1.3; +https://openai.com/gptbot)"
57.141.20.46 - - [09/Mar/2026:17:11:18 +0500] "GET /filemanger/edit_line.php?dir=%2Fhome%2Fsportsfever%2Fpublic_html%2Fclone%2Fwp-content%2Fwflogs&name=GeoLite2-Country.mmdb&line=148760 HTTP/1.1" 200 1756 "-" "meta-externalagent/1.1 (+https://developers.facebook.com/docs/sharing/webmasters/crawler)"
74.7.227.43 - - [09/Mar/2026:17:11:18 +0500] "GET /filemanger/file_Copy.php?dir=%2Fhome%2Fsportsfever%2Fpublic_html%2Fwp-content%2Fplugins%2Fninja-forms%2Fincludes%2FTemplates&name=fields-address2.html HTTP/1.1" 200 20 "https://sportsfever360.com/filemanger/file_chmod.php?dir=%2Fhome%2Fsportsfever%2Fpublic_html%2Fwp-content%2Fplugins%2Fninja-forms%2Fincludes%2FTemplates&name=fields-address2.html" "Mozilla/5.0 AppleWebKit/537.36 (KHTML, like Gecko; compatible; GPTBot/1.3; +https://openai.com/gptbot)"
74.7.227.128 - - [09/Mar/2026:17:11:18 +0500] "GET /filemanger/edit_line.php?dir=%2Fhome%2Fsportsfever%2Fwww%2Fwp-content%2Fplugins%2Fwordpress-whatsapp-support%2Fincludes%2Fadmin%2Fviews&line=32&name=admin-manage-support-persons.php HTTP/1.1" 200 618 "https://www.sportsfever360.com/filemanger/edit_text_line.php?dir=%2Fhome%2Fsportsfever%2Fwww%2Fwp-content%2Fplugins%2Fwordpress-whatsapp-support%2Fincludes%2Fadmin%2Fviews&name=admin-manage-support-persons.php" "Mozilla/5.0 AppleWebKit/537.36 (KHTML, like Gecko; compatible; GPTBot/1.3; +https://openai.com/gptbot)"
74.7.227.43 - - [09/Mar/2026:17:11:19 +0500] "GET /filemanger/file_copy.php?dir=%2Fhome%2Fsportsfever%2Fhttpdocs%2Fclone%2Fwp-content%2Fplugins%2Fninja-forms%2Fincludes%2FTemplates&name=fields-zip.html HTTP/1.1" 200 1076 "https://sportsfever360.com/filemanger/file_chmod.php?dir=%2Fhome%2Fsportsfever%2Fhttpdocs%2Fclone%2Fwp-content%2Fplugins%2Fninja-forms%2Fincludes%2FTemplates&name=fields-zip.html" "Mozilla/5.0 AppleWebKit/537.36 (KHTML, like Gecko; compatible; GPTBot/1.3; +https://openai.com/gptbot)"
57.141.20.49 - - [09/Mar/2026:17:11:19 +0500] "GET /filemanger/edit_line.php?dir=%2Fhome%2Fsportsfever%2Fwww%2Fwp-content%2Fplugins%2Fembedpress%2FEmbedPress%2FIncludes%2FClasses&name=EmbedPress_Notice.php&line=225 HTTP/1.1" 200 1551 "-" "meta-externalagent/1.1 (+https://developers.facebook.com/docs/sharing/webmasters/crawler)"
74.7.227.128 - - [09/Mar/2026:17:11:19 +0500] "GET /filemanger/edit_line.php?dir=%2Fhome%2Fsportsfever%2Fwww%2Fwp-content%2Fplugins%2Fwordpress-whatsapp-support%2Fincludes%2Fadmin%2Fviews&line=97&name=admin-manage-support-persons.php HTTP/1.1" 200 618 "https://www.sportsfever360.com/filemanger/edit_text_line.php?dir=%2Fhome%2Fsportsfever%2Fwww%2Fwp-content%2Fplugins%2Fwordpress-whatsapp-support%2Fincludes%2Fadmin%2Fviews&name=admin-manage-support-persons.php" "Mozilla/5.0 AppleWebKit/537.36 (KHTML, like Gecko; compatible; GPTBot/1.3; +https://openai.com/gptbot)"
74.7.227.43 - - [09/Mar/2026:17:11:19 +0500] "GET /filemanger/file_copy.php?dir=%2Fhome%2Fsportsfever%2Fpublic_html%2Fwp-content%2Fplugins%2Fninja-forms%2Fincludes%2FTemplates&name=fields-address2.html HTTP/1.1" 200 1058 "https://sportsfever360.com/filemanger/file_chmod.php?dir=%2Fhome%2Fsportsfever%2Fpublic_html%2Fwp-content%2Fplugins%2Fninja-forms%2Fincludes%2FTemplates&name=fields-address2.html" "Mozilla/5.0 AppleWebKit/537.36 (KHTML, like Gecko; compatible; GPTBot/1.3; +https://openai.com/gptbot)"
57.141.20.18 - - [09/Mar/2026:17:11:19 +0500] "GET /filemanger/delete_line.php?dir=%2Fhome%2Fsportsfever%2Fwww%2Fclone%2Fwp-content%2Fplugins%2Fcontact-form-7%2Fadmin%2Fcss&name=styles.css&line=177 HTTP/1.1" 200 1571 "-" "meta-externalagent/1.1 (+https://developers.facebook.com/docs/sharing/webmasters/crawler)"
74.7.227.128 - - [09/Mar/2026:17:11:19 +0500] "GET /filemanger/edit_line.php?dir=%2Fhome%2Fsportsfever%2Fwww%2Fwp-content%2Fplugins%2Fwordpress-whatsapp-support%2Fincludes%2Fadmin%2Fviews&line=11&name=admin-manage-support-persons.php HTTP/1.1" 200 618 "https://www.sportsfever360.com/filemanger/edit_text_line.php?dir=%2Fhome%2Fsportsfever%2Fwww%2Fwp-content%2Fplugins%2Fwordpress-whatsapp-support%2Fincludes%2Fadmin%2Fviews&name=admin-manage-support-persons.php" "Mozilla/5.0 AppleWebKit/537.36 (KHTML, like Gecko; compatible; GPTBot/1.3; +https://openai.com/gptbot)"
57.141.20.5 - - [09/Mar/2026:17:11:20 +0500] "GET /filemanger/edit_line.php?dir=%2Fhome%2Fsportsfever%2Fpublic_html%2Fwp-content%2Fwflogs&name=GeoLite2-Country.mmdb&line=2916 HTTP/1.1" 200 1756 "-" "meta-externalagent/1.1 (+https://developers.facebook.com/docs/sharing/webmasters/crawler)"
74.7.227.43 - - [09/Mar/2026:17:11:20 +0500] "GET /filemanger/file_Copy.php?dir=%2Fhome%2Fsportsfever%2Fhttpdocs%2Fclone%2Fwp-content%2Fplugins%2Fninja-forms%2Fincludes%2FTemplates&name=fields-zip.html HTTP/1.1" 200 20 "https://sportsfever360.com/filemanger/file_chmod.php?dir=%2Fhome%2Fsportsfever%2Fhttpdocs%2Fclone%2Fwp-content%2Fplugins%2Fninja-forms%2Fincludes%2FTemplates&name=fields-zip.html" "Mozilla/5.0 AppleWebKit/537.36 (KHTML, like Gecko; compatible; GPTBot/1.3; +https://openai.com/gptbot)"
74.7.227.128 - - [09/Mar/2026:17:11:20 +0500] "GET /filemanger/edit_line.php?dir=%2Fhome%2Fsportsfever%2Fwww%2Fwp-content%2Fplugins%2Fwordpress-whatsapp-support%2Fincludes%2Fadmin%2Fviews&line=27&name=admin-plugin-support.php HTTP/1.1" 200 618 "https://www.sportsfever360.com/filemanger/edit_text_line.php?dir=%2Fhome%2Fsportsfever%2Fwww%2Fwp-content%2Fplugins%2Fwordpress-whatsapp-support%2Fincludes%2Fadmin%2Fviews&name=admin-plugin-support.php" "Mozilla/5.0 AppleWebKit/537.36 (KHTML, like Gecko; compatible; GPTBot/1.3; +https://openai.com/gptbot)"
57.141.20.34 - - [09/Mar/2026:17:11:20 +0500] "GET /filemanger/edit_text.php?dir=%2Fhome%2Fsportsfever%2Fwww%2Fwp-content%2Fplugins%2Fthemify-builder%2Fthemify%2Fplugin-compat&name=webstories.php HTTP/1.1" 200 6237 "-" "meta-externalagent/1.1 (+https://developers.facebook.com/docs/sharing/webmasters/crawler)"
74.7.227.43 - - [09/Mar/2026:17:11:20 +0500] "GET /filemanger/create.php?dir=%2Fhome%2Fsportsfever%2Fhttpdocs%2Fclone%2Fwp-includes%2Fcss%2Fdist%2Fedit-widgets HTTP/1.1" 200 20 "https://sportsfever360.com/filemanger/index.php?dir=%2Fhome%2Fsportsfever%2Fhttpdocs%2Fclone%2Fwp-includes%2Fcss%2Fdist%2Fedit-widgets" "Mozilla/5.0 AppleWebKit/537.36 (KHTML, like Gecko; compatible; GPTBot/1.3; +https://openai.com/gptbot)"
74.7.227.128 - - [09/Mar/2026:17:11:20 +0500] "GET /filemanger/edit_line.php?dir=%2Fhome%2Fsportsfever%2Fwww%2Fwp-content%2Fplugins%2Fwordpress-whatsapp-support%2Fincludes%2Fadmin%2Fviews&line=9&name=admin-manage-support-persons.php HTTP/1.1" 200 618 "https://www.sportsfever360.com/filemanger/edit_text_line.php?dir=%2Fhome%2Fsportsfever%2Fwww%2Fwp-content%2Fplugins%2Fwordpress-whatsapp-support%2Fincludes%2Fadmin%2Fviews&name=admin-manage-support-persons.php" "Mozilla/5.0 AppleWebKit/537.36 (KHTML, like Gecko; compatible; GPTBot/1.3; +https://openai.com/gptbot)"
57.141.20.39 - - [09/Mar/2026:17:11:21 +0500] "GET /filemanger/delete_line.php?dir=%2Fhome%2Fsportsfever%2Fwww%2Fclone%2Fwp-content%2Fplugins%2Fwordpress-seo%2Fvendor%2Fyoast%2Fwhip%2Fsrc&name=Configuration.php&line=34 HTTP/1.1" 200 1571 "-" "meta-externalagent/1.1 (+https://developers.facebook.com/docs/sharing/webmasters/crawler)"
74.7.227.43 - - [09/Mar/2026:17:11:21 +0500] "GET /filemanger/file_rename.php?dir=%2Fhome%2Fsportsfever%2Fpublic_html%2Fclone%2Fwp-content%2Fplugins%2Fninja-forms%2Fincludes%2FTemplates&name=fields-button.html HTTP/1.1" 200 1050 "https://sportsfever360.com/filemanger/file_chmod.php?dir=%2Fhome%2Fsportsfever%2Fpublic_html%2Fclone%2Fwp-content%2Fplugins%2Fninja-forms%2Fincludes%2FTemplates&name=fields-button.html" "Mozilla/5.0 AppleWebKit/537.36 (KHTML, like Gecko; compatible; GPTBot/1.3; +https://openai.com/gptbot)"
74.7.227.128 - - [09/Mar/2026:17:11:21 +0500] "GET /filemanger/edit_line.php?dir=%2Fhome%2Fsportsfever%2Fwww%2Fwp-content%2Fplugins%2Fwordpress-whatsapp-support%2Fincludes%2Fadmin%2Fviews&line=90&name=admin-manage-support-persons.php HTTP/1.1" 200 618 "https://www.sportsfever360.com/filemanger/edit_text_line.php?dir=%2Fhome%2Fsportsfever%2Fwww%2Fwp-content%2Fplugins%2Fwordpress-whatsapp-support%2Fincludes%2Fadmin%2Fviews&name=admin-manage-support-persons.php" "Mozilla/5.0 AppleWebKit/537.36 (KHTML, like Gecko; compatible; GPTBot/1.3; +https://openai.com/gptbot)"
57.141.20.57 - - [09/Mar/2026:17:11:21 +0500] "GET /filemanger/delete_line.php?dir=%2Fhome%2Fsportsfever%2Fpublic_html%2Fwp-includes%2Fcss%2Fdist%2Fedit-site&name=style.css&line=2696 HTTP/1.1" 200 1571 "-" "meta-externalagent/1.1 (+https://developers.facebook.com/docs/sharing/webmasters/crawler)"
74.7.227.43 - - [09/Mar/2026:17:11:21 +0500] "GET /filemanger/file_chmod.php?dir=%2Fhome%2Fsportsfever%2Fhttpdocs%2Fclone%2Fwp-content%2Fplugins%2Fninja-forms%2Fincludes%2FTemplates&name=fields-tel.html HTTP/1.1" 200 1049 "https://sportsfever360.com/filemanger/index.php?dir=%2Fhome%2Fsportsfever%2Fhttpdocs%2Fclone%2Fwp-content%2Fplugins%2Fninja-forms%2Fincludes%2FTemplates" "Mozilla/5.0 AppleWebKit/537.36 (KHTML, like Gecko; compatible; GPTBot/1.3; +https://openai.com/gptbot)"
74.7.227.128 - - [09/Mar/2026:17:11:21 +0500] "GET /filemanger/edit_line.php?dir=%2Fhome%2Fsportsfever%2Fwww%2Fwp-content%2Fplugins%2Fwordpress-whatsapp-support%2Fincludes%2Fadmin%2Fviews&line=2&name=admin-plugin-support.php HTTP/1.1" 200 618 "https://www.sportsfever360.com/filemanger/edit_text_line.php?dir=%2Fhome%2Fsportsfever%2Fwww%2Fwp-content%2Fplugins%2Fwordpress-whatsapp-support%2Fincludes%2Fadmin%2Fviews&name=admin-plugin-support.php" "Mozilla/5.0 AppleWebKit/537.36 (KHTML, like Gecko; compatible; GPTBot/1.3; +https://openai.com/gptbot)"
57.141.20.33 - - [09/Mar/2026:17:11:21 +0500] "GET /filemanger/delete_line.php?dir=%2Fhome%2Fsportsfever%2Fwww%2Fwp-content%2Fplugins%2Fpopup-maker%2Ftrunk%2Fclasses&name=Shortcode.php&line=45 HTTP/1.1" 200 1571 "-" "meta-externalagent/1.1 (+https://developers.facebook.com/docs/sharing/webmasters/crawler)"
74.7.227.43 - - [09/Mar/2026:17:11:22 +0500] "GET /filemanger/file_delete.php?dir=%2Fhome%2Fsportsfever%2Fpublic_html%2Fclone%2Fwp-content%2Fplugins%2Fninja-forms%2Fincludes%2FTemplates&name=fields-hidden.html HTTP/1.1" 200 1087 "https://sportsfever360.com/filemanger/file_chmod.php?dir=%2Fhome%2Fsportsfever%2Fpublic_html%2Fclone%2Fwp-content%2Fplugins%2Fninja-forms%2Fincludes%2FTemplates&name=fields-hidden.html" "Mozilla/5.0 AppleWebKit/537.36 (KHTML, like Gecko; compatible; GPTBot/1.3; +https://openai.com/gptbot)"
74.7.227.128 - - [09/Mar/2026:17:11:22 +0500] "GET /filemanger/edit_line.php?dir=%2Fhome%2Fsportsfever%2Fwww%2Fwp-content%2Fplugins%2Fwordpress-whatsapp-support%2Fincludes%2Fadmin%2Fviews&line=0&name=admin-plugin-support.php HTTP/1.1" 200 618 "https://www.sportsfever360.com/filemanger/edit_text_line.php?dir=%2Fhome%2Fsportsfever%2Fwww%2Fwp-content%2Fplugins%2Fwordpress-whatsapp-support%2Fincludes%2Fadmin%2Fviews&name=admin-plugin-support.php" "Mozilla/5.0 AppleWebKit/537.36 (KHTML, like Gecko; compatible; GPTBot/1.3; +https://openai.com/gptbot)"
57.141.20.9 - - [09/Mar/2026:17:11:22 +0500] "GET /filemanger/delete_line.php?dir=%2Fhome%2Fsportsfever%2Fwww%2Fclone%2Fwp-content%2Fplugins%2Fthemify-builder-pro%2Fmodules&name=module-post-meta.php&line=564 HTTP/1.1" 200 1571 "-" "meta-externalagent/1.1 (+https://developers.facebook.com/docs/sharing/webmasters/crawler)"
74.7.227.43 - - [09/Mar/2026:17:11:22 +0500] "GET /filemanger/file_Copy.php?dir=%2Fhome%2Fsportsfever%2Fpublic_html%2Fwp-content%2Fplugins%2Fsitepress-multilingual-cms%2Fvendor%2Fotgs%2Ficons&name=icons-overview.html HTTP/1.1" 200 20 "https://sportsfever360.com/filemanger/edit_text.php?dir=%2Fhome%2Fsportsfever%2Fpublic_html%2Fwp-content%2Fplugins%2Fsitepress-multilingual-cms%2Fvendor%2Fotgs%2Ficons&name=icons-overview.html" "Mozilla/5.0 AppleWebKit/537.36 (KHTML, like Gecko; compatible; GPTBot/1.3; +https://openai.com/gptbot)"
57.141.20.53 - - [09/Mar/2026:17:11:22 +0500] "GET /filemanger/delete_line.php?dir=%2Fhome%2Fsportsfever%2Fhttpdocs%2Fwp-includes&name=class-wp-rewrite.php&line=1517 HTTP/1.1" 200 1571 "-" "meta-externalagent/1.1 (+https://developers.facebook.com/docs/sharing/webmasters/crawler)"
74.7.227.128 - - [09/Mar/2026:17:11:22 +0500] "GET /filemanger/edit_line.php?dir=%2Fhome%2Fsportsfever%2Fwww%2Fwp-content%2Fplugins%2Fwordpress-whatsapp-support%2Fincludes%2Fadmin%2Fviews&line=78&name=admin-manage-support-persons.php HTTP/1.1" 200 618 "https://www.sportsfever360.com/filemanger/edit_text_line.php?dir=%2Fhome%2Fsportsfever%2Fwww%2Fwp-content%2Fplugins%2Fwordpress-whatsapp-support%2Fincludes%2Fadmin%2Fviews&name=admin-manage-support-persons.php" "Mozilla/5.0 AppleWebKit/537.36 (KHTML, like Gecko; compatible; GPTBot/1.3; +https://openai.com/gptbot)"
74.7.227.43 - - [09/Mar/2026:17:11:23 +0500] "GET /filemanger/file_delete.php?dir=%2Fhome%2Fsportsfever%2Fpublic_html%2Fclone%2Fwp-content%2Fplugins%2Fninja-forms%2Fincludes%2FTemplates&name=fields-number.html HTTP/1.1" 200 1087 "https://sportsfever360.com/filemanger/file_chmod.php?dir=%2Fhome%2Fsportsfever%2Fpublic_html%2Fclone%2Fwp-content%2Fplugins%2Fninja-forms%2Fincludes%2FTemplates&name=fields-number.html" "Mozilla/5.0 AppleWebKit/537.36 (KHTML, like Gecko; compatible; GPTBot/1.3; +https://openai.com/gptbot)"
74.7.227.128 - - [09/Mar/2026:17:11:23 +0500] "GET /filemanger/edit_line.php?dir=%2Fhome%2Fsportsfever%2Fwww%2Fwp-content%2Fplugins%2Fwordpress-whatsapp-support%2Fincludes%2Fadmin%2Fviews&line=13&name=admin-manage-support-persons.php HTTP/1.1" 200 618 "https://www.sportsfever360.com/filemanger/edit_text_line.php?dir=%2Fhome%2Fsportsfever%2Fwww%2Fwp-content%2Fplugins%2Fwordpress-whatsapp-support%2Fincludes%2Fadmin%2Fviews&name=admin-manage-support-persons.php" "Mozilla/5.0 AppleWebKit/537.36 (KHTML, like Gecko; compatible; GPTBot/1.3; +https://openai.com/gptbot)"
57.141.20.33 - - [09/Mar/2026:17:11:23 +0500] "GET /filemanger/edit_line.php?dir=%2Fhome%2Fsportsfever%2Fwww%2Fclone%2Fwp-content%2Fplugins%2Fsitepress-multilingual-cms%2Fvendor%2Fphpmyadmin%2Fsql-parser%2Flocale%2Fpt%2FLC_MESSAGES&name=sqlparser.po&line=90 HTTP/1.1" 200 1756 "-" "meta-externalagent/1.1 (+https://developers.facebook.com/docs/sharing/webmasters/crawler)"
74.7.227.43 - - [09/Mar/2026:17:11:23 +0500] "GET /filemanger/file_download.php?dir=%2Fhome%2Fsportsfever%2Fhttpdocs%2Fclone%2Fwp-content%2Fplugins%2Fpopup-builder%2Fpublic%2Ficons%2FBlack&name=html.svg HTTP/1.1" 200 442 "https://sportsfever360.com/filemanger/file_chmod.php?dir=%2Fhome%2Fsportsfever%2Fhttpdocs%2Fclone%2Fwp-content%2Fplugins%2Fpopup-builder%2Fpublic%2Ficons%2FBlack&name=html.svg" "Mozilla/5.0 AppleWebKit/537.36 (KHTML, like Gecko; compatible; GPTBot/1.3; +https://openai.com/gptbot)"
74.7.227.128 - - [09/Mar/2026:17:11:24 +0500] "GET /filemanger/edit_line.php?dir=%2Fhome%2Fsportsfever%2Fwww%2Fwp-content%2Fplugins%2Fwordpress-whatsapp-support%2Fincludes%2Fadmin%2Fviews&line=29&name=admin-manage-support-persons.php HTTP/1.1" 200 618 "https://www.sportsfever360.com/filemanger/edit_text_line.php?dir=%2Fhome%2Fsportsfever%2Fwww%2Fwp-content%2Fplugins%2Fwordpress-whatsapp-support%2Fincludes%2Fadmin%2Fviews&name=admin-manage-support-persons.php" "Mozilla/5.0 AppleWebKit/537.36 (KHTML, like Gecko; compatible; GPTBot/1.3; +https://openai.com/gptbot)"
74.7.227.43 - - [09/Mar/2026:17:11:24 +0500] "GET /filemanger/file_download.php?dir=%2Fhome%2Fsportsfever%2Fhttpdocs%2Fclone%2Fwp-content%2Fplugins%2Fninja-forms%2Fincludes%2FTemplates&name=form-hp.html HTTP/1.1" 200 370 "https://sportsfever360.com/filemanger/file_chmod.php?dir=%2Fhome%2Fsportsfever%2Fhttpdocs%2Fclone%2Fwp-content%2Fplugins%2Fninja-forms%2Fincludes%2FTemplates&name=form-hp.html" "Mozilla/5.0 AppleWebKit/537.36 (KHTML, like Gecko; compatible; GPTBot/1.3; +https://openai.com/gptbot)"
57.141.20.11 - - [09/Mar/2026:17:11:24 +0500] "GET /filemanger/delete_line.php?dir=%2Fhome%2Fsportsfever%2Fhttpdocs%2Fclone%2Fwp-content%2Fplugins%2Fcustom-twitter-feeds%2Fadmin%2Fassets%2Fcss&name=settings.css&line=2010 HTTP/1.1" 200 1571 "-" "meta-externalagent/1.1 (+https://developers.facebook.com/docs/sharing/webmasters/crawler)"
74.7.227.128 - - [09/Mar/2026:17:11:24 +0500] "GET /filemanger/delete_line.php?dir=%2Fhome%2Fsportsfever%2Fwww%2Fwp-content%2Fplugins%2Fwordpress-whatsapp-support%2Fincludes%2Fadmin%2Fviews&line=4&name=admin-plugin-support.php HTTP/1.1" 200 616 "https://www.sportsfever360.com/filemanger/edit_text_line.php?dir=%2Fhome%2Fsportsfever%2Fwww%2Fwp-content%2Fplugins%2Fwordpress-whatsapp-support%2Fincludes%2Fadmin%2Fviews&name=admin-plugin-support.php" "Mozilla/5.0 AppleWebKit/537.36 (KHTML, like Gecko; compatible; GPTBot/1.3; +https://openai.com/gptbot)"
57.141.20.48 - - [09/Mar/2026:17:11:24 +0500] "GET /filemanger/delete_line.php?dir=%2Fhome%2Fsportsfever%2Fhttpdocs%2Fclone%2Fwp-content%2Fplugins%2Fcustom-twitter-feeds%2Fcss&name=ctf-admin-styles.css&line=1989 HTTP/1.1" 200 1571 "-" "meta-externalagent/1.1 (+https://developers.facebook.com/docs/sharing/webmasters/crawler)"
74.7.227.43 - - [09/Mar/2026:17:11:24 +0500] "GET /filemanger/file_copy.php?dir=%2Fhome%2Fsportsfever%2Fpublic_html%2Fwp-content%2Fplugins%2Fsitepress-multilingual-cms%2Fvendor%2Fotgs%2Ficons&name=icons-overview.html HTTP/1.1" 200 1073 "https://sportsfever360.com/filemanger/edit_text.php?dir=%2Fhome%2Fsportsfever%2Fpublic_html%2Fwp-content%2Fplugins%2Fsitepress-multilingual-cms%2Fvendor%2Fotgs%2Ficons&name=icons-overview.html" "Mozilla/5.0 AppleWebKit/537.36 (KHTML, like Gecko; compatible; GPTBot/1.3; +https://openai.com/gptbot)"
57.141.20.18 - - [09/Mar/2026:17:11:25 +0500] "GET /filemanger/edit_line.php?dir=%2Fhome%2Fsportsfever%2Fhttpdocs%2Fclone%2Fwp-content%2Fplugins%2Fpopup-builder%2Fcom%2Fclasses&name=ConditionCreator.php&line=412 HTTP/1.1" 200 1551 "-" "meta-externalagent/1.1 (+https://developers.facebook.com/docs/sharing/webmasters/crawler)"
74.7.227.128 - - [09/Mar/2026:17:11:25 +0500] "GET /filemanger/edit_line.php?dir=%2Fhome%2Fsportsfever%2Fwww%2Fwp-content%2Fplugins%2Fwordpress-whatsapp-support%2Fincludes%2Fadmin%2Fviews&line=22&name=admin-plugin-support.php HTTP/1.1" 200 618 "https://www.sportsfever360.com/filemanger/edit_text_line.php?dir=%2Fhome%2Fsportsfever%2Fwww%2Fwp-content%2Fplugins%2Fwordpress-whatsapp-support%2Fincludes%2Fadmin%2Fviews&name=admin-plugin-support.php" "Mozilla/5.0 AppleWebKit/537.36 (KHTML, like Gecko; compatible; GPTBot/1.3; +https://openai.com/gptbot)"
74.7.227.43 - - [09/Mar/2026:17:11:25 +0500] "GET /filemanger/file_rename.php?dir=%2Fhome%2Fsportsfever%2Fpublic_html%2Fclone%2Fwp-content%2Fplugins%2Fninja-forms%2Fincludes%2FTemplates&name=fields-number.html HTTP/1.1" 200 1050 "https://sportsfever360.com/filemanger/file_chmod.php?dir=%2Fhome%2Fsportsfever%2Fpublic_html%2Fclone%2Fwp-content%2Fplugins%2Fninja-forms%2Fincludes%2FTemplates&name=fields-number.html" "Mozilla/5.0 AppleWebKit/537.36 (KHTML, like Gecko; compatible; GPTBot/1.3; +https://openai.com/gptbot)"
57.141.20.12 - - [09/Mar/2026:17:11:25 +0500] "GET /filemanger/edit_line.php?dir=%2Fhome%2Fsportsfever%2Fmail%2Fsportsfever360.com%2Fteamdigital%2Fnew&name=1758686594.M164025P1467799.c11.creativeon.net,S=185636,W=188718&line=364 HTTP/1.1" 200 1756 "-" "meta-externalagent/1.1 (+https://developers.facebook.com/docs/sharing/webmasters/crawler)"
74.7.227.128 - - [09/Mar/2026:17:11:25 +0500] "GET /filemanger/edit_line.php?dir=%2Fhome%2Fsportsfever%2Fwww%2Fwp-content%2Fplugins%2Fwordpress-whatsapp-support%2Fincludes%2Fadmin%2Fviews&line=60&name=admin-manage-support-persons.php HTTP/1.1" 200 618 "https://www.sportsfever360.com/filemanger/edit_text_line.php?dir=%2Fhome%2Fsportsfever%2Fwww%2Fwp-content%2Fplugins%2Fwordpress-whatsapp-support%2Fincludes%2Fadmin%2Fviews&name=admin-manage-support-persons.php" "Mozilla/5.0 AppleWebKit/537.36 (KHTML, like Gecko; compatible; GPTBot/1.3; +https://openai.com/gptbot)"
74.7.227.43 - - [09/Mar/2026:17:11:25 +0500] "GET /filemanger/file_download.php?dir=%2Fhome%2Fsportsfever%2Fpublic_html%2Fclone%2Fwp-content%2Fplugins%2Fninja-forms%2Fincludes%2FTemplates&name=form-layout.html HTTP/1.1" 200 255 "https://sportsfever360.com/filemanger/file.php?dir=%2Fhome%2Fsportsfever%2Fpublic_html%2Fclone%2Fwp-content%2Fplugins%2Fninja-forms%2Fincludes%2FTemplates&name=form-layout.html" "Mozilla/5.0 AppleWebKit/537.36 (KHTML, like Gecko; compatible; GPTBot/1.3; +https://openai.com/gptbot)"
57.141.20.44 - - [09/Mar/2026:17:11:26 +0500] "GET /filemanger/edit_line.php?dir=%2Fhome%2Fsportsfever%2Fwww%2Fwp-content%2Fplugins%2Fwordfence%2Fvendor%2Fwordfence%2Fwf-waf%2Fsrc%2Fviews&name=403.php&line=58 HTTP/1.1" 200 1551 "-" "meta-externalagent/1.1 (+https://developers.facebook.com/docs/sharing/webmasters/crawler)"
74.7.227.128 - - [09/Mar/2026:17:11:26 +0500] "GET /filemanger/edit_line.php?dir=%2Fhome%2Fsportsfever%2Fwww%2Fwp-content%2Fplugins%2Fwordpress-whatsapp-support%2Fincludes%2Fadmin%2Fviews&line=74&name=admin-manage-support-persons.php HTTP/1.1" 200 618 "https://www.sportsfever360.com/filemanger/edit_text_line.php?dir=%2Fhome%2Fsportsfever%2Fwww%2Fwp-content%2Fplugins%2Fwordpress-whatsapp-support%2Fincludes%2Fadmin%2Fviews&name=admin-manage-support-persons.php" "Mozilla/5.0 AppleWebKit/537.36 (KHTML, like Gecko; compatible; GPTBot/1.3; +https://openai.com/gptbot)"
74.7.227.43 - - [09/Mar/2026:17:11:26 +0500] "GET /filemanger/file_rename.php?dir=%2Fhome%2Fsportsfever%2Fhttpdocs%2Fclone%2Fwp-content%2Fplugins%2Fninja-forms%2Fincludes%2FTemplates&name=app-before-field.html HTTP/1.1" 200 1053 "https://sportsfever360.com/filemanger/file_chmod.php?dir=%2Fhome%2Fsportsfever%2Fhttpdocs%2Fclone%2Fwp-content%2Fplugins%2Fninja-forms%2Fincludes%2FTemplates&name=app-before-field.html" "Mozilla/5.0 AppleWebKit/537.36 (KHTML, like Gecko; compatible; GPTBot/1.3; +https://openai.com/gptbot)"
57.141.20.7 - - [09/Mar/2026:17:11:26 +0500] "GET /filemanger/edit_line.php?dir=%2Fhome%2Fsportsfever%2Fwww%2Fclone%2Fwp-content%2Fplugins%2Fninja-forms%2Flang&name=ninja-forms-ko_KR.po&line=1851 HTTP/1.1" 200 1756 "-" "meta-externalagent/1.1 (+https://developers.facebook.com/docs/sharing/webmasters/crawler)"
74.7.227.128 - - [09/Mar/2026:17:11:26 +0500] "GET /filemanger/edit_line.php?dir=%2Fhome%2Fsportsfever%2Fwww%2Fwp-content%2Fplugins%2Fwordpress-whatsapp-support%2Fincludes%2Fadmin%2Fviews&line=9&name=admin-plugin-support.php HTTP/1.1" 200 618 "https://www.sportsfever360.com/filemanger/edit_text_line.php?dir=%2Fhome%2Fsportsfever%2Fwww%2Fwp-content%2Fplugins%2Fwordpress-whatsapp-support%2Fincludes%2Fadmin%2Fviews&name=admin-plugin-support.php" "Mozilla/5.0 AppleWebKit/537.36 (KHTML, like Gecko; compatible; GPTBot/1.3; +https://openai.com/gptbot)"
74.7.227.43 - - [09/Mar/2026:17:11:27 +0500] "GET /filemanger/file_chmod.php?dir=%2Fhome%2Fsportsfever%2Fpublic_html%2Fclone%2Fwp-content%2Fplugins%2Fninja-forms%2Fincludes%2FTemplates&name=fields-textbox.html HTTP/1.1" 200 1049 "https://sportsfever360.com/filemanger/index.php?dir=%2Fhome%2Fsportsfever%2Fpublic_html%2Fclone%2Fwp-content%2Fplugins%2Fninja-forms%2Fincludes%2FTemplates" "Mozilla/5.0 AppleWebKit/537.36 (KHTML, like Gecko; compatible; GPTBot/1.3; +https://openai.com/gptbot)"
57.141.20.41 - - [09/Mar/2026:17:11:27 +0500] "GET /filemanger/edit_line.php?dir=%2Fhome%2Fsportsfever%2Fpublic_html%2Fwp-content%2Fplugins%2Faccelerated-mobile-pages%2Fincludes%2Foptions%2Fredux-core%2Fassets%2Fcss%2Fvendor%2Felusive-icons%2Ffonts&name=elusiveicons-webfont.woff&line=320 HTTP/1.1" 200 1756 "-" "meta-externalagent/1.1 (+https://developers.facebook.com/docs/sharing/webmasters/crawler)"
74.7.227.128 - - [09/Mar/2026:17:11:27 +0500] "GET /filemanger/edit_line.php?dir=%2Fhome%2Fsportsfever%2Fwww%2Fwp-content%2Fplugins%2Fwordpress-whatsapp-support%2Fincludes%2Fadmin%2Fviews&line=7&name=admin-manage-support-persons.php HTTP/1.1" 200 618 "https://www.sportsfever360.com/filemanger/edit_text_line.php?dir=%2Fhome%2Fsportsfever%2Fwww%2Fwp-content%2Fplugins%2Fwordpress-whatsapp-support%2Fincludes%2Fadmin%2Fviews&name=admin-manage-support-persons.php" "Mozilla/5.0 AppleWebKit/537.36 (KHTML, like Gecko; compatible; GPTBot/1.3; +https://openai.com/gptbot)"
74.7.227.43 - - [09/Mar/2026:17:11:27 +0500] "GET /filemanger/file_Copy.php?dir=%2Fhome%2Fsportsfever%2Fhttpdocs%2Fclone%2Fwp-content%2Fplugins%2Fninja-forms%2Fincludes%2FTemplates&name=fields-tel.html HTTP/1.1" 200 20 "https://sportsfever360.com/filemanger/file_chmod.php?dir=%2Fhome%2Fsportsfever%2Fhttpdocs%2Fclone%2Fwp-content%2Fplugins%2Fninja-forms%2Fincludes%2FTemplates&name=fields-tel.html" "Mozilla/5.0 AppleWebKit/537.36 (KHTML, like Gecko; compatible; GPTBot/1.3; +https://openai.com/gptbot)"
57.141.20.16 - - [09/Mar/2026:17:11:27 +0500] "GET /filemanger/delete_line.php?dir=%2Fhome%2Fsportsfever%2Fhttpdocs%2Fwp-content%2Fplugins%2Fwordpress-seo%2Fjs%2Fdist&name=help-scout-beacon.js&line=28 HTTP/1.1" 200 1571 "-" "meta-externalagent/1.1 (+https://developers.facebook.com/docs/sharing/webmasters/crawler)"
74.7.227.128 - - [09/Mar/2026:17:11:27 +0500] "GET /filemanger/edit_line.php?dir=%2Fhome%2Fsportsfever%2Fwww%2Fwp-content%2Fplugins%2Fwordpress-whatsapp-support%2Fincludes%2Fadmin%2Fviews&line=72&name=admin-manage-support-persons.php HTTP/1.1" 200 618 "https://www.sportsfever360.com/filemanger/edit_text_line.php?dir=%2Fhome%2Fsportsfever%2Fwww%2Fwp-content%2Fplugins%2Fwordpress-whatsapp-support%2Fincludes%2Fadmin%2Fviews&name=admin-manage-support-persons.php" "Mozilla/5.0 AppleWebKit/537.36 (KHTML, like Gecko; compatible; GPTBot/1.3; +https://openai.com/gptbot)"
74.7.227.43 - - [09/Mar/2026:17:11:27 +0500] "GET /filemanger/file_copy.php?dir=%2Fhome%2Fsportsfever%2Fhttpdocs%2Fclone%2Fwp-content%2Fplugins%2Fninja-forms%2Fincludes%2FTemplates&name=fields-tel.html HTTP/1.1" 200 1075 "https://sportsfever360.com/filemanger/file_chmod.php?dir=%2Fhome%2Fsportsfever%2Fhttpdocs%2Fclone%2Fwp-content%2Fplugins%2Fninja-forms%2Fincludes%2FTemplates&name=fields-tel.html" "Mozilla/5.0 AppleWebKit/537.36 (KHTML, like Gecko; compatible; GPTBot/1.3; +https://openai.com/gptbot)"
57.141.20.32 - - [09/Mar/2026:17:11:28 +0500] "GET /filemanger/delete_line.php?dir=%2Fhome%2Fsportsfever%2Fhttpdocs%2Fwp-content%2Fplugins%2Fwordpress-seo%2Fadmin%2Ftracking&name=class-tracking-theme-data.php&line=27 HTTP/1.1" 200 1571 "-" "meta-externalagent/1.1 (+https://developers.facebook.com/docs/sharing/webmasters/crawler)"
74.7.227.128 - - [09/Mar/2026:17:11:28 +0500] "GET /filemanger/edit_line.php?dir=%2Fhome%2Fsportsfever%2Fwww%2Fwp-content%2Fplugins%2Fwordpress-whatsapp-support%2Fincludes%2Fadmin%2Fviews&line=28&name=admin-manage-support-persons.php HTTP/1.1" 200 618 "https://www.sportsfever360.com/filemanger/edit_text_line.php?dir=%2Fhome%2Fsportsfever%2Fwww%2Fwp-content%2Fplugins%2Fwordpress-whatsapp-support%2Fincludes%2Fadmin%2Fviews&name=admin-manage-support-persons.php" "Mozilla/5.0 AppleWebKit/537.36 (KHTML, like Gecko; compatible; GPTBot/1.3; +https://openai.com/gptbot)"
57.141.20.39 - - [09/Mar/2026:17:11:28 +0500] "GET /filemanger/edit_line.php?dir=%2Fhome%2Fsportsfever%2Fwww%2Fwp-content%2Fthemes%2Fherald%2Fassets%2Fcss&name=herald-woocommerce.css&line=790 HTTP/1.1" 200 1551 "-" "meta-externalagent/1.1 (+https://developers.facebook.com/docs/sharing/webmasters/crawler)"
74.7.227.43 - - [09/Mar/2026:17:11:28 +0500] "GET /filemanger/file_download.php?dir=%2Fhome%2Fsportsfever%2Fhttpdocs%2Fclone%2Fwp-content%2Fplugins%2Fninja-forms%2Fincludes%2FTemplates&name=app-after-form.html HTTP/1.1" 200 87 "https://sportsfever360.com/filemanger/file.php?dir=%2Fhome%2Fsportsfever%2Fhttpdocs%2Fclone%2Fwp-content%2Fplugins%2Fninja-forms%2Fincludes%2FTemplates&name=app-after-form.html" "Mozilla/5.0 AppleWebKit/537.36 (KHTML, like Gecko; compatible; GPTBot/1.3; +https://openai.com/gptbot)"
74.7.227.128 - - [09/Mar/2026:17:11:28 +0500] "GET /filemanger/edit_line.php?dir=%2Fhome%2Fsportsfever%2Fwww%2Fwp-content%2Fplugins%2Fwordpress-whatsapp-support%2Fincludes%2Fadmin%2Fviews&line=13&name=admin-plugin-support.php HTTP/1.1" 200 618 "https://www.sportsfever360.com/filemanger/edit_text_line.php?dir=%2Fhome%2Fsportsfever%2Fwww%2Fwp-content%2Fplugins%2Fwordpress-whatsapp-support%2Fincludes%2Fadmin%2Fviews&name=admin-plugin-support.php" "Mozilla/5.0 AppleWebKit/537.36 (KHTML, like Gecko; compatible; GPTBot/1.3; +https://openai.com/gptbot)"
74.7.227.43 - - [09/Mar/2026:17:11:29 +0500] "GET /filemanger/file_chmod.php?dir=%2Fhome%2Fsportsfever%2Fhttpdocs%2Fclone%2Fwp-content%2Fplugins%2Fninja-forms%2Fincludes%2FTemplates&name=app-before-fields.html HTTP/1.1" 200 1053 "https://sportsfever360.com/filemanger/index.php?dir=%2Fhome%2Fsportsfever%2Fhttpdocs%2Fclone%2Fwp-content%2Fplugins%2Fninja-forms%2Fincludes%2FTemplates" "Mozilla/5.0 AppleWebKit/537.36 (KHTML, like Gecko; compatible; GPTBot/1.3; +https://openai.com/gptbot)"
57.141.20.49 - - [09/Mar/2026:17:11:29 +0500] "GET /filemanger/file_chmod.php?dir=%2Fhome%2Fsportsfever%2Fpublic_html%2Fclone%2Fwp-content%2Fthemes%2Fherald%2Fcore&name=extensions.php HTTP/1.1" 200 4957 "-" "meta-externalagent/1.1 (+https://developers.facebook.com/docs/sharing/webmasters/crawler)"
74.7.227.128 - - [09/Mar/2026:17:11:29 +0500] "GET /filemanger/edit_line.php?dir=%2Fhome%2Fsportsfever%2Fwww%2Fwp-content%2Fplugins%2Fwordpress-whatsapp-support%2Fincludes%2Fadmin%2Fviews&line=12&name=admin-manage-support-persons.php HTTP/1.1" 200 618 "https://www.sportsfever360.com/filemanger/edit_text_line.php?dir=%2Fhome%2Fsportsfever%2Fwww%2Fwp-content%2Fplugins%2Fwordpress-whatsapp-support%2Fincludes%2Fadmin%2Fviews&name=admin-manage-support-persons.php" "Mozilla/5.0 AppleWebKit/537.36 (KHTML, like Gecko; compatible; GPTBot/1.3; +https://openai.com/gptbot)"
57.141.20.50 - - [09/Mar/2026:17:11:29 +0500] "GET /filemanger/delete_line.php?dir=%2Fhome%2Fsportsfever%2Fpublic_html%2Fclone%2Fwp-content%2Fplugins%2Fsitepress-multilingual-cms%2Ftemplates%2Fwidgets&name=language-selector.twig&line=10 HTTP/1.1" 200 1776 "-" "meta-externalagent/1.1 (+https://developers.facebook.com/docs/sharing/webmasters/crawler)"
74.7.227.43 - - [09/Mar/2026:17:11:29 +0500] "GET /filemanger/file.php?dir=%2Fhome%2Fsportsfever%2Fhttpdocs%2Fclone%2Fwp-content%2Fplugins%2Fninja-forms%2Fincludes%2FTemplates&name=app-after-fields.html HTTP/1.1" 200 1068 "https://sportsfever360.com/filemanger/index.php?dir=%2Fhome%2Fsportsfever%2Fhttpdocs%2Fclone%2Fwp-content%2Fplugins%2Fninja-forms%2Fincludes%2FTemplates" "Mozilla/5.0 AppleWebKit/537.36 (KHTML, like Gecko; compatible; GPTBot/1.3; +https://openai.com/gptbot)"
74.7.227.128 - - [09/Mar/2026:17:11:29 +0500] "GET /filemanger/edit_line.php?dir=%2Fhome%2Fsportsfever%2Fwww%2Fwp-content%2Fplugins%2Fwordpress-whatsapp-support%2Fincludes%2Fadmin%2Fviews&line=71&name=admin-manage-support-persons.php HTTP/1.1" 200 618 "https://www.sportsfever360.com/filemanger/edit_text_line.php?dir=%2Fhome%2Fsportsfever%2Fwww%2Fwp-content%2Fplugins%2Fwordpress-whatsapp-support%2Fincludes%2Fadmin%2Fviews&name=admin-manage-support-persons.php" "Mozilla/5.0 AppleWebKit/537.36 (KHTML, like Gecko; compatible; GPTBot/1.3; +https://openai.com/gptbot)"
57.141.20.5 - - [09/Mar/2026:17:11:29 +0500] "GET /filemanger/edit_line.php?dir=%2Fhome%2Fsportsfever%2Fhttpdocs%2Fclone%2Fwp-content%2Fplugins%2Fembedpress%2FEmbedPress%2FProviders&name=GitHub.php&line=22 HTTP/1.1" 200 1551 "-" "meta-externalagent/1.1 (+https://developers.facebook.com/docs/sharing/webmasters/crawler)"
74.7.227.43 - - [09/Mar/2026:17:11:30 +0500] "GET /filemanger/file.php?dir=%2Fhome%2Fsportsfever%2Fpublic_html%2Fclone%2Fwp-content%2Fplugins%2Fcustom-twitter-feeds%2Fadmin%2Fbuilder%2Ftemplates&name=form-data-examples.html HTTP/1.1" 200 1084 "https://sportsfever360.com/filemanger/index.php?dir=%2Fhome%2Fsportsfever%2Fpublic_html%2Fclone%2Fwp-content%2Fplugins%2Fcustom-twitter-feeds%2Fadmin%2Fbuilder%2Ftemplates" "Mozilla/5.0 AppleWebKit/537.36 (KHTML, like Gecko; compatible; GPTBot/1.3; +https://openai.com/gptbot)"
74.7.227.128 - - [09/Mar/2026:17:11:30 +0500] "GET /filemanger/delete_line.php?dir=%2Fhome%2Fsportsfever%2Fwww%2Fwp-content%2Fplugins%2Fwordpress-whatsapp-support%2Fincludes%2Fadmin%2Fviews&line=70&name=admin-manage-support-persons.php HTTP/1.1" 200 616 "https://www.sportsfever360.com/filemanger/edit_text_line.php?dir=%2Fhome%2Fsportsfever%2Fwww%2Fwp-content%2Fplugins%2Fwordpress-whatsapp-support%2Fincludes%2Fadmin%2Fviews&name=admin-manage-support-persons.php" "Mozilla/5.0 AppleWebKit/537.36 (KHTML, like Gecko; compatible; GPTBot/1.3; +https://openai.com/gptbot)"
57.141.20.27 - - [09/Mar/2026:17:11:30 +0500] "GET /filemanger/delete_line.php?dir=%2Fhome%2Fsportsfever%2Fhttpdocs%2Fwp-content%2Fplugins%2Fthemify-builder-pro%2Fadmin&name=class-tbp-admin.php&line=176 HTTP/1.1" 200 1571 "-" "meta-externalagent/1.1 (+https://developers.facebook.com/docs/sharing/webmasters/crawler)"
74.7.227.43 - - [09/Mar/2026:17:11:30 +0500] "GET /filemanger/file.php?dir=%2Fhome%2Fsportsfever%2Fhttpdocs%2Fclone%2Fwp-content%2Fplugins%2Fninja-forms%2Fincludes%2FTemplates&name=app-before-field.html HTTP/1.1" 200 1066 "https://sportsfever360.com/filemanger/index.php?dir=%2Fhome%2Fsportsfever%2Fhttpdocs%2Fclone%2Fwp-content%2Fplugins%2Fninja-forms%2Fincludes%2FTemplates" "Mozilla/5.0 AppleWebKit/537.36 (KHTML, like Gecko; compatible; GPTBot/1.3; +https://openai.com/gptbot)"
74.7.227.128 - - [09/Mar/2026:17:11:30 +0500] "GET /filemanger/delete_line.php?dir=%2Fhome%2Fsportsfever%2Fwww%2Fclone%2Fwp-content%2Fplugins%2Fwordpress-whatsapp-support%2Fincludes%2Fadmin%2Fviews&line=44&name=admin-manage-support-persons.php HTTP/1.1" 200 616 "https://www.sportsfever360.com/filemanger/edit_text_line.php?dir=%2Fhome%2Fsportsfever%2Fwww%2Fclone%2Fwp-content%2Fplugins%2Fwordpress-whatsapp-support%2Fincludes%2Fadmin%2Fviews&name=admin-manage-support-persons.php" "Mozilla/5.0 AppleWebKit/537.36 (KHTML, like Gecko; compatible; GPTBot/1.3; +https://openai.com/gptbot)"
57.141.20.50 - - [09/Mar/2026:17:11:31 +0500] "GET /filemanger/edit_line.php?dir=%2Fhome%2Fsportsfever%2Fhttpdocs%2Fclone%2Fwp-content%2Fplugins%2Fembedpress%2Fassets%2Fpdf%2Fbuild&name=script.js&line=7302 HTTP/1.1" 200 1551 "-" "meta-externalagent/1.1 (+https://developers.facebook.com/docs/sharing/webmasters/crawler)"
74.7.227.43 - - [09/Mar/2026:17:11:31 +0500] "GET /filemanger/file_download.php?dir=%2Fhome%2Fsportsfever%2Fpublic_html%2Fwp-content%2Fplugins%2Fninja-forms%2Fincludes%2FTemplates&name=fields-recaptcha-v3.html HTTP/1.1" 200 125 "https://sportsfever360.com/filemanger/file_chmod.php?dir=%2Fhome%2Fsportsfever%2Fpublic_html%2Fwp-content%2Fplugins%2Fninja-forms%2Fincludes%2FTemplates&name=fields-recaptcha-v3.html" "Mozilla/5.0 AppleWebKit/537.36 (KHTML, like Gecko; compatible; GPTBot/1.3; +https://openai.com/gptbot)"
74.7.227.128 - - [09/Mar/2026:17:11:31 +0500] "GET /filemanger/delete_line.php?dir=%2Fhome%2Fsportsfever%2Fwww%2Fwp-content%2Fplugins%2Fwordpress-whatsapp-support%2Fincludes%2Fadmin%2Fviews&line=93&name=admin-manage-support-persons.php HTTP/1.1" 200 616 "https://www.sportsfever360.com/filemanger/edit_text_line.php?dir=%2Fhome%2Fsportsfever%2Fwww%2Fwp-content%2Fplugins%2Fwordpress-whatsapp-support%2Fincludes%2Fadmin%2Fviews&name=admin-manage-support-persons.php" "Mozilla/5.0 AppleWebKit/537.36 (KHTML, like Gecko; compatible; GPTBot/1.3; +https://openai.com/gptbot)"
57.141.20.1 - - [09/Mar/2026:17:11:31 +0500] "GET /filemanger/delete_line.php?dir=%2Fhome%2Fsportsfever%2Fwww%2Fwp-content%2Fplugins%2Fsitepress-multilingual-cms%2Fvendor%2Fphpmyadmin%2Fsql-parser%2Flocale%2Fhr%2FLC_MESSAGES&name=sqlparser.po&line=151 HTTP/1.1" 200 1776 "-" "meta-externalagent/1.1 (+https://developers.facebook.com/docs/sharing/webmasters/crawler)"
74.7.227.43 - - [09/Mar/2026:17:11:31 +0500] "GET /filemanger/file_download.php?dir=%2Fhome%2Fsportsfever%2Fhttpdocs%2Fclone%2Fwp-content%2Fplugins%2Fpopup-builder%2Fpublic%2Ficons%2Fwhite&name=html.svg HTTP/1.1" 200 530 "https://sportsfever360.com/filemanger/edit_text.php?dir=%2Fhome%2Fsportsfever%2Fhttpdocs%2Fclone%2Fwp-content%2Fplugins%2Fpopup-builder%2Fpublic%2Ficons%2Fwhite&name=html.svg" "Mozilla/5.0 AppleWebKit/537.36 (KHTML, like Gecko; compatible; GPTBot/1.3; +https://openai.com/gptbot)"
57.141.20.53 - - [09/Mar/2026:17:11:31 +0500] "GET /filemanger/edit_line.php?dir=%2Fhome%2Fsportsfever%2Fpublic_html%2Fclone%2Fwp-content%2Fplugins%2Fwordfence%2Ffonts&name=roboto-KFOkCnqEu92Fr1Mu51xGIzQXKMnyrYk.woff&line=10 HTTP/1.1" 200 1756 "-" "meta-externalagent/1.1 (+https://developers.facebook.com/docs/sharing/webmasters/crawler)"
74.7.227.128 - - [09/Mar/2026:17:11:31 +0500] "GET /filemanger/edit_line.php?dir=%2Fhome%2Fsportsfever%2Fwww%2Fclone%2Fwp-content%2Fplugins%2Fwordpress-whatsapp-support%2Fincludes%2Fadmin%2Fviews&line=81&name=admin-manage-support-persons.php HTTP/1.1" 200 618 "https://www.sportsfever360.com/filemanger/edit_text_line.php?dir=%2Fhome%2Fsportsfever%2Fwww%2Fclone%2Fwp-content%2Fplugins%2Fwordpress-whatsapp-support%2Fincludes%2Fadmin%2Fviews&name=admin-manage-support-persons.php" "Mozilla/5.0 AppleWebKit/537.36 (KHTML, like Gecko; compatible; GPTBot/1.3; +https://openai.com/gptbot)"
74.7.227.43 - - [09/Mar/2026:17:11:32 +0500] "GET /filemanger/file_delete.php?dir=%2Fhome%2Fsportsfever%2Fhttpdocs%2Fclone%2Fwp-content%2Fplugins%2Fninja-forms%2Fincludes%2FTemplates&name=app-after-fields.html HTTP/1.1" 200 1091 "https://sportsfever360.com/filemanger/file_chmod.php?dir=%2Fhome%2Fsportsfever%2Fhttpdocs%2Fclone%2Fwp-content%2Fplugins%2Fninja-forms%2Fincludes%2FTemplates&name=app-after-fields.html" "Mozilla/5.0 AppleWebKit/537.36 (KHTML, like Gecko; compatible; GPTBot/1.3; +https://openai.com/gptbot)"
57.141.20.13 - - [09/Mar/2026:17:11:32 +0500] "GET /filemanger/edit_line.php?dir=%2Fhome%2Fsportsfever%2Fwww%2Fclone%2Fwp-content%2Fplugins%2Fleadin%2Fpublic%2Fadmin%2Fmodules%2Fapi&name=class-user-meta-api-controller.php&line=21 HTTP/1.1" 200 1551 "-" "meta-externalagent/1.1 (+https://developers.facebook.com/docs/sharing/webmasters/crawler)"
74.7.227.128 - - [09/Mar/2026:17:11:32 +0500] "GET /filemanger/delete_line.php?dir=%2Fhome%2Fsportsfever%2Fwww%2Fwp-content%2Fplugins%2Fwordpress-whatsapp-support%2Fincludes%2Fadmin%2Fviews&line=39&name=admin-manage-support-persons.php HTTP/1.1" 200 616 "https://www.sportsfever360.com/filemanger/edit_text_line.php?dir=%2Fhome%2Fsportsfever%2Fwww%2Fwp-content%2Fplugins%2Fwordpress-whatsapp-support%2Fincludes%2Fadmin%2Fviews&name=admin-manage-support-persons.php" "Mozilla/5.0 AppleWebKit/537.36 (KHTML, like Gecko; compatible; GPTBot/1.3; +https://openai.com/gptbot)"
74.7.227.43 - - [09/Mar/2026:17:11:32 +0500] "GET /filemanger/file_copy.php?dir=%2Fhome%2Fsportsfever%2Fpublic_html%2Fclone%2Fwp-content%2Fplugins%2Fninja-forms%2Fincludes%2FTemplates&name=fields-textbox.html HTTP/1.1" 200 1073 "https://sportsfever360.com/filemanger/file_chmod.php?dir=%2Fhome%2Fsportsfever%2Fpublic_html%2Fclone%2Fwp-content%2Fplugins%2Fninja-forms%2Fincludes%2FTemplates&name=fields-textbox.html" "Mozilla/5.0 AppleWebKit/537.36 (KHTML, like Gecko; compatible; GPTBot/1.3; +https://openai.com/gptbot)"
74.7.227.128 - - [09/Mar/2026:17:11:33 +0500] "GET /filemanger/edit_line.php?dir=%2Fhome%2Fsportsfever%2Fwww%2Fclone%2Fwp-content%2Fplugins%2Fwordpress-whatsapp-support%2Fincludes%2Fadmin%2Fviews&line=54&name=admin-manage-support-persons.php HTTP/1.1" 200 618 "https://www.sportsfever360.com/filemanger/edit_text_line.php?dir=%2Fhome%2Fsportsfever%2Fwww%2Fclone%2Fwp-content%2Fplugins%2Fwordpress-whatsapp-support%2Fincludes%2Fadmin%2Fviews&name=admin-manage-support-persons.php" "Mozilla/5.0 AppleWebKit/537.36 (KHTML, like Gecko; compatible; GPTBot/1.3; +https://openai.com/gptbot)"
74.7.227.43 - - [09/Mar/2026:17:11:33 +0500] "GET /filemanger/file_Copy.php?dir=%2Fhome%2Fsportsfever%2Fpublic_html%2Fclone%2Fwp-content%2Fplugins%2Fninja-forms%2Fincludes%2FTemplates&name=fields-textbox.html HTTP/1.1" 200 20 "https://sportsfever360.com/filemanger/file_chmod.php?dir=%2Fhome%2Fsportsfever%2Fpublic_html%2Fclone%2Fwp-content%2Fplugins%2Fninja-forms%2Fincludes%2FTemplates&name=fields-textbox.html" "Mozilla/5.0 AppleWebKit/537.36 (KHTML, like Gecko; compatible; GPTBot/1.3; +https://openai.com/gptbot)"
57.141.20.57 - - [09/Mar/2026:17:11:33 +0500] "GET /filemanger/edit_line.php?dir=%2Fhome%2Fsportsfever%2Fwww%2Fclone%2Fwp-content%2Fplugins%2Fsitepress-multilingual-cms%2Fclasses%2Furl-handling&name=class-wpml-xdomain-data-parser.php&line=63 HTTP/1.1" 200 1551 "-" "meta-externalagent/1.1 (+https://developers.facebook.com/docs/sharing/webmasters/crawler)"
57.141.20.24 - - [09/Mar/2026:17:11:33 +0500] "GET /filemanger/edit_line.php?dir=%2Fhome%2Fsportsfever%2Fmail%2Fsportsfever360.com%2Fmohsin%2F.spam%2Fcur&name=1750894047.M493452P3638887.c11.creativeon.net,S=34559,W=35109:2,a&line=122 HTTP/1.1" 200 1756 "-" "meta-externalagent/1.1 (+https://developers.facebook.com/docs/sharing/webmasters/crawler)"
74.7.227.128 - - [09/Mar/2026:17:11:33 +0500] "GET /filemanger/edit_line.php?dir=%2Fhome%2Fsportsfever%2Fwww%2Fclone%2Fwp-content%2Fplugins%2Fwordpress-whatsapp-support%2Fincludes%2Fadmin%2Fviews&line=19&name=admin-manage-support-persons.php HTTP/1.1" 200 618 "https://www.sportsfever360.com/filemanger/edit_text_line.php?dir=%2Fhome%2Fsportsfever%2Fwww%2Fclone%2Fwp-content%2Fplugins%2Fwordpress-whatsapp-support%2Fincludes%2Fadmin%2Fviews&name=admin-manage-support-persons.php" "Mozilla/5.0 AppleWebKit/537.36 (KHTML, like Gecko; compatible; GPTBot/1.3; +https://openai.com/gptbot)"
74.7.227.43 - - [09/Mar/2026:17:11:33 +0500] "GET /filemanger/file_rename.php?dir=%2Fhome%2Fsportsfever%2Fhttpdocs%2Fclone%2Fwp-content%2Fplugins%2Fninja-forms%2Fincludes%2FTemplates&name=app-after-fields.html HTTP/1.1" 200 1053 "https://sportsfever360.com/filemanger/file_chmod.php?dir=%2Fhome%2Fsportsfever%2Fhttpdocs%2Fclone%2Fwp-content%2Fplugins%2Fninja-forms%2Fincludes%2FTemplates&name=app-after-fields.html" "Mozilla/5.0 AppleWebKit/537.36 (KHTML, like Gecko; compatible; GPTBot/1.3; +https://openai.com/gptbot)"
57.141.20.26 - - [09/Mar/2026:17:11:34 +0500] "GET /filemanger/delete_line.php?dir=%2Fhome%2Fsportsfever%2Fwww%2Fwp-content%2Fplugins%2Fcustom-twitter-feeds%2Fadmin%2Fassets%2Fcss&name=support.css&line=336 HTTP/1.1" 200 1571 "-" "meta-externalagent/1.1 (+https://developers.facebook.com/docs/sharing/webmasters/crawler)"
74.7.227.128 - - [09/Mar/2026:17:11:34 +0500] "GET /filemanger/delete_line.php?dir=%2Fhome%2Fsportsfever%2Fwww%2Fwp-content%2Fplugins%2Fwordpress-whatsapp-support%2Fincludes%2Fadmin%2Fviews&line=29&name=admin-manage-support-persons.php HTTP/1.1" 200 616 "https://www.sportsfever360.com/filemanger/edit_text_line.php?dir=%2Fhome%2Fsportsfever%2Fwww%2Fwp-content%2Fplugins%2Fwordpress-whatsapp-support%2Fincludes%2Fadmin%2Fviews&name=admin-manage-support-persons.php" "Mozilla/5.0 AppleWebKit/537.36 (KHTML, like Gecko; compatible; GPTBot/1.3; +https://openai.com/gptbot)"
74.7.227.43 - - [09/Mar/2026:17:11:34 +0500] "GET /filemanger/file.php?dir=%2Fhome%2Fsportsfever%2Fpublic_html%2Fclone%2Fwp-content%2Fplugins%2Fninja-forms%2Fincludes%2FTemplates&name=fields-button.html HTTP/1.1" 200 1063 "https://sportsfever360.com/filemanger/index.php?dir=%2Fhome%2Fsportsfever%2Fpublic_html%2Fclone%2Fwp-content%2Fplugins%2Fninja-forms%2Fincludes%2FTemplates" "Mozilla/5.0 AppleWebKit/537.36 (KHTML, like Gecko; compatible; GPTBot/1.3; +https://openai.com/gptbot)"
57.141.20.33 - - [09/Mar/2026:17:11:34 +0500] "GET /filemanger/edit_line.php?dir=%2Fhome%2Fsportsfever%2Fwww%2Fclone%2Fwp-content%2Fplugins%2Fwordpress-seo%2Fsrc%2Factions%2Fimporting%2Faioseo&name=aioseo-posts-importing-action.php&line=497 HTTP/1.1" 200 1551 "-" "meta-externalagent/1.1 (+https://developers.facebook.com/docs/sharing/webmasters/crawler)"
74.7.227.128 - - [09/Mar/2026:17:11:34 +0500] "GET /filemanger/delete_line.php?dir=%2Fhome%2Fsportsfever%2Fwww%2Fclone%2Fwp-content%2Fplugins%2Fwordpress-whatsapp-support%2Fincludes%2Fadmin%2Fviews&line=20&name=admin-manage-support-persons.php HTTP/1.1" 200 616 "https://www.sportsfever360.com/filemanger/edit_text_line.php?dir=%2Fhome%2Fsportsfever%2Fwww%2Fclone%2Fwp-content%2Fplugins%2Fwordpress-whatsapp-support%2Fincludes%2Fadmin%2Fviews&name=admin-manage-support-persons.php" "Mozilla/5.0 AppleWebKit/537.36 (KHTML, like Gecko; compatible; GPTBot/1.3; +https://openai.com/gptbot)"
74.7.227.43 - - [09/Mar/2026:17:11:34 +0500] "GET /filemanger/file_Copy.php?dir=%2Fhome%2Fsportsfever%2Fhttpdocs%2Fclone%2Fwp-content%2Fplugins%2Fninja-forms%2Fincludes%2FTemplates&name=app-before-fields.html HTTP/1.1" 200 20 "https://sportsfever360.com/filemanger/file_chmod.php?dir=%2Fhome%2Fsportsfever%2Fhttpdocs%2Fclone%2Fwp-content%2Fplugins%2Fninja-forms%2Fincludes%2FTemplates&name=app-before-fields.html" "Mozilla/5.0 AppleWebKit/537.36 (KHTML, like Gecko; compatible; GPTBot/1.3; +https://openai.com/gptbot)"
57.141.20.39 - - [09/Mar/2026:17:11:35 +0500] "GET /filemanger/edit_line.php?dir=%2Fhome%2Fsportsfever%2Fhttpdocs%2Fclone%2Fwp-content%2Fplugins%2Fsitepress-multilingual-cms%2Fvendor%2Fphpmyadmin%2Fsql-parser%2Fsrc%2FUtils&name=Query.php&line=71 HTTP/1.1" 200 1551 "-" "meta-externalagent/1.1 (+https://developers.facebook.com/docs/sharing/webmasters/crawler)"
74.7.227.128 - - [09/Mar/2026:17:11:35 +0500] "GET /filemanger/delete_line.php?dir=%2Fhome%2Fsportsfever%2Fwww%2Fwp-content%2Fplugins%2Fwordpress-whatsapp-support%2Fincludes%2Fadmin%2Fviews&line=28&name=admin-plugin-support.php HTTP/1.1" 200 616 "https://www.sportsfever360.com/filemanger/edit_text_line.php?dir=%2Fhome%2Fsportsfever%2Fwww%2Fwp-content%2Fplugins%2Fwordpress-whatsapp-support%2Fincludes%2Fadmin%2Fviews&name=admin-plugin-support.php" "Mozilla/5.0 AppleWebKit/537.36 (KHTML, like Gecko; compatible; GPTBot/1.3; +https://openai.com/gptbot)"
74.7.227.43 - - [09/Mar/2026:17:11:35 +0500] "GET /filemanger/file_copy.php?dir=%2Fhome%2Fsportsfever%2Fhttpdocs%2Fclone%2Fwp-content%2Fplugins%2Fninja-forms%2Fincludes%2FTemplates&name=app-before-fields.html HTTP/1.1" 200 1079 "https://sportsfever360.com/filemanger/file_chmod.php?dir=%2Fhome%2Fsportsfever%2Fhttpdocs%2Fclone%2Fwp-content%2Fplugins%2Fninja-forms%2Fincludes%2FTemplates&name=app-before-fields.html" "Mozilla/5.0 AppleWebKit/537.36 (KHTML, like Gecko; compatible; GPTBot/1.3; +https://openai.com/gptbot)"
57.141.20.53 - - [09/Mar/2026:17:11:35 +0500] "GET /filemanger/delete_line.php?dir=%2Fhome%2Fsportsfever%2Fwww%2Fwp-content%2Fthemes%2Fconsultstreet&name=readme.txt&line=474 HTTP/1.1" 200 1571 "-" "meta-externalagent/1.1 (+https://developers.facebook.com/docs/sharing/webmasters/crawler)"
74.7.227.128 - - [09/Mar/2026:17:11:35 +0500] "GET /filemanger/edit_line.php?dir=%2Fhome%2Fsportsfever%2Fwww%2Fwp-content%2Fplugins%2Fwordpress-whatsapp-support%2Fincludes%2Fadmin%2Fviews&line=101&name=admin-manage-support-persons.php HTTP/1.1" 200 618 "https://www.sportsfever360.com/filemanger/edit_text_line.php?dir=%2Fhome%2Fsportsfever%2Fwww%2Fwp-content%2Fplugins%2Fwordpress-whatsapp-support%2Fincludes%2Fadmin%2Fviews&name=admin-manage-support-persons.php" "Mozilla/5.0 AppleWebKit/537.36 (KHTML, like Gecko; compatible; GPTBot/1.3; +https://openai.com/gptbot)"
74.7.227.43 - - [09/Mar/2026:17:11:35 +0500] "GET /filemanger/file_download.php?dir=%2Fhome%2Fsportsfever%2Fpublic_html%2Fclone%2Fwp-content%2Fplugins%2Fnetwork-posts-extended%2Fviews%2Fresizer&name=table.html HTTP/1.1" 200 789 "https://sportsfever360.com/filemanger/file.php?dir=%2Fhome%2Fsportsfever%2Fpublic_html%2Fclone%2Fwp-content%2Fplugins%2Fnetwork-posts-extended%2Fviews%2Fresizer&name=table.html" "Mozilla/5.0 AppleWebKit/537.36 (KHTML, like Gecko; compatible; GPTBot/1.3; +https://openai.com/gptbot)"
57.141.20.39 - - [09/Mar/2026:17:11:36 +0500] "GET /filemanger/delete_line.php?dir=%2Fhome%2Fsportsfever%2Fwww%2Fwp-includes%2Fjs%2Ftinymce%2Fplugins%2Fwordpress&name=plugin.js&line=282 HTTP/1.1" 200 1571 "-" "meta-externalagent/1.1 (+https://developers.facebook.com/docs/sharing/webmasters/crawler)"
