74.7.227.128 - - [09/Mar/2026:17:08:47 +0500] "GET /filemanger/edit_line.php?dir=%2Fhome%2Fsportsfever%2Fwww%2Fclone%2Fwp-content%2Fplugins%2Fpopup-builder%2Fpublic%2Fcss%2Ffonts&line=305&name=SegoeUI.woff HTTP/1.1" 200 620 "https://www.sportsfever360.com/filemanger/edit_text_line.php?dir=%2Fhome%2Fsportsfever%2Fwww%2Fclone%2Fwp-content%2Fplugins%2Fpopup-builder%2Fpublic%2Fcss%2Ffonts&name=SegoeUI.woff" "Mozilla/5.0 AppleWebKit/537.36 (KHTML, like Gecko; compatible; GPTBot/1.3; +https://openai.com/gptbot)"
57.141.20.28 - - [09/Mar/2026:17:08:47 +0500] "GET /filemanger/edit_line.php?dir=%2Fhome%2Fsportsfever%2Fhttpdocs%2Fclone%2Fwp-content%2Fplugins%2Fleadin%2Flanguages&name=leadin-de_AT.po&line=41 HTTP/1.1" 200 1756 "-" "meta-externalagent/1.1 (+https://developers.facebook.com/docs/sharing/webmasters/crawler)"
74.7.227.43 - - [09/Mar/2026:17:08:47 +0500] "GET /filemanger/delete_line.php?dir=%2Fhome%2Fsportsfever%2Fhttpdocs%2Fwp-content%2Fplugins%2Fsitepress-multilingual-cms%2Fvendor%2Fotgs%2Finstaller%2Fsrc%2Fjs%2Fotgs-installer-support&line=48&name=testConnection.js HTTP/1.1" 200 616 "https://sportsfever360.com/filemanger/edit_text_line.php?dir=%2Fhome%2Fsportsfever%2Fhttpdocs%2Fwp-content%2Fplugins%2Fsitepress-multilingual-cms%2Fvendor%2Fotgs%2Finstaller%2Fsrc%2Fjs%2Fotgs-installer-support&name=testConnection.js" "Mozilla/5.0 AppleWebKit/537.36 (KHTML, like Gecko; compatible; GPTBot/1.3; +https://openai.com/gptbot)"
74.7.227.128 - - [09/Mar/2026:17:08:47 +0500] "GET /filemanger/edit_line.php?dir=%2Fhome%2Fsportsfever%2Fwww%2Fclone%2Fwp-content%2Fplugins%2Fthemify-builder%2Fjs%2Fmodule-styles%2Fsrc&line=174&name=buttons.mjs HTTP/1.1" 200 620 "https://www.sportsfever360.com/filemanger/edit_text_line.php?dir=%2Fhome%2Fsportsfever%2Fwww%2Fclone%2Fwp-content%2Fplugins%2Fthemify-builder%2Fjs%2Fmodule-styles%2Fsrc&name=buttons.mjs" "Mozilla/5.0 AppleWebKit/537.36 (KHTML, like Gecko; compatible; GPTBot/1.3; +https://openai.com/gptbot)"
74.7.227.43 - - [09/Mar/2026:17:08:48 +0500] "GET /filemanger/delete_line.php?dir=%2Fhome%2Fsportsfever%2Fhttpdocs%2Fwp-content%2Fplugins%2Fsitepress-multilingual-cms%2Fvendor%2Fotgs%2Finstaller%2Fsrc%2Fjs%2Fotgs-installer-support&line=41&name=testConnection.js HTTP/1.1" 200 616 "https://sportsfever360.com/filemanger/edit_text_line.php?dir=%2Fhome%2Fsportsfever%2Fhttpdocs%2Fwp-content%2Fplugins%2Fsitepress-multilingual-cms%2Fvendor%2Fotgs%2Finstaller%2Fsrc%2Fjs%2Fotgs-installer-support&name=testConnection.js" "Mozilla/5.0 AppleWebKit/537.36 (KHTML, like Gecko; compatible; GPTBot/1.3; +https://openai.com/gptbot)"
74.7.227.128 - - [09/Mar/2026:17:08:48 +0500] "GET /filemanger/edit_line.php?dir=%2Fhome%2Fsportsfever%2Fwww%2Fclone%2Fwp-content%2Fplugins%2Fpopup-builder%2Fpublic%2Fcss%2Ffonts&line=136&name=SegoeUI.woff HTTP/1.1" 200 620 "https://www.sportsfever360.com/filemanger/edit_text_line.php?dir=%2Fhome%2Fsportsfever%2Fwww%2Fclone%2Fwp-content%2Fplugins%2Fpopup-builder%2Fpublic%2Fcss%2Ffonts&name=SegoeUI.woff" "Mozilla/5.0 AppleWebKit/537.36 (KHTML, like Gecko; compatible; GPTBot/1.3; +https://openai.com/gptbot)"
57.141.20.58 - - [09/Mar/2026:17:08:48 +0500] "GET /filemanger/edit_line.php?dir=%2Fhome%2Fsportsfever%2Fpublic_html%2Fclone%2Fwp-content%2Fwflogs&name=GeoLite2-Country.mmdb&line=4066 HTTP/1.1" 200 1756 "-" "meta-externalagent/1.1 (+https://developers.facebook.com/docs/sharing/webmasters/crawler)"
57.141.20.35 - - [09/Mar/2026:17:08:48 +0500] "GET /filemanger/edit_line.php?dir=%2Fhome%2Fsportsfever%2Fwww%2Fwp-content%2Fplugins%2Fwordpress-seo%2Fsrc%2Fconditionals&name=settings-conditional.php&line=1 HTTP/1.1" 200 1551 "-" "meta-externalagent/1.1 (+https://developers.facebook.com/docs/sharing/webmasters/crawler)"
74.7.227.43 - - [09/Mar/2026:17:08:48 +0500] "GET /filemanger/delete_line.php?dir=%2Fhome%2Fsportsfever%2Fhttpdocs%2Fwp-content%2Fplugins%2Fsitepress-multilingual-cms%2Fvendor%2Fotgs%2Finstaller%2Fsrc%2Fjs%2Fotgs-installer-support&line=39&name=testConnection.js HTTP/1.1" 200 616 "https://sportsfever360.com/filemanger/edit_text_line.php?dir=%2Fhome%2Fsportsfever%2Fhttpdocs%2Fwp-content%2Fplugins%2Fsitepress-multilingual-cms%2Fvendor%2Fotgs%2Finstaller%2Fsrc%2Fjs%2Fotgs-installer-support&name=testConnection.js" "Mozilla/5.0 AppleWebKit/537.36 (KHTML, like Gecko; compatible; GPTBot/1.3; +https://openai.com/gptbot)"
74.7.227.128 - - [09/Mar/2026:17:08:48 +0500] "GET /filemanger/edit_line.php?dir=%2Fhome%2Fsportsfever%2Fwww%2Fclone%2Fwp-content%2Fplugins%2Fpopup-builder%2Fpublic%2Fcss%2Ffonts&line=301&name=SegoeUI.woff HTTP/1.1" 200 620 "https://www.sportsfever360.com/filemanger/edit_text_line.php?dir=%2Fhome%2Fsportsfever%2Fwww%2Fclone%2Fwp-content%2Fplugins%2Fpopup-builder%2Fpublic%2Fcss%2Ffonts&name=SegoeUI.woff" "Mozilla/5.0 AppleWebKit/537.36 (KHTML, like Gecko; compatible; GPTBot/1.3; +https://openai.com/gptbot)"
57.141.20.59 - - [09/Mar/2026:17:08:49 +0500] "GET /filemanger/edit_line.php?dir=%2Fhome%2Fsportsfever%2Fhttpdocs%2Fclone%2Fwp-content%2Fplugins%2Fpassword-protect-page&name=README.txt&line=541 HTTP/1.1" 200 1551 "-" "meta-externalagent/1.1 (+https://developers.facebook.com/docs/sharing/webmasters/crawler)"
74.7.227.43 - - [09/Mar/2026:17:08:49 +0500] "GET /filemanger/delete_line.php?dir=%2Fhome%2Fsportsfever%2Fhttpdocs%2Fwp-content%2Fplugins%2Fsitepress-multilingual-cms%2Fvendor%2Fotgs%2Finstaller%2Fsrc%2Fjs%2Fotgs-installer-support&line=25&name=testConnection.js HTTP/1.1" 200 616 "https://sportsfever360.com/filemanger/edit_text_line.php?dir=%2Fhome%2Fsportsfever%2Fhttpdocs%2Fwp-content%2Fplugins%2Fsitepress-multilingual-cms%2Fvendor%2Fotgs%2Finstaller%2Fsrc%2Fjs%2Fotgs-installer-support&name=testConnection.js" "Mozilla/5.0 AppleWebKit/537.36 (KHTML, like Gecko; compatible; GPTBot/1.3; +https://openai.com/gptbot)"
114.119.128.162 - - [09/Mar/2026:17:08:49 +0500] "GET /filemanger/edit_text_line.php?dir=/home/sportsfever/public_html/wp-admin/css&name=customize-widgets-rtl.min.css HTTP/1.1" 200 3157 "https://sportsfever360.com/filemanger/file_delete.php?dir=/home/sportsfever/public_html/wp-admin/css&name=customize-widgets-rtl.min.css" "Mozilla/5.0 (Linux; Android 7.0;) AppleWebKit/537.36 (KHTML, like Gecko) Mobile Safari/537.36 (compatible; PetalBot;+https://webmaster.petalsearch.com/site/petalbot)"
74.7.227.128 - - [09/Mar/2026:17:08:49 +0500] "GET /filemanger/edit_line.php?dir=%2Fhome%2Fsportsfever%2Fwww%2Fclone%2Fwp-content%2Fplugins%2Fpopup-builder%2Fpublic%2Fcss%2Ffonts&line=360&name=SegoeUI.woff HTTP/1.1" 200 620 "https://www.sportsfever360.com/filemanger/edit_text_line.php?dir=%2Fhome%2Fsportsfever%2Fwww%2Fclone%2Fwp-content%2Fplugins%2Fpopup-builder%2Fpublic%2Fcss%2Ffonts&name=SegoeUI.woff" "Mozilla/5.0 AppleWebKit/537.36 (KHTML, like Gecko; compatible; GPTBot/1.3; +https://openai.com/gptbot)"
57.141.20.22 - - [09/Mar/2026:17:08:49 +0500] "GET /filemanger/edit_line.php?dir=%2Fhome%2Fsportsfever%2Fhttpdocs%2Fwp-includes%2Frest-api%2Fendpoints&name=class-wp-rest-revisions-controller.php&line=706 HTTP/1.1" 200 1551 "-" "meta-externalagent/1.1 (+https://developers.facebook.com/docs/sharing/webmasters/crawler)"
74.7.227.43 - - [09/Mar/2026:17:08:49 +0500] "GET /filemanger/delete_line.php?dir=%2Fhome%2Fsportsfever%2Fhttpdocs%2Fwp-content%2Fplugins%2Fsitepress-multilingual-cms%2Fvendor%2Fotgs%2Finstaller%2Fsrc%2Fjs%2Fotgs-installer-support&line=22&name=testConnection.js HTTP/1.1" 200 616 "https://sportsfever360.com/filemanger/edit_text_line.php?dir=%2Fhome%2Fsportsfever%2Fhttpdocs%2Fwp-content%2Fplugins%2Fsitepress-multilingual-cms%2Fvendor%2Fotgs%2Finstaller%2Fsrc%2Fjs%2Fotgs-installer-support&name=testConnection.js" "Mozilla/5.0 AppleWebKit/537.36 (KHTML, like Gecko; compatible; GPTBot/1.3; +https://openai.com/gptbot)"
74.7.227.128 - - [09/Mar/2026:17:08:49 +0500] "GET /filemanger/edit_line.php?dir=%2Fhome%2Fsportsfever%2Fwww%2Fclone%2Fwp-content%2Fplugins%2Fpopup-builder%2Fpublic%2Fcss%2Ffonts&line=495&name=SegoeUI.woff HTTP/1.1" 200 620 "https://www.sportsfever360.com/filemanger/edit_text_line.php?dir=%2Fhome%2Fsportsfever%2Fwww%2Fclone%2Fwp-content%2Fplugins%2Fpopup-builder%2Fpublic%2Fcss%2Ffonts&name=SegoeUI.woff" "Mozilla/5.0 AppleWebKit/537.36 (KHTML, like Gecko; compatible; GPTBot/1.3; +https://openai.com/gptbot)"
57.141.20.0 - - [09/Mar/2026:17:08:50 +0500] "GET /filemanger/edit_line.php?dir=%2Fhome%2Fsportsfever%2Fhttpdocs%2Fclone%2Fwp-content%2Fplugins%2Fsitepress-multilingual-cms%2Fvendor%2Fphpmyadmin%2Fsql-parser%2Flocale%2Fsl%2FLC_MESSAGES&name=sqlparser.po&line=162 HTTP/1.1" 200 1756 "-" "meta-externalagent/1.1 (+https://developers.facebook.com/docs/sharing/webmasters/crawler)"
74.7.227.43 - - [09/Mar/2026:17:08:50 +0500] "GET /filemanger/delete_line.php?dir=%2Fhome%2Fsportsfever%2Fhttpdocs%2Fwp-content%2Fplugins%2Fsitepress-multilingual-cms%2Fvendor%2Fotgs%2Finstaller%2Fsrc%2Fjs%2Fotgs-installer-support&line=42&name=testConnection.js HTTP/1.1" 200 616 "https://sportsfever360.com/filemanger/edit_text_line.php?dir=%2Fhome%2Fsportsfever%2Fhttpdocs%2Fwp-content%2Fplugins%2Fsitepress-multilingual-cms%2Fvendor%2Fotgs%2Finstaller%2Fsrc%2Fjs%2Fotgs-installer-support&name=testConnection.js" "Mozilla/5.0 AppleWebKit/537.36 (KHTML, like Gecko; compatible; GPTBot/1.3; +https://openai.com/gptbot)"
57.141.20.32 - - [09/Mar/2026:17:08:50 +0500] "GET /filemanger/delete_line.php?dir=%2Fhome%2Fsportsfever%2Fwww%2Fclone%2Fwp-content%2Fplugins%2Fsitepress-multilingual-cms%2Fvendor%2Fphpmyadmin%2Fsql-parser%2Fsrc%2FUtils&name=Table.php&line=9 HTTP/1.1" 200 1571 "-" "meta-externalagent/1.1 (+https://developers.facebook.com/docs/sharing/webmasters/crawler)"
74.7.227.128 - - [09/Mar/2026:17:08:50 +0500] "GET /filemanger/edit_line.php?dir=%2Fhome%2Fsportsfever%2Fwww%2Fclone%2Fwp-content%2Fplugins%2Fpopup-builder%2Fpublic%2Fcss%2Ffonts&line=318&name=SegoeUI.woff HTTP/1.1" 200 620 "https://www.sportsfever360.com/filemanger/edit_text_line.php?dir=%2Fhome%2Fsportsfever%2Fwww%2Fclone%2Fwp-content%2Fplugins%2Fpopup-builder%2Fpublic%2Fcss%2Ffonts&name=SegoeUI.woff" "Mozilla/5.0 AppleWebKit/537.36 (KHTML, like Gecko; compatible; GPTBot/1.3; +https://openai.com/gptbot)"
74.7.227.43 - - [09/Mar/2026:17:08:50 +0500] "GET /filemanger/delete_line.php?dir=%2Fhome%2Fsportsfever%2Fhttpdocs%2Fwp-content%2Fplugins%2Fsitepress-multilingual-cms%2Fvendor%2Fotgs%2Finstaller%2Fsrc%2Fjs%2Fotgs-installer-support&line=65&name=testConnection.js HTTP/1.1" 200 616 "https://sportsfever360.com/filemanger/edit_text_line.php?dir=%2Fhome%2Fsportsfever%2Fhttpdocs%2Fwp-content%2Fplugins%2Fsitepress-multilingual-cms%2Fvendor%2Fotgs%2Finstaller%2Fsrc%2Fjs%2Fotgs-installer-support&name=testConnection.js" "Mozilla/5.0 AppleWebKit/537.36 (KHTML, like Gecko; compatible; GPTBot/1.3; +https://openai.com/gptbot)"
74.7.227.128 - - [09/Mar/2026:17:08:50 +0500] "GET /filemanger/edit_line.php?dir=%2Fhome%2Fsportsfever%2Fwww%2Fclone%2Fwp-content%2Fplugins%2Fpopup-builder%2Fpublic%2Fcss%2Ffonts&line=307&name=SegoeUI.woff HTTP/1.1" 200 620 "https://www.sportsfever360.com/filemanger/edit_text_line.php?dir=%2Fhome%2Fsportsfever%2Fwww%2Fclone%2Fwp-content%2Fplugins%2Fpopup-builder%2Fpublic%2Fcss%2Ffonts&name=SegoeUI.woff" "Mozilla/5.0 AppleWebKit/537.36 (KHTML, like Gecko; compatible; GPTBot/1.3; +https://openai.com/gptbot)"
57.141.20.9 - - [09/Mar/2026:17:08:51 +0500] "GET /filemanger/delete_line.php?dir=%2Fhome%2Fsportsfever%2Fpublic_html%2Fwp-content%2Fwflogs&name=GeoLite2-Country.mmdb&line=148070 HTTP/1.1" 200 1776 "-" "meta-externalagent/1.1 (+https://developers.facebook.com/docs/sharing/webmasters/crawler)"
74.7.227.43 - - [09/Mar/2026:17:08:51 +0500] "GET /filemanger/delete_line.php?dir=%2Fhome%2Fsportsfever%2Fhttpdocs%2Fwp-content%2Fplugins%2Fsitepress-multilingual-cms%2Fvendor%2Fotgs%2Finstaller%2Fsrc%2Fjs%2Fotgs-installer-support&line=50&name=testConnection.js HTTP/1.1" 200 616 "https://sportsfever360.com/filemanger/edit_text_line.php?dir=%2Fhome%2Fsportsfever%2Fhttpdocs%2Fwp-content%2Fplugins%2Fsitepress-multilingual-cms%2Fvendor%2Fotgs%2Finstaller%2Fsrc%2Fjs%2Fotgs-installer-support&name=testConnection.js" "Mozilla/5.0 AppleWebKit/537.36 (KHTML, like Gecko; compatible; GPTBot/1.3; +https://openai.com/gptbot)"
74.7.227.128 - - [09/Mar/2026:17:08:51 +0500] "GET /filemanger/edit_line.php?dir=%2Fhome%2Fsportsfever%2Fwww%2Fclone%2Fwp-content%2Fplugins%2Fthemify-builder%2Fjs%2Fmodule-styles%2Fsrc&line=157&name=buttons.mjs HTTP/1.1" 200 620 "https://www.sportsfever360.com/filemanger/edit_text_line.php?dir=%2Fhome%2Fsportsfever%2Fwww%2Fclone%2Fwp-content%2Fplugins%2Fthemify-builder%2Fjs%2Fmodule-styles%2Fsrc&name=buttons.mjs" "Mozilla/5.0 AppleWebKit/537.36 (KHTML, like Gecko; compatible; GPTBot/1.3; +https://openai.com/gptbot)"
74.7.227.43 - - [09/Mar/2026:17:08:51 +0500] "GET /filemanger/delete_line.php?dir=%2Fhome%2Fsportsfever%2Fhttpdocs%2Fwp-content%2Fplugins%2Fsitepress-multilingual-cms%2Fvendor%2Fotgs%2Finstaller%2Fsrc%2Fjs%2Fotgs-installer-support&line=60&name=testConnection.js HTTP/1.1" 200 616 "https://sportsfever360.com/filemanger/edit_text_line.php?dir=%2Fhome%2Fsportsfever%2Fhttpdocs%2Fwp-content%2Fplugins%2Fsitepress-multilingual-cms%2Fvendor%2Fotgs%2Finstaller%2Fsrc%2Fjs%2Fotgs-installer-support&name=testConnection.js" "Mozilla/5.0 AppleWebKit/537.36 (KHTML, like Gecko; compatible; GPTBot/1.3; +https://openai.com/gptbot)"
57.141.20.6 - - [09/Mar/2026:17:08:51 +0500] "GET /filemanger/edit_line.php?dir=%2Fhome%2Fsportsfever%2Fhttpdocs%2Fclone%2Fwp-content%2Fplugins%2Faccelerated-mobile-pages%2Ftemplates%2Fdesign-manager%2Fswift&name=header.php&line=87 HTTP/1.1" 200 1551 "-" "meta-externalagent/1.1 (+https://developers.facebook.com/docs/sharing/webmasters/crawler)"
57.141.20.53 - - [09/Mar/2026:17:08:51 +0500] "GET /filemanger/edit_line.php?dir=%2Fhome%2Fsportsfever%2Fpublic_html%2Fwp-content%2Fplugins%2Faccelerated-mobile-pages%2Finstall%2Fassets%2Fcss&name=merlin.css&line=2277 HTTP/1.1" 200 1551 "-" "meta-externalagent/1.1 (+https://developers.facebook.com/docs/sharing/webmasters/crawler)"
74.7.227.128 - - [09/Mar/2026:17:08:51 +0500] "GET /filemanger/edit_line.php?dir=%2Fhome%2Fsportsfever%2Fwww%2Fclone%2Fwp-content%2Fplugins%2Fpopup-builder%2Fpublic%2Fcss%2Ffonts&line=186&name=SegoeUI.woff HTTP/1.1" 200 620 "https://www.sportsfever360.com/filemanger/edit_text_line.php?dir=%2Fhome%2Fsportsfever%2Fwww%2Fclone%2Fwp-content%2Fplugins%2Fpopup-builder%2Fpublic%2Fcss%2Ffonts&name=SegoeUI.woff" "Mozilla/5.0 AppleWebKit/537.36 (KHTML, like Gecko; compatible; GPTBot/1.3; +https://openai.com/gptbot)"
74.7.227.43 - - [09/Mar/2026:17:08:52 +0500] "GET /filemanger/delete_line.php?dir=%2Fhome%2Fsportsfever%2Fhttpdocs%2Fwp-content%2Fplugins%2Fsitepress-multilingual-cms%2Fvendor%2Fotgs%2Finstaller%2Fsrc%2Fjs%2Fotgs-installer-support&line=17&name=testConnection.js HTTP/1.1" 200 616 "https://sportsfever360.com/filemanger/edit_text_line.php?dir=%2Fhome%2Fsportsfever%2Fhttpdocs%2Fwp-content%2Fplugins%2Fsitepress-multilingual-cms%2Fvendor%2Fotgs%2Finstaller%2Fsrc%2Fjs%2Fotgs-installer-support&name=testConnection.js" "Mozilla/5.0 AppleWebKit/537.36 (KHTML, like Gecko; compatible; GPTBot/1.3; +https://openai.com/gptbot)"
74.7.227.128 - - [09/Mar/2026:17:08:52 +0500] "GET /filemanger/edit_line.php?dir=%2Fhome%2Fsportsfever%2Fwww%2Fclone%2Fwp-content%2Fplugins%2Fpopup-builder%2Fpublic%2Fcss%2Ffonts&line=385&name=SegoeUI.woff HTTP/1.1" 200 620 "https://www.sportsfever360.com/filemanger/edit_text_line.php?dir=%2Fhome%2Fsportsfever%2Fwww%2Fclone%2Fwp-content%2Fplugins%2Fpopup-builder%2Fpublic%2Fcss%2Ffonts&name=SegoeUI.woff" "Mozilla/5.0 AppleWebKit/537.36 (KHTML, like Gecko; compatible; GPTBot/1.3; +https://openai.com/gptbot)"
57.141.20.24 - - [09/Mar/2026:17:08:52 +0500] "GET /filemanger/edit_line.php?dir=%2Fhome%2Fsportsfever%2Fhttpdocs%2Fclone%2Fwp-content%2Fplugins%2Fpopup-maker%2Ftrunk%2Fincludes%2Fadmin&name=class-pum-admin-upgrades.php&line=341 HTTP/1.1" 200 1551 "-" "meta-externalagent/1.1 (+https://developers.facebook.com/docs/sharing/webmasters/crawler)"
74.7.227.43 - - [09/Mar/2026:17:08:52 +0500] "GET /filemanger/delete_line.php?dir=%2Fhome%2Fsportsfever%2Fhttpdocs%2Fwp-content%2Fplugins%2Fsitepress-multilingual-cms%2Fvendor%2Fotgs%2Finstaller%2Fsrc%2Fjs%2Fotgs-installer-support&line=26&name=testConnection.js HTTP/1.1" 200 616 "https://sportsfever360.com/filemanger/edit_text_line.php?dir=%2Fhome%2Fsportsfever%2Fhttpdocs%2Fwp-content%2Fplugins%2Fsitepress-multilingual-cms%2Fvendor%2Fotgs%2Finstaller%2Fsrc%2Fjs%2Fotgs-installer-support&name=testConnection.js" "Mozilla/5.0 AppleWebKit/537.36 (KHTML, like Gecko; compatible; GPTBot/1.3; +https://openai.com/gptbot)"
74.7.227.128 - - [09/Mar/2026:17:08:53 +0500] "GET /filemanger/edit_line.php?dir=%2Fhome%2Fsportsfever%2Fwww%2Fclone%2Fwp-content%2Fplugins%2Fthemify-builder%2Fjs%2Feditor%2Fmodules&line=379&name=link-block.mjs HTTP/1.1" 200 620 "https://www.sportsfever360.com/filemanger/edit_text_line.php?dir=%2Fhome%2Fsportsfever%2Fwww%2Fclone%2Fwp-content%2Fplugins%2Fthemify-builder%2Fjs%2Feditor%2Fmodules&name=link-block.mjs" "Mozilla/5.0 AppleWebKit/537.36 (KHTML, like Gecko; compatible; GPTBot/1.3; +https://openai.com/gptbot)"
57.141.20.25 - - [09/Mar/2026:17:08:53 +0500] "GET /filemanger/delete_line.php?dir=%2Fhome%2Fsportsfever%2Fhttpdocs%2Fwp-content%2Fplugins%2Fwp-file-manager%2Flib%2Fcodemirror%2Fmode%2Fxquery&name=test.js&line=57 HTTP/1.1" 200 1571 "-" "meta-externalagent/1.1 (+https://developers.facebook.com/docs/sharing/webmasters/crawler)"
74.7.227.43 - - [09/Mar/2026:17:08:53 +0500] "GET /filemanger/delete_line.php?dir=%2Fhome%2Fsportsfever%2Fhttpdocs%2Fwp-content%2Fplugins%2Fsitepress-multilingual-cms%2Fvendor%2Fotgs%2Finstaller%2Fsrc%2Fjs%2Fotgs-installer-support&line=29&name=testConnection.js HTTP/1.1" 200 616 "https://sportsfever360.com/filemanger/edit_text_line.php?dir=%2Fhome%2Fsportsfever%2Fhttpdocs%2Fwp-content%2Fplugins%2Fsitepress-multilingual-cms%2Fvendor%2Fotgs%2Finstaller%2Fsrc%2Fjs%2Fotgs-installer-support&name=testConnection.js" "Mozilla/5.0 AppleWebKit/537.36 (KHTML, like Gecko; compatible; GPTBot/1.3; +https://openai.com/gptbot)"
74.7.227.128 - - [09/Mar/2026:17:08:53 +0500] "GET /filemanger/edit_line.php?dir=%2Fhome%2Fsportsfever%2Fwww%2Fclone%2Fwp-content%2Fplugins%2Fpopup-builder%2Fpublic%2Fcss%2Ffonts&line=417&name=SegoeUI.woff HTTP/1.1" 200 620 "https://www.sportsfever360.com/filemanger/edit_text_line.php?dir=%2Fhome%2Fsportsfever%2Fwww%2Fclone%2Fwp-content%2Fplugins%2Fpopup-builder%2Fpublic%2Fcss%2Ffonts&name=SegoeUI.woff" "Mozilla/5.0 AppleWebKit/537.36 (KHTML, like Gecko; compatible; GPTBot/1.3; +https://openai.com/gptbot)"
57.141.20.24 - - [09/Mar/2026:17:08:53 +0500] "GET /filemanger/edit_line.php?dir=%2Fhome%2Fsportsfever%2Fpublic_html%2Fclone%2Fwp-content%2Fplugins%2Fembedpress%2Flanguages&name=embedpress.pot&line=788 HTTP/1.1" 200 1756 "-" "meta-externalagent/1.1 (+https://developers.facebook.com/docs/sharing/webmasters/crawler)"
74.7.227.43 - - [09/Mar/2026:17:08:53 +0500] "GET /filemanger/delete_line.php?dir=%2Fhome%2Fsportsfever%2Fhttpdocs%2Fwp-content%2Fplugins%2Fsitepress-multilingual-cms%2Fvendor%2Fotgs%2Finstaller%2Fsrc%2Fjs%2Fotgs-installer-support&line=64&name=testConnection.js HTTP/1.1" 200 616 "https://sportsfever360.com/filemanger/edit_text_line.php?dir=%2Fhome%2Fsportsfever%2Fhttpdocs%2Fwp-content%2Fplugins%2Fsitepress-multilingual-cms%2Fvendor%2Fotgs%2Finstaller%2Fsrc%2Fjs%2Fotgs-installer-support&name=testConnection.js" "Mozilla/5.0 AppleWebKit/537.36 (KHTML, like Gecko; compatible; GPTBot/1.3; +https://openai.com/gptbot)"
74.7.227.128 - - [09/Mar/2026:17:08:54 +0500] "GET /filemanger/edit_line.php?dir=%2Fhome%2Fsportsfever%2Fwww%2Fclone%2Fwp-content%2Fplugins%2Fpopup-builder%2Fpublic%2Fcss%2Ffonts&line=347&name=SegoeUI.woff HTTP/1.1" 200 620 "https://www.sportsfever360.com/filemanger/edit_text_line.php?dir=%2Fhome%2Fsportsfever%2Fwww%2Fclone%2Fwp-content%2Fplugins%2Fpopup-builder%2Fpublic%2Fcss%2Ffonts&name=SegoeUI.woff" "Mozilla/5.0 AppleWebKit/537.36 (KHTML, like Gecko; compatible; GPTBot/1.3; +https://openai.com/gptbot)"
57.141.20.44 - - [09/Mar/2026:17:08:54 +0500] "GET /filemanger/delete_line.php?dir=%2Fhome%2Fsportsfever%2Fhttpdocs%2Fwp-content%2Fplugins%2Fsitepress-multilingual-cms%2Fvendor%2Fphpmyadmin%2Fsql-parser%2Fsrc%2FContexts&name=ContextMySql80000.php&line=188 HTTP/1.1" 200 1571 "-" "meta-externalagent/1.1 (+https://developers.facebook.com/docs/sharing/webmasters/crawler)"
74.7.227.43 - - [09/Mar/2026:17:08:54 +0500] "GET /filemanger/delete_line.php?dir=%2Fhome%2Fsportsfever%2Fhttpdocs%2Fwp-content%2Fplugins%2Fsitepress-multilingual-cms%2Fvendor%2Fotgs%2Finstaller%2Fsrc%2Fjs%2Fotgs-installer-support&line=67&name=testConnection.js HTTP/1.1" 200 616 "https://sportsfever360.com/filemanger/edit_text_line.php?dir=%2Fhome%2Fsportsfever%2Fhttpdocs%2Fwp-content%2Fplugins%2Fsitepress-multilingual-cms%2Fvendor%2Fotgs%2Finstaller%2Fsrc%2Fjs%2Fotgs-installer-support&name=testConnection.js" "Mozilla/5.0 AppleWebKit/537.36 (KHTML, like Gecko; compatible; GPTBot/1.3; +https://openai.com/gptbot)"
57.141.20.14 - - [09/Mar/2026:17:08:54 +0500] "GET /filemanger/edit_line.php?dir=%2Fhome%2Fsportsfever%2Fhttpdocs%2Fclone%2Fwp-content%2Fplugins%2Fadvanced-ads%2Fmodules%2Fimport-export%2Fviews&name=page.php&line=12 HTTP/1.1" 200 1551 "-" "meta-externalagent/1.1 (+https://developers.facebook.com/docs/sharing/webmasters/crawler)"
74.7.227.128 - - [09/Mar/2026:17:08:54 +0500] "GET /filemanger/edit_line.php?dir=%2Fhome%2Fsportsfever%2Fwww%2Fclone%2Fwp-content%2Fplugins%2Fpopup-builder%2Fpublic%2Fcss%2Ffonts&line=164&name=SegoeUI.woff HTTP/1.1" 200 620 "https://www.sportsfever360.com/filemanger/edit_text_line.php?dir=%2Fhome%2Fsportsfever%2Fwww%2Fclone%2Fwp-content%2Fplugins%2Fpopup-builder%2Fpublic%2Fcss%2Ffonts&name=SegoeUI.woff" "Mozilla/5.0 AppleWebKit/537.36 (KHTML, like Gecko; compatible; GPTBot/1.3; +https://openai.com/gptbot)"
74.7.227.43 - - [09/Mar/2026:17:08:54 +0500] "GET /filemanger/delete_line.php?dir=%2Fhome%2Fsportsfever%2Fhttpdocs%2Fwp-content%2Fplugins%2Fsitepress-multilingual-cms%2Fvendor%2Fotgs%2Finstaller%2Fsrc%2Fjs%2Fotgs-installer-support&line=45&name=testConnection.js HTTP/1.1" 200 616 "https://sportsfever360.com/filemanger/edit_text_line.php?dir=%2Fhome%2Fsportsfever%2Fhttpdocs%2Fwp-content%2Fplugins%2Fsitepress-multilingual-cms%2Fvendor%2Fotgs%2Finstaller%2Fsrc%2Fjs%2Fotgs-installer-support&name=testConnection.js" "Mozilla/5.0 AppleWebKit/537.36 (KHTML, like Gecko; compatible; GPTBot/1.3; +https://openai.com/gptbot)"
57.141.20.21 - - [09/Mar/2026:17:08:55 +0500] "GET /filemanger/delete_line.php?dir=%2Fhome%2Fsportsfever%2Fwww%2Fwp-content%2Fplugins%2Fwordfence%2Fviews%2Foptions&name=block-all-options-controls.php&line=86 HTTP/1.1" 200 1571 "-" "meta-externalagent/1.1 (+https://developers.facebook.com/docs/sharing/webmasters/crawler)"
74.7.227.128 - - [09/Mar/2026:17:08:55 +0500] "GET /filemanger/edit_line.php?dir=%2Fhome%2Fsportsfever%2Fwww%2Fclone%2Fwp-content%2Fplugins%2Fpopup-builder%2Fpublic%2Fcss%2Ffonts&line=491&name=SegoeUI.woff HTTP/1.1" 200 620 "https://www.sportsfever360.com/filemanger/edit_text_line.php?dir=%2Fhome%2Fsportsfever%2Fwww%2Fclone%2Fwp-content%2Fplugins%2Fpopup-builder%2Fpublic%2Fcss%2Ffonts&name=SegoeUI.woff" "Mozilla/5.0 AppleWebKit/537.36 (KHTML, like Gecko; compatible; GPTBot/1.3; +https://openai.com/gptbot)"
74.7.227.43 - - [09/Mar/2026:17:08:55 +0500] "GET /filemanger/edit_line.php?dir=%2Fhome%2Fsportsfever%2Fhttpdocs%2Fwp-content%2Fplugins%2Fsitepress-multilingual-cms%2Fvendor%2Fotgs%2Finstaller%2Fdist%2Fjs%2Fotgs-installer-support&line=0&name=.htaccess HTTP/1.1" 200 618 "https://sportsfever360.com/filemanger/edit_text_line.php?dir=%2Fhome%2Fsportsfever%2Fhttpdocs%2Fwp-content%2Fplugins%2Fsitepress-multilingual-cms%2Fvendor%2Fotgs%2Finstaller%2Fdist%2Fjs%2Fotgs-installer-support&name=.htaccess" "Mozilla/5.0 AppleWebKit/537.36 (KHTML, like Gecko; compatible; GPTBot/1.3; +https://openai.com/gptbot)"
57.141.20.35 - - [09/Mar/2026:17:08:55 +0500] "GET /filemanger/delete_line.php?dir=%2Fhome%2Fsportsfever%2Fwww%2Fwp-content%2Fplugins%2Fsitepress-multilingual-cms%2Finc%2Fwp-nav-menus&name=class-wpml-nav-menu.php&line=69 HTTP/1.1" 200 1571 "-" "meta-externalagent/1.1 (+https://developers.facebook.com/docs/sharing/webmasters/crawler)"
74.7.227.128 - - [09/Mar/2026:17:08:55 +0500] "GET /filemanger/edit_line.php?dir=%2Fhome%2Fsportsfever%2Fwww%2Fclone%2Fwp-content%2Fplugins%2Fpopup-builder%2Fpublic%2Fcss%2Ffonts&line=145&name=SegoeUI.woff HTTP/1.1" 200 620 "https://www.sportsfever360.com/filemanger/edit_text_line.php?dir=%2Fhome%2Fsportsfever%2Fwww%2Fclone%2Fwp-content%2Fplugins%2Fpopup-builder%2Fpublic%2Fcss%2Ffonts&name=SegoeUI.woff" "Mozilla/5.0 AppleWebKit/537.36 (KHTML, like Gecko; compatible; GPTBot/1.3; +https://openai.com/gptbot)"
74.7.227.43 - - [09/Mar/2026:17:08:55 +0500] "GET /filemanger/edit_line.php?dir=%2Fhome%2Fsportsfever%2Fhttpdocs%2Fwp-content%2Fplugins%2Fsitepress-multilingual-cms%2Fvendor%2Fotgs%2Finstaller%2Fdist%2Fjs%2Fotgs-installer-support&line=3&name=.htaccess HTTP/1.1" 200 618 "https://sportsfever360.com/filemanger/edit_text_line.php?dir=%2Fhome%2Fsportsfever%2Fhttpdocs%2Fwp-content%2Fplugins%2Fsitepress-multilingual-cms%2Fvendor%2Fotgs%2Finstaller%2Fdist%2Fjs%2Fotgs-installer-support&name=.htaccess" "Mozilla/5.0 AppleWebKit/537.36 (KHTML, like Gecko; compatible; GPTBot/1.3; +https://openai.com/gptbot)"
57.141.20.56 - - [09/Mar/2026:17:08:56 +0500] "GET /filemanger/file_copy.php?dir=%2Fhome%2Fsportsfever%2Fwww%2Fwp-content%2Fplugins%2Fsitepress-multilingual-cms%2Finc%2Ftranslation-management&name=wpml-translator.class.php HTTP/1.1" 200 5485 "-" "meta-externalagent/1.1 (+https://developers.facebook.com/docs/sharing/webmasters/crawler)"
74.7.227.128 - - [09/Mar/2026:17:08:56 +0500] "GET /filemanger/edit_line.php?dir=%2Fhome%2Fsportsfever%2Fwww%2Fclone%2Fwp-content%2Fplugins%2Fthemify-builder%2Fjs%2Fmodule-styles%2Fsrc&line=167&name=buttons.mjs HTTP/1.1" 200 620 "https://www.sportsfever360.com/filemanger/edit_text_line.php?dir=%2Fhome%2Fsportsfever%2Fwww%2Fclone%2Fwp-content%2Fplugins%2Fthemify-builder%2Fjs%2Fmodule-styles%2Fsrc&name=buttons.mjs" "Mozilla/5.0 AppleWebKit/537.36 (KHTML, like Gecko; compatible; GPTBot/1.3; +https://openai.com/gptbot)"
57.141.20.46 - - [09/Mar/2026:17:08:56 +0500] "GET /filemanger/edit_line.php?dir=%2Fhome%2Fsportsfever%2Fpublic_html%2Fclone%2Fwp-content%2Fplugins%2Fsitepress-multilingual-cms%2Fvendor%2Fphpmyadmin%2Fsql-parser%2Flocale%2Fzh_TW%2FLC_MESSAGES&name=sqlparser.po&line=207 HTTP/1.1" 200 1756 "-" "meta-externalagent/1.1 (+https://developers.facebook.com/docs/sharing/webmasters/crawler)"
74.7.227.43 - - [09/Mar/2026:17:08:56 +0500] "GET /filemanger/edit_line.php?dir=%2Fhome%2Fsportsfever%2Fhttpdocs%2Fwp-content%2Fplugins%2Fsitepress-multilingual-cms%2Fvendor%2Fotgs%2Finstaller%2Fdist%2Fjs%2Fotgs-installer-support&line=1&name=.htaccess HTTP/1.1" 200 618 "https://sportsfever360.com/filemanger/edit_text_line.php?dir=%2Fhome%2Fsportsfever%2Fhttpdocs%2Fwp-content%2Fplugins%2Fsitepress-multilingual-cms%2Fvendor%2Fotgs%2Finstaller%2Fdist%2Fjs%2Fotgs-installer-support&name=.htaccess" "Mozilla/5.0 AppleWebKit/537.36 (KHTML, like Gecko; compatible; GPTBot/1.3; +https://openai.com/gptbot)"
74.7.227.128 - - [09/Mar/2026:17:08:56 +0500] "GET /filemanger/edit_line.php?dir=%2Fhome%2Fsportsfever%2Fwww%2Fclone%2Fwp-content%2Fplugins%2Fthemify-builder%2Fjs%2Fmodule-styles%2Fsrc&line=185&name=callout.mjs HTTP/1.1" 200 620 "https://www.sportsfever360.com/filemanger/edit_text_line.php?dir=%2Fhome%2Fsportsfever%2Fwww%2Fclone%2Fwp-content%2Fplugins%2Fthemify-builder%2Fjs%2Fmodule-styles%2Fsrc&name=callout.mjs" "Mozilla/5.0 AppleWebKit/537.36 (KHTML, like Gecko; compatible; GPTBot/1.3; +https://openai.com/gptbot)"
74.7.227.43 - - [09/Mar/2026:17:08:57 +0500] "GET /filemanger/edit_line.php?dir=%2Fhome%2Fsportsfever%2Fhttpdocs%2Fwp-content%2Fplugins%2Fsitepress-multilingual-cms%2Fvendor%2Fotgs%2Finstaller%2Fsrc%2Fjs%2Fotgs-installer-support&line=3&name=.htaccess HTTP/1.1" 200 618 "https://sportsfever360.com/filemanger/edit_text_line.php?dir=%2Fhome%2Fsportsfever%2Fhttpdocs%2Fwp-content%2Fplugins%2Fsitepress-multilingual-cms%2Fvendor%2Fotgs%2Finstaller%2Fsrc%2Fjs%2Fotgs-installer-support&name=.htaccess" "Mozilla/5.0 AppleWebKit/537.36 (KHTML, like Gecko; compatible; GPTBot/1.3; +https://openai.com/gptbot)"
57.141.20.7 - - [09/Mar/2026:17:08:57 +0500] "GET /filemanger/delete_line.php?dir=%2Fhome%2Fsportsfever%2Fwww%2Fclone%2Fwp-content%2Fthemes%2FDivi%2Fincludes%2Fbuilder%2Fmodule&name=SocialMediaFollow.php&line=127 HTTP/1.1" 200 1571 "-" "meta-externalagent/1.1 (+https://developers.facebook.com/docs/sharing/webmasters/crawler)"
74.7.227.128 - - [09/Mar/2026:17:08:57 +0500] "GET /filemanger/edit_line.php?dir=%2Fhome%2Fsportsfever%2Fwww%2Fclone%2Fwp-content%2Fplugins%2Fpopup-builder%2Fpublic%2Fcss%2Ffonts&line=163&name=SegoeUI.woff HTTP/1.1" 200 620 "https://www.sportsfever360.com/filemanger/edit_text_line.php?dir=%2Fhome%2Fsportsfever%2Fwww%2Fclone%2Fwp-content%2Fplugins%2Fpopup-builder%2Fpublic%2Fcss%2Ffonts&name=SegoeUI.woff" "Mozilla/5.0 AppleWebKit/537.36 (KHTML, like Gecko; compatible; GPTBot/1.3; +https://openai.com/gptbot)"
74.7.227.43 - - [09/Mar/2026:17:08:57 +0500] "GET /filemanger/edit_line.php?dir=%2Fhome%2Fsportsfever%2Fhttpdocs%2Fwp-content%2Fplugins%2Fsitepress-multilingual-cms%2Fvendor%2Fotgs%2Finstaller%2Fdist%2Fjs%2Fotgs-installer-support&line=5&name=.htaccess HTTP/1.1" 200 618 "https://sportsfever360.com/filemanger/edit_text_line.php?dir=%2Fhome%2Fsportsfever%2Fhttpdocs%2Fwp-content%2Fplugins%2Fsitepress-multilingual-cms%2Fvendor%2Fotgs%2Finstaller%2Fdist%2Fjs%2Fotgs-installer-support&name=.htaccess" "Mozilla/5.0 AppleWebKit/537.36 (KHTML, like Gecko; compatible; GPTBot/1.3; +https://openai.com/gptbot)"
57.141.20.44 - - [09/Mar/2026:17:08:57 +0500] "GET /filemanger/edit_line.php?dir=%2Fhome%2Fsportsfever%2Fhttpdocs%2Fclone%2Fwp-content%2Fplugins%2Fembedpress%2FEmbedPress%2FIncludes%2FClasses&name=EmbedPress_Notice.php&line=813 HTTP/1.1" 200 1551 "-" "meta-externalagent/1.1 (+https://developers.facebook.com/docs/sharing/webmasters/crawler)"
74.7.227.128 - - [09/Mar/2026:17:08:57 +0500] "GET /filemanger/edit_line.php?dir=%2Fhome%2Fsportsfever%2Fwww%2Fclone%2Fwp-content%2Fplugins%2Fpopup-builder%2Fpublic%2Fcss%2Ffonts&line=468&name=SegoeUI.woff HTTP/1.1" 200 620 "https://www.sportsfever360.com/filemanger/edit_text_line.php?dir=%2Fhome%2Fsportsfever%2Fwww%2Fclone%2Fwp-content%2Fplugins%2Fpopup-builder%2Fpublic%2Fcss%2Ffonts&name=SegoeUI.woff" "Mozilla/5.0 AppleWebKit/537.36 (KHTML, like Gecko; compatible; GPTBot/1.3; +https://openai.com/gptbot)"
57.141.20.51 - - [09/Mar/2026:17:08:57 +0500] "GET /filemanger/edit_line.php?dir=%2Fhome%2Fsportsfever%2Fpublic_html%2Fclone%2Fwp-content%2Fwflogs&name=GeoLite2-Country.mmdb&line=150430 HTTP/1.1" 200 1756 "-" "meta-externalagent/1.1 (+https://developers.facebook.com/docs/sharing/webmasters/crawler)"
74.7.227.43 - - [09/Mar/2026:17:08:58 +0500] "GET /filemanger/edit_line.php?dir=%2Fhome%2Fsportsfever%2Fhttpdocs%2Fwp-content%2Fplugins%2Fsitepress-multilingual-cms%2Fvendor%2Fotgs%2Finstaller%2Fsrc%2Fjs%2Fotgs-installer-support&line=5&name=.htaccess HTTP/1.1" 200 618 "https://sportsfever360.com/filemanger/edit_text_line.php?dir=%2Fhome%2Fsportsfever%2Fhttpdocs%2Fwp-content%2Fplugins%2Fsitepress-multilingual-cms%2Fvendor%2Fotgs%2Finstaller%2Fsrc%2Fjs%2Fotgs-installer-support&name=.htaccess" "Mozilla/5.0 AppleWebKit/537.36 (KHTML, like Gecko; compatible; GPTBot/1.3; +https://openai.com/gptbot)"
74.7.227.128 - - [09/Mar/2026:17:08:58 +0500] "GET /filemanger/edit_line.php?dir=%2Fhome%2Fsportsfever%2Fwww%2Fclone%2Fwp-content%2Fplugins%2Fpopup-builder%2Fpublic%2Fcss%2Ffonts&line=196&name=SegoeUI.woff HTTP/1.1" 200 620 "https://www.sportsfever360.com/filemanger/edit_text_line.php?dir=%2Fhome%2Fsportsfever%2Fwww%2Fclone%2Fwp-content%2Fplugins%2Fpopup-builder%2Fpublic%2Fcss%2Ffonts&name=SegoeUI.woff" "Mozilla/5.0 AppleWebKit/537.36 (KHTML, like Gecko; compatible; GPTBot/1.3; +https://openai.com/gptbot)"
57.141.20.28 - - [09/Mar/2026:17:08:58 +0500] "GET /filemanger/edit_line.php?dir=%2Fhome%2Fsportsfever%2Fwww%2Fwp-content%2Fplugins%2Fsitepress-multilingual-cms%2Finc&name=functions-load.php&line=362 HTTP/1.1" 200 1551 "-" "meta-externalagent/1.1 (+https://developers.facebook.com/docs/sharing/webmasters/crawler)"
74.7.227.43 - - [09/Mar/2026:17:08:58 +0500] "GET /filemanger/edit_line.php?dir=%2Fhome%2Fsportsfever%2Fhttpdocs%2Fwp-content%2Fplugins%2Fsitepress-multilingual-cms%2Fvendor%2Fotgs%2Finstaller%2Fdist%2Fjs%2Fotgs-installer-support&line=4&name=.htaccess HTTP/1.1" 200 618 "https://sportsfever360.com/filemanger/edit_text_line.php?dir=%2Fhome%2Fsportsfever%2Fhttpdocs%2Fwp-content%2Fplugins%2Fsitepress-multilingual-cms%2Fvendor%2Fotgs%2Finstaller%2Fdist%2Fjs%2Fotgs-installer-support&name=.htaccess" "Mozilla/5.0 AppleWebKit/537.36 (KHTML, like Gecko; compatible; GPTBot/1.3; +https://openai.com/gptbot)"
74.7.227.128 - - [09/Mar/2026:17:08:58 +0500] "GET /filemanger/edit_line.php?dir=%2Fhome%2Fsportsfever%2Fwww%2Fclone%2Fwp-content%2Fplugins%2Fpopup-builder%2Fpublic%2Fcss%2Ffonts&line=187&name=SegoeUI.woff HTTP/1.1" 200 620 "https://www.sportsfever360.com/filemanger/edit_text_line.php?dir=%2Fhome%2Fsportsfever%2Fwww%2Fclone%2Fwp-content%2Fplugins%2Fpopup-builder%2Fpublic%2Fcss%2Ffonts&name=SegoeUI.woff" "Mozilla/5.0 AppleWebKit/537.36 (KHTML, like Gecko; compatible; GPTBot/1.3; +https://openai.com/gptbot)"
74.7.227.43 - - [09/Mar/2026:17:08:59 +0500] "GET /filemanger/file_rename.php?dir=%2Fhome%2Fsportsfever%2Fhttpdocs%2Fwp-content%2Fplugins%2Fsitepress-multilingual-cms%2Fvendor%2Fotgs%2Finstaller%2Fsrc%2Fjs%2Fotgs-installer-support&name=testConnection.js HTTP/1.1" 200 1103 "https://sportsfever360.com/filemanger/edit_text.php?dir=%2Fhome%2Fsportsfever%2Fhttpdocs%2Fwp-content%2Fplugins%2Fsitepress-multilingual-cms%2Fvendor%2Fotgs%2Finstaller%2Fsrc%2Fjs%2Fotgs-installer-support&name=testConnection.js" "Mozilla/5.0 AppleWebKit/537.36 (KHTML, like Gecko; compatible; GPTBot/1.3; +https://openai.com/gptbot)"
57.141.20.48 - - [09/Mar/2026:17:08:59 +0500] "GET /filemanger/edit_line.php?dir=%2Fhome%2Fsportsfever%2Fhttpdocs%2Fclone%2Fwp-content%2Fplugins%2Fwordpress-seo%2Flib%2Fmigrations&name=migration.php&line=231 HTTP/1.1" 200 1551 "-" "meta-externalagent/1.1 (+https://developers.facebook.com/docs/sharing/webmasters/crawler)"
74.7.227.128 - - [09/Mar/2026:17:08:59 +0500] "GET /filemanger/edit_line.php?dir=%2Fhome%2Fsportsfever%2Fwww%2Fclone%2Fwp-content%2Fplugins%2Fpopup-builder%2Fpublic%2Fcss%2Ffonts&line=475&name=SegoeUI.woff HTTP/1.1" 200 620 "https://www.sportsfever360.com/filemanger/edit_text_line.php?dir=%2Fhome%2Fsportsfever%2Fwww%2Fclone%2Fwp-content%2Fplugins%2Fpopup-builder%2Fpublic%2Fcss%2Ffonts&name=SegoeUI.woff" "Mozilla/5.0 AppleWebKit/537.36 (KHTML, like Gecko; compatible; GPTBot/1.3; +https://openai.com/gptbot)"
57.141.20.16 - - [09/Mar/2026:17:08:59 +0500] "GET /filemanger/delete_line.php?dir=%2Fhome%2Fsportsfever%2Fwww%2Fwp-content%2Fplugins%2Fcustom-twitter-feeds%2Finc%2FAdmin%2FTraits&name=CTF_Feed_Templates_Settings.php&line=136 HTTP/1.1" 200 1571 "-" "meta-externalagent/1.1 (+https://developers.facebook.com/docs/sharing/webmasters/crawler)"
74.7.227.43 - - [09/Mar/2026:17:08:59 +0500] "GET /filemanger/file_delete.php?dir=%2Fhome%2Fsportsfever%2Fhttpdocs%2Fwp-content%2Fplugins%2Fsitepress-multilingual-cms%2Fvendor%2Fotgs%2Finstaller%2Fsrc%2Fjs%2Fotgs-installer-support&name=.htaccess HTTP/1.1" 200 1133 "https://sportsfever360.com/filemanger/file_chmod.php?dir=%2Fhome%2Fsportsfever%2Fhttpdocs%2Fwp-content%2Fplugins%2Fsitepress-multilingual-cms%2Fvendor%2Fotgs%2Finstaller%2Fsrc%2Fjs%2Fotgs-installer-support&name=.htaccess" "Mozilla/5.0 AppleWebKit/537.36 (KHTML, like Gecko; compatible; GPTBot/1.3; +https://openai.com/gptbot)"
74.7.227.128 - - [09/Mar/2026:17:08:59 +0500] "GET /filemanger/edit_line.php?dir=%2Fhome%2Fsportsfever%2Fwww%2Fclone%2Fwp-content%2Fplugins%2Fpopup-builder%2Fpublic%2Fcss%2Ffonts&line=401&name=SegoeUI.woff HTTP/1.1" 200 620 "https://www.sportsfever360.com/filemanger/edit_text_line.php?dir=%2Fhome%2Fsportsfever%2Fwww%2Fclone%2Fwp-content%2Fplugins%2Fpopup-builder%2Fpublic%2Fcss%2Ffonts&name=SegoeUI.woff" "Mozilla/5.0 AppleWebKit/537.36 (KHTML, like Gecko; compatible; GPTBot/1.3; +https://openai.com/gptbot)"
57.141.20.20 - - [09/Mar/2026:17:09:00 +0500] "GET /filemanger/edit_line.php?dir=%2Fhome%2Fsportsfever%2Fpublic_html%2Fwp-content%2Fwflogs&name=GeoLite2-Country.mmdb&line=142651 HTTP/1.1" 200 1756 "-" "meta-externalagent/1.1 (+https://developers.facebook.com/docs/sharing/webmasters/crawler)"
74.7.227.43 - - [09/Mar/2026:17:09:00 +0500] "GET /filemanger/file_rename.php?dir=%2Fhome%2Fsportsfever%2Fhttpdocs%2Fwp-content%2Fplugins%2Fsitepress-multilingual-cms%2Fvendor%2Fotgs%2Finstaller%2Fdist%2Fjs%2Fotgs-installer-support&name=.htaccess HTTP/1.1" 200 1099 "https://sportsfever360.com/filemanger/file_chmod.php?dir=%2Fhome%2Fsportsfever%2Fhttpdocs%2Fwp-content%2Fplugins%2Fsitepress-multilingual-cms%2Fvendor%2Fotgs%2Finstaller%2Fdist%2Fjs%2Fotgs-installer-support&name=.htaccess" "Mozilla/5.0 AppleWebKit/537.36 (KHTML, like Gecko; compatible; GPTBot/1.3; +https://openai.com/gptbot)"
57.141.20.39 - - [09/Mar/2026:17:09:00 +0500] "GET /filemanger/delete_line.php?dir=%2Fhome%2Fsportsfever%2Fwww%2Fwp-content%2Fplugins%2Fsitepress-multilingual-cms%2Fvendor%2Fphpmyadmin%2Fsql-parser%2Flocale%2Fhi%2FLC_MESSAGES&name=sqlparser.po&line=181 HTTP/1.1" 200 1776 "-" "meta-externalagent/1.1 (+https://developers.facebook.com/docs/sharing/webmasters/crawler)"
74.7.227.128 - - [09/Mar/2026:17:09:00 +0500] "GET /filemanger/edit_line.php?dir=%2Fhome%2Fsportsfever%2Fwww%2Fclone%2Fwp-content%2Fplugins%2Fpopup-builder%2Fpublic%2Fcss%2Ffonts&line=490&name=SegoeUI.woff HTTP/1.1" 200 620 "https://www.sportsfever360.com/filemanger/edit_text_line.php?dir=%2Fhome%2Fsportsfever%2Fwww%2Fclone%2Fwp-content%2Fplugins%2Fpopup-builder%2Fpublic%2Fcss%2Ffonts&name=SegoeUI.woff" "Mozilla/5.0 AppleWebKit/537.36 (KHTML, like Gecko; compatible; GPTBot/1.3; +https://openai.com/gptbot)"
74.7.227.43 - - [09/Mar/2026:17:09:00 +0500] "GET /filemanger/folder_copy.php?dir=%2Fhome%2Fsportsfever%2Fpublic_html%2Fclone%2Fwp-content%2Fplugins%2Fsitepress-multilingual-cms%2Fvendor%2Fotgs%2Ficons%2Fplugin-icons%2Ftoolset&name=support HTTP/1.1" 200 943 "https://sportsfever360.com/filemanger/folder_edit.php?dir=%2Fhome%2Fsportsfever%2Fpublic_html%2Fclone%2Fwp-content%2Fplugins%2Fsitepress-multilingual-cms%2Fvendor%2Fotgs%2Ficons%2Fplugin-icons%2Ftoolset&name=support" "Mozilla/5.0 AppleWebKit/537.36 (KHTML, like Gecko; compatible; GPTBot/1.3; +https://openai.com/gptbot)"
74.7.227.128 - - [09/Mar/2026:17:09:01 +0500] "GET /filemanger/edit_line.php?dir=%2Fhome%2Fsportsfever%2Fwww%2Fclone%2Fwp-content%2Fplugins%2Fpopup-builder%2Fpublic%2Fcss%2Ffonts&line=356&name=SegoeUI.woff HTTP/1.1" 200 620 "https://www.sportsfever360.com/filemanger/edit_text_line.php?dir=%2Fhome%2Fsportsfever%2Fwww%2Fclone%2Fwp-content%2Fplugins%2Fpopup-builder%2Fpublic%2Fcss%2Ffonts&name=SegoeUI.woff" "Mozilla/5.0 AppleWebKit/537.36 (KHTML, like Gecko; compatible; GPTBot/1.3; +https://openai.com/gptbot)"
57.141.20.18 - - [09/Mar/2026:17:09:01 +0500] "GET /filemanger/delete_line.php?dir=%2Fhome%2Fsportsfever%2Fpublic_html%2Fclone%2Fwp-content%2Fthemes%2FDivi&name=style.dev.css&line=18502 HTTP/1.1" 200 1571 "-" "meta-externalagent/1.1 (+https://developers.facebook.com/docs/sharing/webmasters/crawler)"
74.7.227.43 - - [09/Mar/2026:17:09:01 +0500] "GET /filemanger/file_copy.php?dir=%2Fhome%2Fsportsfever%2Fhttpdocs%2Fwp-content%2Fplugins%2Fsitepress-multilingual-cms%2Fvendor%2Fotgs%2Finstaller%2Fsrc%2Fjs%2Fotgs-installer-support&name=.htaccess HTTP/1.1" 200 1131 "https://sportsfever360.com/filemanger/file_chmod.php?dir=%2Fhome%2Fsportsfever%2Fhttpdocs%2Fwp-content%2Fplugins%2Fsitepress-multilingual-cms%2Fvendor%2Fotgs%2Finstaller%2Fsrc%2Fjs%2Fotgs-installer-support&name=.htaccess" "Mozilla/5.0 AppleWebKit/537.36 (KHTML, like Gecko; compatible; GPTBot/1.3; +https://openai.com/gptbot)"
74.7.227.128 - - [09/Mar/2026:17:09:01 +0500] "GET /filemanger/edit_line.php?dir=%2Fhome%2Fsportsfever%2Fwww%2Fclone%2Fwp-content%2Fplugins%2Fpopup-builder%2Fpublic%2Fcss%2Ffonts&line=350&name=SegoeUI.woff HTTP/1.1" 200 620 "https://www.sportsfever360.com/filemanger/edit_text_line.php?dir=%2Fhome%2Fsportsfever%2Fwww%2Fclone%2Fwp-content%2Fplugins%2Fpopup-builder%2Fpublic%2Fcss%2Ffonts&name=SegoeUI.woff" "Mozilla/5.0 AppleWebKit/537.36 (KHTML, like Gecko; compatible; GPTBot/1.3; +https://openai.com/gptbot)"
57.141.20.28 - - [09/Mar/2026:17:09:01 +0500] "GET /filemanger/edit_line.php?dir=%2Fhome%2Fsportsfever%2Fhttpdocs%2Fclone%2Fwp-admin&name=edit-tags.php&line=613 HTTP/1.1" 200 1551 "-" "meta-externalagent/1.1 (+https://developers.facebook.com/docs/sharing/webmasters/crawler)"
74.7.227.43 - - [09/Mar/2026:17:09:01 +0500] "GET /filemanger/file_delete.php?dir=%2Fhome%2Fsportsfever%2Fpublic_html%2Fwp-content%2Fplugins%2Fsitepress-multilingual-cms%2Fvendor%2Fotgs%2Finstaller%2Fdist%2Fcss%2Fotgs-installer-support&name=.htaccess HTTP/1.1" 200 1131 "https://sportsfever360.com/filemanger/file_chmod.php?dir=%2Fhome%2Fsportsfever%2Fpublic_html%2Fwp-content%2Fplugins%2Fsitepress-multilingual-cms%2Fvendor%2Fotgs%2Finstaller%2Fdist%2Fcss%2Fotgs-installer-support&name=.htaccess" "Mozilla/5.0 AppleWebKit/537.36 (KHTML, like Gecko; compatible; GPTBot/1.3; +https://openai.com/gptbot)"
57.141.20.18 - - [09/Mar/2026:17:09:02 +0500] "GET /filemanger/delete_line.php?dir=%2Fhome%2Fsportsfever%2Fhttpdocs%2Fclone%2Fwp-includes%2Fjs%2Fjquery%2Fui&name=selectmenu.js&line=65 HTTP/1.1" 200 1571 "-" "meta-externalagent/1.1 (+https://developers.facebook.com/docs/sharing/webmasters/crawler)"
74.7.227.128 - - [09/Mar/2026:17:09:02 +0500] "GET /filemanger/edit_line.php?dir=%2Fhome%2Fsportsfever%2Fwww%2Fclone%2Fwp-content%2Fplugins%2Fpopup-builder%2Fpublic%2Fcss%2Ffonts&line=175&name=SegoeUI.woff HTTP/1.1" 200 620 "https://www.sportsfever360.com/filemanger/edit_text_line.php?dir=%2Fhome%2Fsportsfever%2Fwww%2Fclone%2Fwp-content%2Fplugins%2Fpopup-builder%2Fpublic%2Fcss%2Ffonts&name=SegoeUI.woff" "Mozilla/5.0 AppleWebKit/537.36 (KHTML, like Gecko; compatible; GPTBot/1.3; +https://openai.com/gptbot)"
74.7.227.43 - - [09/Mar/2026:17:09:02 +0500] "GET /filemanger/folder_edit.php?dir=%2Fhome%2Fsportsfever%2Fpublic_html%2Fclone%2Fwp-content%2Fplugins%2Fsitepress-multilingual-cms%2Fvendor%2Fotgs%2Finstaller%2Fsrc%2Fscss&name=otgs-installer-support HTTP/1.1" 200 898 "https://sportsfever360.com/filemanger/index.php?dir=%2Fhome%2Fsportsfever%2Fpublic_html%2Fclone%2Fwp-content%2Fplugins%2Fsitepress-multilingual-cms%2Fvendor%2Fotgs%2Finstaller%2Fsrc%2Fscss" "Mozilla/5.0 AppleWebKit/537.36 (KHTML, like Gecko; compatible; GPTBot/1.3; +https://openai.com/gptbot)"
57.141.20.46 - - [09/Mar/2026:17:09:02 +0500] "GET /filemanger/delete_line.php?dir=%2Fhome%2Fsportsfever%2Fwww%2Fwp-content%2Fplugins%2Fthemify-builder-pro&name=themify-builder-pro.php&line=16 HTTP/1.1" 200 1571 "-" "meta-externalagent/1.1 (+https://developers.facebook.com/docs/sharing/webmasters/crawler)"
74.7.227.128 - - [09/Mar/2026:17:09:02 +0500] "GET /filemanger/edit_line.php?dir=%2Fhome%2Fsportsfever%2Fwww%2Fclone%2Fwp-content%2Fplugins%2Fpopup-builder%2Fpublic%2Fcss%2Ffonts&line=169&name=SegoeUI.woff HTTP/1.1" 200 620 "https://www.sportsfever360.com/filemanger/edit_text_line.php?dir=%2Fhome%2Fsportsfever%2Fwww%2Fclone%2Fwp-content%2Fplugins%2Fpopup-builder%2Fpublic%2Fcss%2Ffonts&name=SegoeUI.woff" "Mozilla/5.0 AppleWebKit/537.36 (KHTML, like Gecko; compatible; GPTBot/1.3; +https://openai.com/gptbot)"
74.7.227.43 - - [09/Mar/2026:17:09:02 +0500] "GET /filemanger/file_rename.php?dir=%2Fhome%2Fsportsfever%2Fpublic_html%2Fwp-content%2Fplugins%2Fsitepress-multilingual-cms%2Fvendor%2Fotgs%2Finstaller%2Fsrc%2Fjs%2Fotgs-installer-support&name=testConnection.js HTTP/1.1" 200 1099 "https://sportsfever360.com/filemanger/file.php?dir=%2Fhome%2Fsportsfever%2Fpublic_html%2Fwp-content%2Fplugins%2Fsitepress-multilingual-cms%2Fvendor%2Fotgs%2Finstaller%2Fsrc%2Fjs%2Fotgs-installer-support&name=testConnection.js" "Mozilla/5.0 AppleWebKit/537.36 (KHTML, like Gecko; compatible; GPTBot/1.3; +https://openai.com/gptbot)"
57.141.20.11 - - [09/Mar/2026:17:09:02 +0500] "GET /filemanger/edit_line.php?dir=%2Fhome%2Fsportsfever%2Fwww%2Fwp-content%2Fplugins%2Fpassword-protect-page%2Fincludes&name=class-ppw-functions.php&line=200 HTTP/1.1" 200 1551 "-" "meta-externalagent/1.1 (+https://developers.facebook.com/docs/sharing/webmasters/crawler)"
74.7.227.128 - - [09/Mar/2026:17:09:03 +0500] "GET /filemanger/edit_line.php?dir=%2Fhome%2Fsportsfever%2Fwww%2Fclone%2Fwp-content%2Fplugins%2Fpopup-builder%2Fpublic%2Fcss%2Ffonts&line=105&name=SegoeUI.woff HTTP/1.1" 200 620 "https://www.sportsfever360.com/filemanger/edit_text_line.php?dir=%2Fhome%2Fsportsfever%2Fwww%2Fclone%2Fwp-content%2Fplugins%2Fpopup-builder%2Fpublic%2Fcss%2Ffonts&name=SegoeUI.woff" "Mozilla/5.0 AppleWebKit/537.36 (KHTML, like Gecko; compatible; GPTBot/1.3; +https://openai.com/gptbot)"
74.7.227.43 - - [09/Mar/2026:17:09:03 +0500] "GET /filemanger/folder_copy.php?dir=%2Fhome%2Fsportsfever%2Fhttpdocs%2Fclone%2Fwp-content%2Fplugins%2Fsitepress-multilingual-cms%2Fvendor%2Fotgs%2Finstaller%2Fdist%2Fjs&name=otgs-installer-support HTTP/1.1" 200 948 "https://sportsfever360.com/filemanger/folder_chmod.php?dir=%2Fhome%2Fsportsfever%2Fhttpdocs%2Fclone%2Fwp-content%2Fplugins%2Fsitepress-multilingual-cms%2Fvendor%2Fotgs%2Finstaller%2Fdist%2Fjs&name=otgs-installer-support" "Mozilla/5.0 AppleWebKit/537.36 (KHTML, like Gecko; compatible; GPTBot/1.3; +https://openai.com/gptbot)"
57.141.20.18 - - [09/Mar/2026:17:09:03 +0500] "GET /filemanger/delete_line.php?dir=%2Fhome%2Fsportsfever%2Fwww%2Fwp-content%2Fplugins%2Fwordpress-whatsapp-support%2Fincludes%2Fdeprecated&name=class-wws-migration.php&line=223 HTTP/1.1" 200 1571 "-" "meta-externalagent/1.1 (+https://developers.facebook.com/docs/sharing/webmasters/crawler)"
74.7.227.128 - - [09/Mar/2026:17:09:03 +0500] "GET /filemanger/edit_line.php?dir=%2Fhome%2Fsportsfever%2Fwww%2Fclone%2Fwp-content%2Fplugins%2Fpopup-builder%2Fpublic%2Fcss%2Ffonts&line=431&name=SegoeUI.woff HTTP/1.1" 200 620 "https://www.sportsfever360.com/filemanger/edit_text_line.php?dir=%2Fhome%2Fsportsfever%2Fwww%2Fclone%2Fwp-content%2Fplugins%2Fpopup-builder%2Fpublic%2Fcss%2Ffonts&name=SegoeUI.woff" "Mozilla/5.0 AppleWebKit/537.36 (KHTML, like Gecko; compatible; GPTBot/1.3; +https://openai.com/gptbot)"
74.7.227.43 - - [09/Mar/2026:17:09:03 +0500] "GET /filemanger/file_chmod.php?dir=%2Fhome%2Fsportsfever%2Fhttpdocs%2Fwp-content%2Fplugins%2Fsitepress-multilingual-cms%2Fvendor%2Fotgs%2Finstaller%2Fdist%2Fcss%2Fotgs-installer-support&name=.htaccess HTTP/1.1" 200 1100 "https://sportsfever360.com/filemanger/index.php?dir=%2Fhome%2Fsportsfever%2Fhttpdocs%2Fwp-content%2Fplugins%2Fsitepress-multilingual-cms%2Fvendor%2Fotgs%2Finstaller%2Fdist%2Fcss%2Fotgs-installer-support" "Mozilla/5.0 AppleWebKit/537.36 (KHTML, like Gecko; compatible; GPTBot/1.3; +https://openai.com/gptbot)"
57.141.20.14 - - [09/Mar/2026:17:09:04 +0500] "GET /filemanger/edit_line.php?dir=%2Fhome%2Fsportsfever%2Fwww%2Fclone%2Fwp-content%2Fwflogs&name=GeoLite2-Country.mmdb&line=6142 HTTP/1.1" 200 1756 "-" "meta-externalagent/1.1 (+https://developers.facebook.com/docs/sharing/webmasters/crawler)"
74.7.227.128 - - [09/Mar/2026:17:09:04 +0500] "GET /filemanger/edit_line.php?dir=%2Fhome%2Fsportsfever%2Fwww%2Fclone%2Fwp-content%2Fplugins%2Fpopup-builder%2Fpublic%2Fcss%2Ffonts&line=376&name=SegoeUI.woff HTTP/1.1" 200 620 "https://www.sportsfever360.com/filemanger/edit_text_line.php?dir=%2Fhome%2Fsportsfever%2Fwww%2Fclone%2Fwp-content%2Fplugins%2Fpopup-builder%2Fpublic%2Fcss%2Ffonts&name=SegoeUI.woff" "Mozilla/5.0 AppleWebKit/537.36 (KHTML, like Gecko; compatible; GPTBot/1.3; +https://openai.com/gptbot)"
74.7.227.43 - - [09/Mar/2026:17:09:04 +0500] "GET /filemanger/folder_chmod.php?dir=%2Fhome%2Fsportsfever%2Fhttpdocs%2Fwp-content%2Fplugins%2Fsitepress-multilingual-cms%2Fvendor%2Fotgs%2Finstaller%2Fdist%2Fcss&name=otgs-installer-support HTTP/1.1" 200 887 "https://sportsfever360.com/filemanger/index.php?dir=%2Fhome%2Fsportsfever%2Fhttpdocs%2Fwp-content%2Fplugins%2Fsitepress-multilingual-cms%2Fvendor%2Fotgs%2Finstaller%2Fdist%2Fcss" "Mozilla/5.0 AppleWebKit/537.36 (KHTML, like Gecko; compatible; GPTBot/1.3; +https://openai.com/gptbot)"
57.141.20.46 - - [09/Mar/2026:17:09:04 +0500] "GET /filemanger/edit_line.php?dir=%2Fhome%2Fsportsfever%2Fpublic_html%2Fwp-content%2Fplugins%2Fpopup-builder%2Fcom%2Fclasses&name=Ajax.php&line=774 HTTP/1.1" 200 1551 "-" "meta-externalagent/1.1 (+https://developers.facebook.com/docs/sharing/webmasters/crawler)"
74.7.227.128 - - [09/Mar/2026:17:09:04 +0500] "GET /filemanger/edit_line.php?dir=%2Fhome%2Fsportsfever%2Fwww%2Fclone%2Fwp-content%2Fplugins%2Fthemify-builder%2Fjs%2Fmodule-styles%2Fsrc&line=158&name=callout.mjs HTTP/1.1" 200 620 "https://www.sportsfever360.com/filemanger/edit_text_line.php?dir=%2Fhome%2Fsportsfever%2Fwww%2Fclone%2Fwp-content%2Fplugins%2Fthemify-builder%2Fjs%2Fmodule-styles%2Fsrc&name=callout.mjs" "Mozilla/5.0 AppleWebKit/537.36 (KHTML, like Gecko; compatible; GPTBot/1.3; +https://openai.com/gptbot)"
74.7.227.43 - - [09/Mar/2026:17:09:04 +0500] "GET /filemanger/folder_chmod.php?dir=%2Fhome%2Fsportsfever%2Fpublic_html%2Fclone%2Fwp-content%2Fplugins%2Fsitepress-multilingual-cms%2Fvendor%2Fotgs%2Finstaller%2Fsrc%2Fscss&name=otgs-installer-support HTTP/1.1" 200 900 "https://sportsfever360.com/filemanger/index.php?dir=%2Fhome%2Fsportsfever%2Fpublic_html%2Fclone%2Fwp-content%2Fplugins%2Fsitepress-multilingual-cms%2Fvendor%2Fotgs%2Finstaller%2Fsrc%2Fscss" "Mozilla/5.0 AppleWebKit/537.36 (KHTML, like Gecko; compatible; GPTBot/1.3; +https://openai.com/gptbot)"
