74.7.227.43 - - [09/Mar/2026:19:43:15 +0500] "GET /filemanger/file_delete.php?dir=%2Fhome%2Fsportsfever%2Fwww%2Fwp-content%2Fuploads%2Fsites%2F2%2F2020%2F09&name=IMG_20200913_222743-130x86.jpg HTTP/1.1" 200 1051 "https://sportsfever360.com/filemanger/file_rename.php?dir=%2Fhome%2Fsportsfever%2Fwww%2Fwp-content%2Fuploads%2Fsites%2F2%2F2020%2F09&name=IMG_20200913_222743-130x86.jpg" "Mozilla/5.0 AppleWebKit/537.36 (KHTML, like Gecko; compatible; GPTBot/1.3; +https://openai.com/gptbot)"
57.141.20.5 - - [09/Mar/2026:19:43:15 +0500] "GET /filemanger/delete_line.php?dir=%2Fhome%2Fsportsfever%2Fhttpdocs%2Fwp-content%2Fplugins%2Fpopup-maker%2Fassets%2Fcss&name=pum-admin-general-rtl.css&line=1738 HTTP/1.1" 200 1571 "-" "meta-externalagent/1.1 (+https://developers.facebook.com/docs/sharing/webmasters/crawler)"
74.7.227.128 - - [09/Mar/2026:19:43:15 +0500] "GET /filemanger/edit_line.php?dir=%2Fhome%2Fsportsfever%2Fwww%2Fclone%2Fwp-content%2Fplugins%2Fthemify-builder%2Fjs%2Feditor%2Fmodules&line=45&name=map.mjs HTTP/1.1" 200 620 "https://www.sportsfever360.com/filemanger/edit_text_line.php?dir=%2Fhome%2Fsportsfever%2Fwww%2Fclone%2Fwp-content%2Fplugins%2Fthemify-builder%2Fjs%2Feditor%2Fmodules&name=map.mjs" "Mozilla/5.0 AppleWebKit/537.36 (KHTML, like Gecko; compatible; GPTBot/1.3; +https://openai.com/gptbot)"
74.7.227.43 - - [09/Mar/2026:19:43:15 +0500] "GET /filemanger/file_download.php?dir=%2Fhome%2Fsportsfever%2Fwww%2Fwp-content%2Fuploads%2Fsites%2F2%2F2020%2F09&name=IMG_20200913_222743-130x86.jpg HTTP/1.1" 200 5695 "https://sportsfever360.com/filemanger/file_rename.php?dir=%2Fhome%2Fsportsfever%2Fwww%2Fwp-content%2Fuploads%2Fsites%2F2%2F2020%2F09&name=IMG_20200913_222743-130x86.jpg" "Mozilla/5.0 AppleWebKit/537.36 (KHTML, like Gecko; compatible; GPTBot/1.3; +https://openai.com/gptbot)"
57.141.20.2 - - [09/Mar/2026:19:43:16 +0500] "GET /filemanger/edit_line.php?dir=%2Fhome%2Fsportsfever%2Fhttpdocs%2Fclone%2Fwp-content%2Fplugins%2Fsupreme-modules-for-divi%2Fpublic%2Fcss&name=dsm-easy-tb.css&line=135 HTTP/1.1" 200 1551 "-" "meta-externalagent/1.1 (+https://developers.facebook.com/docs/sharing/webmasters/crawler)"
74.7.227.128 - - [09/Mar/2026:19:43:16 +0500] "GET /filemanger/edit_line.php?dir=%2Fhome%2Fsportsfever%2Fwww%2Fclone%2Fwp-content%2Fplugins%2Fthemify-builder%2Fjs%2Fmodule-styles%2Fsrc&line=4&name=callout.mjs HTTP/1.1" 200 620 "https://www.sportsfever360.com/filemanger/edit_text_line.php?dir=%2Fhome%2Fsportsfever%2Fwww%2Fclone%2Fwp-content%2Fplugins%2Fthemify-builder%2Fjs%2Fmodule-styles%2Fsrc&name=callout.mjs" "Mozilla/5.0 AppleWebKit/537.36 (KHTML, like Gecko; compatible; GPTBot/1.3; +https://openai.com/gptbot)"
74.7.227.43 - - [09/Mar/2026:19:43:16 +0500] "GET /filemanger/file_delete.php?dir=%2Fhome%2Fsportsfever%2Fwww%2Fwp-content%2Fuploads%2Fsites%2F2%2F2020%2F10&name=IMG-20201019-WA0007-111x83.jpg HTTP/1.1" 200 1048 "https://sportsfever360.com/filemanger/file_rename.php?dir=%2Fhome%2Fsportsfever%2Fwww%2Fwp-content%2Fuploads%2Fsites%2F2%2F2020%2F10&name=IMG-20201019-WA0007-111x83.jpg" "Mozilla/5.0 AppleWebKit/537.36 (KHTML, like Gecko; compatible; GPTBot/1.3; +https://openai.com/gptbot)"
57.141.20.45 - - [09/Mar/2026:19:43:16 +0500] "GET /filemanger/edit_line.php?dir=%2Fhome%2Fsportsfever%2Fhttpdocs%2Fclone%2Fwp-content%2Fplugins%2Fninja-forms%2Flang&name=ninja-forms-ko_KR.po&line=12 HTTP/1.1" 200 1756 "-" "meta-externalagent/1.1 (+https://developers.facebook.com/docs/sharing/webmasters/crawler)"
74.7.227.128 - - [09/Mar/2026:19:43:16 +0500] "GET /filemanger/delete_line.php?dir=%2Fhome%2Fsportsfever%2Fwww%2Fclone%2Fwp-content%2Fplugins%2Fthemify-builder%2Fjs%2Feditor%2Fbuild&line=9&name=modules.min.js.gz HTTP/1.1" 200 619 "https://www.sportsfever360.com/filemanger/edit_text_line.php?dir=%2Fhome%2Fsportsfever%2Fwww%2Fclone%2Fwp-content%2Fplugins%2Fthemify-builder%2Fjs%2Feditor%2Fbuild&name=modules.min.js.gz" "Mozilla/5.0 AppleWebKit/537.36 (KHTML, like Gecko; compatible; GPTBot/1.3; +https://openai.com/gptbot)"
74.7.227.43 - - [09/Mar/2026:19:43:16 +0500] "GET /filemanger/file_chmod.php?dir=%2Fhome%2Fsportsfever%2Fwww%2Fwp-content%2Fuploads%2Fsites%2F2%2F2020%2F07&name=IMG-20200719-WA0056-990x743.jpg HTTP/1.1" 200 1013 "https://sportsfever360.com/filemanger/index.php?dir=%2Fhome%2Fsportsfever%2Fwww%2Fwp-content%2Fuploads%2Fsites%2F2%2F2020%2F07" "Mozilla/5.0 AppleWebKit/537.36 (KHTML, like Gecko; compatible; GPTBot/1.3; +https://openai.com/gptbot)"
57.141.20.51 - - [09/Mar/2026:19:43:17 +0500] "GET /filemanger/edit_line.php?dir=%2Fhome%2Fsportsfever%2Fwww%2Fwp-content%2Fplugins%2Faccelerated-mobile-pages%2Fpagebuilder%2Finc&name=admin-amp-page-builder.css&line=734 HTTP/1.1" 200 1551 "-" "meta-externalagent/1.1 (+https://developers.facebook.com/docs/sharing/webmasters/crawler)"
74.7.227.128 - - [09/Mar/2026:19:43:17 +0500] "GET /filemanger/delete_line.php?dir=%2Fhome%2Fsportsfever%2Fwww%2Fclone%2Fwp-content%2Fplugins%2Fwp-smushit%2F_src%2Fjs%2Fmodules&line=75&name=background-process.js HTTP/1.1" 200 616 "https://www.sportsfever360.com/filemanger/edit_text_line.php?dir=%2Fhome%2Fsportsfever%2Fwww%2Fclone%2Fwp-content%2Fplugins%2Fwp-smushit%2F_src%2Fjs%2Fmodules&name=background-process.js" "Mozilla/5.0 AppleWebKit/537.36 (KHTML, like Gecko; compatible; GPTBot/1.3; +https://openai.com/gptbot)"
74.7.227.43 - - [09/Mar/2026:19:43:17 +0500] "GET /filemanger/file_chmod.php?dir=%2Fhome%2Fsportsfever%2Fwww%2Fwp-content%2Fuploads%2Fsites%2F2%2F2020%2F12&name=IMG-20201229-WA0004-990x556.jpg HTTP/1.1" 200 1012 "https://sportsfever360.com/filemanger/index.php?dir=%2Fhome%2Fsportsfever%2Fwww%2Fwp-content%2Fuploads%2Fsites%2F2%2F2020%2F12" "Mozilla/5.0 AppleWebKit/537.36 (KHTML, like Gecko; compatible; GPTBot/1.3; +https://openai.com/gptbot)"
57.141.20.45 - - [09/Mar/2026:19:43:17 +0500] "GET /filemanger/edit_line.php?dir=%2Fhome%2Fsportsfever%2Fwww%2Fclone%2Fwp-content%2Fplugins%2Fcustom-twitter-feeds%2Fcss&name=ctf-styles.css&line=516 HTTP/1.1" 200 1551 "-" "meta-externalagent/1.1 (+https://developers.facebook.com/docs/sharing/webmasters/crawler)"
74.7.227.128 - - [09/Mar/2026:19:43:17 +0500] "GET /filemanger/delete_line.php?dir=%2Fhome%2Fsportsfever%2Fwww%2Fclone%2Fwp-content%2Fplugins%2Fpopup-builder%2Fpublic%2Fcss%2Ffonts&line=32&name=Segoe-UI-Bold.woff HTTP/1.1" 200 619 "https://www.sportsfever360.com/filemanger/edit_text_line.php?dir=%2Fhome%2Fsportsfever%2Fwww%2Fclone%2Fwp-content%2Fplugins%2Fpopup-builder%2Fpublic%2Fcss%2Ffonts&name=Segoe-UI-Bold.woff" "Mozilla/5.0 AppleWebKit/537.36 (KHTML, like Gecko; compatible; GPTBot/1.3; +https://openai.com/gptbot)"
57.141.20.11 - - [09/Mar/2026:19:43:18 +0500] "GET /filemanger/delete_line.php?dir=%2Fhome%2Fsportsfever%2Fwww%2Fclone%2Fwp-content%2Fplugins%2Fwordpress-whatsapp-support%2Fincludes%2Fadmin&name=class-wws-admin-plugin-updater.php&line=503 HTTP/1.1" 200 1571 "-" "meta-externalagent/1.1 (+https://developers.facebook.com/docs/sharing/webmasters/crawler)"
74.7.227.43 - - [09/Mar/2026:19:43:18 +0500] "GET /filemanger/file.php?dir=%2Fhome%2Fsportsfever%2Fpublic_html%2Fwp-content%2Fuploads%2Fsites%2F2%2F2020%2F09&name=IMG_20200913_222645-65x65.jpg HTTP/1.1" 200 1079 "https://sportsfever360.com/filemanger/index.php?dir=%2Fhome%2Fsportsfever%2Fpublic_html%2Fwp-content%2Fuploads%2Fsites%2F2%2F2020%2F09" "Mozilla/5.0 AppleWebKit/537.36 (KHTML, like Gecko; compatible; GPTBot/1.3; +https://openai.com/gptbot)"
74.7.227.128 - - [09/Mar/2026:19:43:18 +0500] "GET /filemanger/edit_line.php?dir=%2Fhome%2Fsportsfever%2Fwww%2Fclone%2Fwp-content%2Fplugins%2Fthemify-builder%2Fjs%2Feditor%2Fmodules&line=9&name=link-block.mjs HTTP/1.1" 200 620 "https://www.sportsfever360.com/filemanger/edit_text_line.php?dir=%2Fhome%2Fsportsfever%2Fwww%2Fclone%2Fwp-content%2Fplugins%2Fthemify-builder%2Fjs%2Feditor%2Fmodules&name=link-block.mjs" "Mozilla/5.0 AppleWebKit/537.36 (KHTML, like Gecko; compatible; GPTBot/1.3; +https://openai.com/gptbot)"
57.141.20.9 - - [09/Mar/2026:19:43:18 +0500] "GET /filemanger/file_download.php?dir=%2Fhome%2Fsportsfever%2Fhttpdocs%2Fclone%2Fwp-content%2Fplugins%2Faccelerated-mobile-pages%2Fincludes%2Fvendor%2Ftinymce-widget%2Fincludes&name=class-text-filters.php HTTP/1.1" 200 4573 "-" "meta-externalagent/1.1 (+https://developers.facebook.com/docs/sharing/webmasters/crawler)"
74.7.227.43 - - [09/Mar/2026:19:43:18 +0500] "GET /filemanger/file_chmod.php?dir=%2Fhome%2Fsportsfever%2Fwww%2Fwp-content%2Fuploads%2Fsites%2F2%2F2020%2F12&name=IMG-20201014-WA0035-990x556.jpg HTTP/1.1" 200 1012 "https://sportsfever360.com/filemanger/index.php?dir=%2Fhome%2Fsportsfever%2Fwww%2Fwp-content%2Fuploads%2Fsites%2F2%2F2020%2F12" "Mozilla/5.0 AppleWebKit/537.36 (KHTML, like Gecko; compatible; GPTBot/1.3; +https://openai.com/gptbot)"
74.7.227.128 - - [09/Mar/2026:19:43:18 +0500] "GET /filemanger/delete_line.php?dir=%2Fhome%2Fsportsfever%2Fwww%2Fclone%2Fwp-content%2Fplugins%2Fthemify-builder%2Fjs%2Fmodule-styles%2Fsrc&line=55&name=tab.mjs HTTP/1.1" 200 619 "https://www.sportsfever360.com/filemanger/edit_text_line.php?dir=%2Fhome%2Fsportsfever%2Fwww%2Fclone%2Fwp-content%2Fplugins%2Fthemify-builder%2Fjs%2Fmodule-styles%2Fsrc&name=tab.mjs" "Mozilla/5.0 AppleWebKit/537.36 (KHTML, like Gecko; compatible; GPTBot/1.3; +https://openai.com/gptbot)"
57.141.20.7 - - [09/Mar/2026:19:43:19 +0500] "GET /filemanger/delete_line.php?dir=%2Fhome%2Fsportsfever%2Fwww%2Fwp-content%2Fplugins%2Fcustom-twitter-feeds%2Fadmin%2Fassets%2Fcss&name=cff-admin-style.css&line=46 HTTP/1.1" 200 1571 "-" "meta-externalagent/1.1 (+https://developers.facebook.com/docs/sharing/webmasters/crawler)"
74.7.227.43 - - [09/Mar/2026:19:43:19 +0500] "GET /filemanger/file_delete.php?dir=%2Fhome%2Fsportsfever%2Fwww%2Fwp-content%2Fuploads%2Fsites%2F2%2F2020%2F07&name=IMG-20200722-WA0061-130x86.jpg HTTP/1.1" 200 1051 "https://sportsfever360.com/filemanger/file_rename.php?dir=%2Fhome%2Fsportsfever%2Fwww%2Fwp-content%2Fuploads%2Fsites%2F2%2F2020%2F07&name=IMG-20200722-WA0061-130x86.jpg" "Mozilla/5.0 AppleWebKit/537.36 (KHTML, like Gecko; compatible; GPTBot/1.3; +https://openai.com/gptbot)"
74.7.227.128 - - [09/Mar/2026:19:43:19 +0500] "GET /filemanger/delete_line.php?dir=%2Fhome%2Fsportsfever%2Fwww%2Fclone%2Fwp-content%2Fplugins%2Fthemify-builder%2Fjs%2Feditor%2Fbuild&line=46&name=modules.min.js.gz HTTP/1.1" 200 619 "https://www.sportsfever360.com/filemanger/edit_text_line.php?dir=%2Fhome%2Fsportsfever%2Fwww%2Fclone%2Fwp-content%2Fplugins%2Fthemify-builder%2Fjs%2Feditor%2Fbuild&name=modules.min.js.gz" "Mozilla/5.0 AppleWebKit/537.36 (KHTML, like Gecko; compatible; GPTBot/1.3; +https://openai.com/gptbot)"
57.141.20.56 - - [09/Mar/2026:19:43:19 +0500] "GET /filemanger/delete_line.php?dir=%2Fhome%2Fsportsfever%2Fhttpdocs%2Fclone%2Fwp-content%2Fplugins%2Fthemify-builder%2Fclasses&name=class-themify-builder-library-item.php&line=70 HTTP/1.1" 200 1571 "-" "meta-externalagent/1.1 (+https://developers.facebook.com/docs/sharing/webmasters/crawler)"
74.7.227.43 - - [09/Mar/2026:19:43:19 +0500] "GET /filemanger/file_download.php?dir=%2Fhome%2Fsportsfever%2Fwww%2Fwp-content%2Fuploads%2Fsites%2F2%2F2020%2F07&name=IMG-20200722-WA0061-130x86.jpg HTTP/1.1" 200 2306 "https://sportsfever360.com/filemanger/file_rename.php?dir=%2Fhome%2Fsportsfever%2Fwww%2Fwp-content%2Fuploads%2Fsites%2F2%2F2020%2F07&name=IMG-20200722-WA0061-130x86.jpg" "Mozilla/5.0 AppleWebKit/537.36 (KHTML, like Gecko; compatible; GPTBot/1.3; +https://openai.com/gptbot)"
74.7.227.128 - - [09/Mar/2026:19:43:19 +0500] "GET /filemanger/delete_line.php?dir=%2Fhome%2Fsportsfever%2Fwww%2Fclone%2Fwp-content%2Fplugins%2Fthemify-builder%2Fjs%2Feditor%2Fbuild&line=68&name=modules.min.js.gz HTTP/1.1" 200 619 "https://www.sportsfever360.com/filemanger/edit_text_line.php?dir=%2Fhome%2Fsportsfever%2Fwww%2Fclone%2Fwp-content%2Fplugins%2Fthemify-builder%2Fjs%2Feditor%2Fbuild&name=modules.min.js.gz" "Mozilla/5.0 AppleWebKit/537.36 (KHTML, like Gecko; compatible; GPTBot/1.3; +https://openai.com/gptbot)"
74.7.227.43 - - [09/Mar/2026:19:43:20 +0500] "GET /filemanger/file_chmod.php?dir=%2Fhome%2Fsportsfever%2Fwww%2Fwp-content%2Fuploads%2Fsites%2F2%2F2020%2F07&name=IMG-20200718-WA0095-640x426.jpg HTTP/1.1" 200 1013 "https://sportsfever360.com/filemanger/index.php?dir=%2Fhome%2Fsportsfever%2Fwww%2Fwp-content%2Fuploads%2Fsites%2F2%2F2020%2F07" "Mozilla/5.0 AppleWebKit/537.36 (KHTML, like Gecko; compatible; GPTBot/1.3; +https://openai.com/gptbot)"
57.141.20.50 - - [09/Mar/2026:19:43:20 +0500] "GET /filemanger/delete_line.php?dir=%2Fhome%2Fsportsfever%2Fpublic_html%2Fwp-content%2Fplugins%2Fmeks-simple-flickr-widget%2Flanguages&name=meks-simple-flickr-widget.pot&line=20 HTTP/1.1" 200 1776 "-" "meta-externalagent/1.1 (+https://developers.facebook.com/docs/sharing/webmasters/crawler)"
74.7.227.128 - - [09/Mar/2026:19:43:20 +0500] "GET /filemanger/delete_line.php?dir=%2Fhome%2Fsportsfever%2Fwww%2Fwp-content%2Fplugins%2Fwp-file-manager%2Flib%2Fcodemirror%2Fmode%2Fruby&line=54&name=ruby.js HTTP/1.1" 200 616 "https://www.sportsfever360.com/filemanger/edit_text_line.php?dir=%2Fhome%2Fsportsfever%2Fwww%2Fwp-content%2Fplugins%2Fwp-file-manager%2Flib%2Fcodemirror%2Fmode%2Fruby&name=ruby.js" "Mozilla/5.0 AppleWebKit/537.36 (KHTML, like Gecko; compatible; GPTBot/1.3; +https://openai.com/gptbot)"
74.7.227.43 - - [09/Mar/2026:19:43:20 +0500] "GET /filemanger/file_chmod.php?dir=%2Fhome%2Fsportsfever%2Fwww%2Fwp-content%2Fuploads%2Fsites%2F2%2F2020%2F07&name=IMG-20200713-WA0017-980x420.jpg HTTP/1.1" 200 1012 "https://sportsfever360.com/filemanger/index.php?dir=%2Fhome%2Fsportsfever%2Fwww%2Fwp-content%2Fuploads%2Fsites%2F2%2F2020%2F07" "Mozilla/5.0 AppleWebKit/537.36 (KHTML, like Gecko; compatible; GPTBot/1.3; +https://openai.com/gptbot)"
57.141.20.13 - - [09/Mar/2026:19:43:20 +0500] "GET /filemanger/edit_line.php?dir=%2Fhome%2Fsportsfever%2Fwww%2Fclone%2Fwp-content%2Fplugins%2Fwordfence%2Fmodules%2Flogin-security%2Fviews%2Foptions&name=option-roles.php&line=27 HTTP/1.1" 200 1551 "-" "meta-externalagent/1.1 (+https://developers.facebook.com/docs/sharing/webmasters/crawler)"
74.7.227.128 - - [09/Mar/2026:19:43:21 +0500] "GET /filemanger/delete_line.php?dir=%2Fhome%2Fsportsfever%2Fwww%2Fclone%2Fwp-content%2Fplugins%2Fwp-smushit%2F_src%2Fjs%2Fmodules&line=55&name=background-process.js HTTP/1.1" 200 616 "https://www.sportsfever360.com/filemanger/edit_text_line.php?dir=%2Fhome%2Fsportsfever%2Fwww%2Fclone%2Fwp-content%2Fplugins%2Fwp-smushit%2F_src%2Fjs%2Fmodules&name=background-process.js" "Mozilla/5.0 AppleWebKit/537.36 (KHTML, like Gecko; compatible; GPTBot/1.3; +https://openai.com/gptbot)"
57.141.20.0 - - [09/Mar/2026:19:43:21 +0500] "GET /filemanger/delete_line.php?dir=%2Fhome%2Fsportsfever%2Fhttpdocs%2Fclone%2Fwp-content%2Fplugins%2Fembedpress%2Fassets%2Fpdf%2Fweb%2Flocale%2Fne-NP&name=viewer.ftl&line=214 HTTP/1.1" 200 1776 "-" "meta-externalagent/1.1 (+https://developers.facebook.com/docs/sharing/webmasters/crawler)"
74.7.227.43 - - [09/Mar/2026:19:43:21 +0500] "GET /filemanger/file_chmod.php?dir=%2Fhome%2Fsportsfever%2Fwww%2Fwp-content%2Fuploads%2Fsites%2F2%2F2020%2F08&name=IMG-20200814-WA0005-434x420.jpg HTTP/1.1" 200 1011 "https://sportsfever360.com/filemanger/index.php?dir=%2Fhome%2Fsportsfever%2Fwww%2Fwp-content%2Fuploads%2Fsites%2F2%2F2020%2F08" "Mozilla/5.0 AppleWebKit/537.36 (KHTML, like Gecko; compatible; GPTBot/1.3; +https://openai.com/gptbot)"
57.141.20.12 - - [09/Mar/2026:19:43:21 +0500] "GET /filemanger/edit_line.php?dir=%2Fhome%2Fsportsfever%2Fhttpdocs%2Fclone%2Fwp-content%2Fplugins%2Fpassword-protect-page%2Fincludes%2Fviews%2Fpartial-protection&name=view-ppw-pcp-general.php&line=71 HTTP/1.1" 200 1551 "-" "meta-externalagent/1.1 (+https://developers.facebook.com/docs/sharing/webmasters/crawler)"
74.7.227.128 - - [09/Mar/2026:19:43:21 +0500] "GET /filemanger/delete_line.php?dir=%2Fhome%2Fsportsfever%2Fwww%2Fclone%2Fwp-content%2Fplugins%2Fpopup-builder%2Fpublic%2Fcss%2Ffonts&line=66&name=Segoe-UI-Bold.woff HTTP/1.1" 200 619 "https://www.sportsfever360.com/filemanger/edit_text_line.php?dir=%2Fhome%2Fsportsfever%2Fwww%2Fclone%2Fwp-content%2Fplugins%2Fpopup-builder%2Fpublic%2Fcss%2Ffonts&name=Segoe-UI-Bold.woff" "Mozilla/5.0 AppleWebKit/537.36 (KHTML, like Gecko; compatible; GPTBot/1.3; +https://openai.com/gptbot)"
74.7.227.43 - - [09/Mar/2026:19:43:21 +0500] "GET /filemanger/file_chmod.php?dir=%2Fhome%2Fsportsfever%2Fwww%2Fwp-content%2Fuploads%2Fsites%2F2%2F2020%2F10&name=IMG-20201013-WA0050-434x420.jpg HTTP/1.1" 200 1009 "https://sportsfever360.com/filemanger/index.php?dir=%2Fhome%2Fsportsfever%2Fwww%2Fwp-content%2Fuploads%2Fsites%2F2%2F2020%2F10" "Mozilla/5.0 AppleWebKit/537.36 (KHTML, like Gecko; compatible; GPTBot/1.3; +https://openai.com/gptbot)"
57.141.20.49 - - [09/Mar/2026:19:43:21 +0500] "GET /filemanger/delete_line.php?dir=%2Fhome%2Fsportsfever%2Fwww%2Fclone%2Fwp-content%2Fwflogs&name=GeoLite2-Country.mmdb&line=6292 HTTP/1.1" 200 1776 "-" "meta-externalagent/1.1 (+https://developers.facebook.com/docs/sharing/webmasters/crawler)"
74.7.227.128 - - [09/Mar/2026:19:43:22 +0500] "GET /filemanger/delete_line.php?dir=%2Fhome%2Fsportsfever%2Fwww%2Fwp-content%2Fplugins%2Fwp-file-manager%2Flib%2Fcodemirror%2Fmode%2Fruby&line=65&name=ruby.js HTTP/1.1" 200 616 "https://www.sportsfever360.com/filemanger/edit_text_line.php?dir=%2Fhome%2Fsportsfever%2Fwww%2Fwp-content%2Fplugins%2Fwp-file-manager%2Flib%2Fcodemirror%2Fmode%2Fruby&name=ruby.js" "Mozilla/5.0 AppleWebKit/537.36 (KHTML, like Gecko; compatible; GPTBot/1.3; +https://openai.com/gptbot)"
74.7.227.43 - - [09/Mar/2026:19:43:22 +0500] "GET /filemanger/file_chmod.php?dir=%2Fhome%2Fsportsfever%2Fwww%2Fwp-content%2Fuploads%2Fsites%2F2%2F2020%2F12&name=IMG-20201211-WA0132-980x420.jpg HTTP/1.1" 200 1009 "https://sportsfever360.com/filemanger/index.php?dir=%2Fhome%2Fsportsfever%2Fwww%2Fwp-content%2Fuploads%2Fsites%2F2%2F2020%2F12" "Mozilla/5.0 AppleWebKit/537.36 (KHTML, like Gecko; compatible; GPTBot/1.3; +https://openai.com/gptbot)"
57.141.20.0 - - [09/Mar/2026:19:43:22 +0500] "GET /filemanger/edit_line.php?dir=%2Fhome%2Fsportsfever%2Fmail%2Fsportsfever360.com%2Frafy%2F.spam%2Fnew&name=1731233393.M980601P1594812.c11.creativeon.net,S=32621,W=33364&line=28 HTTP/1.1" 200 1756 "-" "meta-externalagent/1.1 (+https://developers.facebook.com/docs/sharing/webmasters/crawler)"
74.7.227.128 - - [09/Mar/2026:19:43:22 +0500] "GET /filemanger/delete_line.php?dir=%2Fhome%2Fsportsfever%2Fwww%2Fclone%2Fwp-content%2Fplugins%2Fpopup-builder%2Fpublic%2Fcss%2Ffonts&line=1&name=Segoe-UI-Bold.woff HTTP/1.1" 200 619 "https://www.sportsfever360.com/filemanger/edit_text_line.php?dir=%2Fhome%2Fsportsfever%2Fwww%2Fclone%2Fwp-content%2Fplugins%2Fpopup-builder%2Fpublic%2Fcss%2Ffonts&name=Segoe-UI-Bold.woff" "Mozilla/5.0 AppleWebKit/537.36 (KHTML, like Gecko; compatible; GPTBot/1.3; +https://openai.com/gptbot)"
74.7.227.43 - - [09/Mar/2026:19:43:22 +0500] "GET /filemanger/file_chmod.php?dir=%2Fhome%2Fsportsfever%2Fwww%2Fwp-content%2Fuploads%2Fsites%2F2%2F2020%2F12&name=IMG-20200411-WA0035-414x276.jpg HTTP/1.1" 200 1012 "https://sportsfever360.com/filemanger/index.php?dir=%2Fhome%2Fsportsfever%2Fwww%2Fwp-content%2Fuploads%2Fsites%2F2%2F2020%2F12" "Mozilla/5.0 AppleWebKit/537.36 (KHTML, like Gecko; compatible; GPTBot/1.3; +https://openai.com/gptbot)"
57.141.20.58 - - [09/Mar/2026:19:43:23 +0500] "GET /filemanger/delete_line.php?dir=%2Fhome%2Fsportsfever%2Fhttpdocs%2Fclone%2Fwp-content%2Fplugins%2Fthemify-builder%2Fjs%2Feditor%2Fmodules&name=column.mjs&line=20 HTTP/1.1" 200 1776 "-" "meta-externalagent/1.1 (+https://developers.facebook.com/docs/sharing/webmasters/crawler)"
74.7.227.128 - - [09/Mar/2026:19:43:23 +0500] "GET /filemanger/delete_line.php?dir=%2Fhome%2Fsportsfever%2Fwww%2Fclone%2Fwp-content%2Fplugins%2Fwp-smushit%2F_src%2Fjs%2Fmodules&line=59&name=background-process.js HTTP/1.1" 200 616 "https://www.sportsfever360.com/filemanger/edit_text_line.php?dir=%2Fhome%2Fsportsfever%2Fwww%2Fclone%2Fwp-content%2Fplugins%2Fwp-smushit%2F_src%2Fjs%2Fmodules&name=background-process.js" "Mozilla/5.0 AppleWebKit/537.36 (KHTML, like Gecko; compatible; GPTBot/1.3; +https://openai.com/gptbot)"
74.7.227.43 - - [09/Mar/2026:19:43:23 +0500] "GET /filemanger/file_chmod.php?dir=%2Fhome%2Fsportsfever%2Fwww%2Fwp-content%2Fuploads%2Fsites%2F2%2F2020%2F11&name=IMG-20201130-WA0007-768x576.jpg HTTP/1.1" 200 1013 "https://sportsfever360.com/filemanger/index.php?dir=%2Fhome%2Fsportsfever%2Fwww%2Fwp-content%2Fuploads%2Fsites%2F2%2F2020%2F11" "Mozilla/5.0 AppleWebKit/537.36 (KHTML, like Gecko; compatible; GPTBot/1.3; +https://openai.com/gptbot)"
57.141.20.32 - - [09/Mar/2026:19:43:23 +0500] "GET /filemanger/edit_line.php?dir=%2Fhome%2Fsportsfever%2Fhttpdocs%2Fwp-content%2Fplugins%2Fwordpress-seo%2Fsrc%2Fsurfaces&name=meta-surface.php&line=235 HTTP/1.1" 200 1551 "-" "meta-externalagent/1.1 (+https://developers.facebook.com/docs/sharing/webmasters/crawler)"
74.7.227.128 - - [09/Mar/2026:19:43:23 +0500] "GET /filemanger/delete_line.php?dir=%2Fhome%2Fsportsfever%2Fwww%2Fclone%2Fwp-content%2Fplugins%2Fthemify-builder%2Fjs%2Feditor%2Fbuild&line=70&name=modules.min.js.gz HTTP/1.1" 200 619 "https://www.sportsfever360.com/filemanger/edit_text_line.php?dir=%2Fhome%2Fsportsfever%2Fwww%2Fclone%2Fwp-content%2Fplugins%2Fthemify-builder%2Fjs%2Feditor%2Fbuild&name=modules.min.js.gz" "Mozilla/5.0 AppleWebKit/537.36 (KHTML, like Gecko; compatible; GPTBot/1.3; +https://openai.com/gptbot)"
74.7.227.43 - - [09/Mar/2026:19:43:23 +0500] "GET /filemanger/read_image.php?path=%2Fhome%2Fsportsfever%2Fpublic_html%2Fwp-content%2Fuploads%2Fsites%2F2%2F2020%2F09%2FIMG_20200913_222645-65x65.jpg HTTP/1.1" 200 282 "https://sportsfever360.com/filemanger/file.php?dir=%2Fhome%2Fsportsfever%2Fpublic_html%2Fwp-content%2Fuploads%2Fsites%2F2%2F2020%2F09&name=IMG_20200913_222645-65x65.jpg" "Mozilla/5.0 AppleWebKit/537.36 (KHTML, like Gecko; compatible; GPTBot/1.3; +https://openai.com/gptbot)"
57.141.20.24 - - [09/Mar/2026:19:43:24 +0500] "GET /filemanger/delete_line.php?dir=%2Fhome%2Fsportsfever%2Fpublic_html%2Fwp-content%2Fwflogs&name=GeoLite2-Country.mmdb&line=143907 HTTP/1.1" 200 1776 "-" "meta-externalagent/1.1 (+https://developers.facebook.com/docs/sharing/webmasters/crawler)"
74.7.227.128 - - [09/Mar/2026:19:43:24 +0500] "GET /filemanger/edit_line.php?dir=%2Fhome%2Fsportsfever%2Fwww%2Fclone%2Fwp-content%2Fplugins%2Fthemify-builder%2Fjs%2Fmodule-styles%2Fsrc&line=32&name=tab.mjs HTTP/1.1" 200 620 "https://www.sportsfever360.com/filemanger/edit_text_line.php?dir=%2Fhome%2Fsportsfever%2Fwww%2Fclone%2Fwp-content%2Fplugins%2Fthemify-builder%2Fjs%2Fmodule-styles%2Fsrc&name=tab.mjs" "Mozilla/5.0 AppleWebKit/537.36 (KHTML, like Gecko; compatible; GPTBot/1.3; +https://openai.com/gptbot)"
74.7.227.43 - - [09/Mar/2026:19:43:24 +0500] "GET /filemanger/file_chmod.php?dir=%2Fhome%2Fsportsfever%2Fwww%2Fwp-content%2Fuploads%2Fsites%2F2%2F2020%2F12&name=IMG-20201212-WA0137-300x225.jpg HTTP/1.1" 200 1011 "https://sportsfever360.com/filemanger/index.php?dir=%2Fhome%2Fsportsfever%2Fwww%2Fwp-content%2Fuploads%2Fsites%2F2%2F2020%2F12" "Mozilla/5.0 AppleWebKit/537.36 (KHTML, like Gecko; compatible; GPTBot/1.3; +https://openai.com/gptbot)"
57.141.20.8 - - [09/Mar/2026:19:43:24 +0500] "GET /filemanger/file_copy.php?dir=%2Fhome%2Fsportsfever%2Fwww%2Fclone%2Fwp-content%2Fplugins%2Fwordpress-seo%2Fsrc%2Fintegrations%2Ffront-end&name=indexing-controls.php HTTP/1.1" 200 5757 "-" "meta-externalagent/1.1 (+https://developers.facebook.com/docs/sharing/webmasters/crawler)"
57.141.20.0 - - [09/Mar/2026:19:43:24 +0500] "GET /filemanger/delete_line.php?dir=%2Fhome%2Fsportsfever%2Fwww%2Fclone%2Fwp-content%2Fplugins%2Fpopup-maker%2Fclasses%2FAbstract&name=Database.php&line=58 HTTP/1.1" 200 1571 "-" "meta-externalagent/1.1 (+https://developers.facebook.com/docs/sharing/webmasters/crawler)"
74.7.227.128 - - [09/Mar/2026:19:43:24 +0500] "GET /filemanger/delete_line.php?dir=%2Fhome%2Fsportsfever%2Fwww%2Fwp-content%2Fplugins%2Fwp-file-manager%2Flib%2Fcodemirror%2Fmode%2Fruby&line=63&name=ruby.js HTTP/1.1" 200 616 "https://www.sportsfever360.com/filemanger/edit_text_line.php?dir=%2Fhome%2Fsportsfever%2Fwww%2Fwp-content%2Fplugins%2Fwp-file-manager%2Flib%2Fcodemirror%2Fmode%2Fruby&name=ruby.js" "Mozilla/5.0 AppleWebKit/537.36 (KHTML, like Gecko; compatible; GPTBot/1.3; +https://openai.com/gptbot)"
74.7.227.43 - - [09/Mar/2026:19:43:24 +0500] "GET /filemanger/file_copy.php?dir=%2Fhome%2Fsportsfever%2Fwww%2Fwp-content%2Fuploads%2Fsites%2F2%2F2020%2F10&name=IMG-20201006-WA0026-1280x742.jpg HTTP/1.1" 200 1035 "https://sportsfever360.com/filemanger/file_rename.php?dir=%2Fhome%2Fsportsfever%2Fwww%2Fwp-content%2Fuploads%2Fsites%2F2%2F2020%2F10&name=IMG-20201006-WA0026-1280x742.jpg" "Mozilla/5.0 AppleWebKit/537.36 (KHTML, like Gecko; compatible; GPTBot/1.3; +https://openai.com/gptbot)"
74.7.227.128 - - [09/Mar/2026:19:43:25 +0500] "GET /filemanger/delete_line.php?dir=%2Fhome%2Fsportsfever%2Fwww%2Fclone%2Fwp-content%2Fplugins%2Fpopup-builder%2Fpublic%2Fcss%2Ffonts&line=76&name=Segoe-UI-Bold.woff HTTP/1.1" 200 619 "https://www.sportsfever360.com/filemanger/edit_text_line.php?dir=%2Fhome%2Fsportsfever%2Fwww%2Fclone%2Fwp-content%2Fplugins%2Fpopup-builder%2Fpublic%2Fcss%2Ffonts&name=Segoe-UI-Bold.woff" "Mozilla/5.0 AppleWebKit/537.36 (KHTML, like Gecko; compatible; GPTBot/1.3; +https://openai.com/gptbot)"
74.7.227.43 - - [09/Mar/2026:19:43:25 +0500] "GET /filemanger/file_chmod.php?dir=%2Fhome%2Fsportsfever%2Fwww%2Fwp-content%2Fuploads%2Fsites%2F2%2F2020%2F10&name=IMG-20201013-WA0001-300x200.jpg HTTP/1.1" 200 1009 "https://sportsfever360.com/filemanger/index.php?dir=%2Fhome%2Fsportsfever%2Fwww%2Fwp-content%2Fuploads%2Fsites%2F2%2F2020%2F10" "Mozilla/5.0 AppleWebKit/537.36 (KHTML, like Gecko; compatible; GPTBot/1.3; +https://openai.com/gptbot)"
57.141.20.37 - - [09/Mar/2026:19:43:25 +0500] "GET /filemanger/delete_line.php?dir=%2Fhome%2Fsportsfever%2Fpublic_html%2Fwp-content%2Fplugins%2Fsmart-slider-3%2FNextend%2FLanguages&name=hu_HU.mo&line=224 HTTP/1.1" 200 1776 "-" "meta-externalagent/1.1 (+https://developers.facebook.com/docs/sharing/webmasters/crawler)"
74.7.227.128 - - [09/Mar/2026:19:43:25 +0500] "GET /filemanger/delete_line.php?dir=%2Fhome%2Fsportsfever%2Fwww%2Fwp-content%2Fplugins%2Fwp-file-manager%2Flib%2Fjs%2Fcommands&line=221&name=quicklook.js HTTP/1.1" 200 616 "https://www.sportsfever360.com/filemanger/edit_text_line.php?dir=%2Fhome%2Fsportsfever%2Fwww%2Fwp-content%2Fplugins%2Fwp-file-manager%2Flib%2Fjs%2Fcommands&name=quicklook.js" "Mozilla/5.0 AppleWebKit/537.36 (KHTML, like Gecko; compatible; GPTBot/1.3; +https://openai.com/gptbot)"
74.7.227.43 - - [09/Mar/2026:19:43:25 +0500] "GET /filemanger/file_chmod.php?dir=%2Fhome%2Fsportsfever%2Fwww%2Fwp-content%2Fuploads%2Fsites%2F2%2F2020%2F12&name=IMG-20200116-WA0029-990x473.jpg HTTP/1.1" 200 1012 "https://sportsfever360.com/filemanger/index.php?dir=%2Fhome%2Fsportsfever%2Fwww%2Fwp-content%2Fuploads%2Fsites%2F2%2F2020%2F12" "Mozilla/5.0 AppleWebKit/537.36 (KHTML, like Gecko; compatible; GPTBot/1.3; +https://openai.com/gptbot)"
57.141.20.9 - - [09/Mar/2026:19:43:26 +0500] "GET /filemanger/delete_line.php?dir=%2Fhome%2Fsportsfever%2Fpublic_html%2Fwp-content%2Fplugins%2Fredux-framework%2Fredux-core%2Fassets%2Ffont-awesome%2Fcss&name=v4-shims.css&line=1954 HTTP/1.1" 200 1571 "-" "meta-externalagent/1.1 (+https://developers.facebook.com/docs/sharing/webmasters/crawler)"
74.7.227.128 - - [09/Mar/2026:19:43:26 +0500] "GET /filemanger/delete_line.php?dir=%2Fhome%2Fsportsfever%2Fwww%2Fwp-content%2Fplugins%2Fwp-file-manager%2Flib%2Fcodemirror%2Fmode%2Fruby&line=89&name=ruby.js HTTP/1.1" 200 616 "https://www.sportsfever360.com/filemanger/edit_text_line.php?dir=%2Fhome%2Fsportsfever%2Fwww%2Fwp-content%2Fplugins%2Fwp-file-manager%2Flib%2Fcodemirror%2Fmode%2Fruby&name=ruby.js" "Mozilla/5.0 AppleWebKit/537.36 (KHTML, like Gecko; compatible; GPTBot/1.3; +https://openai.com/gptbot)"
74.7.227.43 - - [09/Mar/2026:19:43:26 +0500] "GET /filemanger/file_chmod.php?dir=%2Fhome%2Fsportsfever%2Fwww%2Fwp-content%2Fuploads%2Fsites%2F2%2F2020%2F07&name=IMG-20200718-WA0095-550x520.jpg HTTP/1.1" 200 1012 "https://sportsfever360.com/filemanger/index.php?dir=%2Fhome%2Fsportsfever%2Fwww%2Fwp-content%2Fuploads%2Fsites%2F2%2F2020%2F07" "Mozilla/5.0 AppleWebKit/537.36 (KHTML, like Gecko; compatible; GPTBot/1.3; +https://openai.com/gptbot)"
57.141.20.4 - - [09/Mar/2026:19:43:26 +0500] "GET /filemanger/delete_line.php?dir=%2Fhome%2Fsportsfever%2Fhttpdocs%2Fwp-content%2Fplugins%2Fninja-forms%2Fassets%2Fcss&name=bootstrap.css&line=3717 HTTP/1.1" 200 1571 "-" "meta-externalagent/1.1 (+https://developers.facebook.com/docs/sharing/webmasters/crawler)"
74.7.227.128 - - [09/Mar/2026:19:43:26 +0500] "GET /filemanger/delete_line.php?dir=%2Fhome%2Fsportsfever%2Fwww%2Fclone%2Fwp-content%2Fplugins%2Fthemify-builder%2Fjs%2Fmodule-styles%2Fsrc&line=31&name=tab.mjs HTTP/1.1" 200 619 "https://www.sportsfever360.com/filemanger/edit_text_line.php?dir=%2Fhome%2Fsportsfever%2Fwww%2Fclone%2Fwp-content%2Fplugins%2Fthemify-builder%2Fjs%2Fmodule-styles%2Fsrc&name=tab.mjs" "Mozilla/5.0 AppleWebKit/537.36 (KHTML, like Gecko; compatible; GPTBot/1.3; +https://openai.com/gptbot)"
74.7.227.43 - - [09/Mar/2026:19:43:26 +0500] "GET /filemanger/file_chmod.php?dir=%2Fhome%2Fsportsfever%2Fwww%2Fwp-content%2Fuploads%2Fsites%2F2%2F2020%2F11&name=IMG-20201111-WA0099-470x264.jpg HTTP/1.1" 200 1011 "https://sportsfever360.com/filemanger/index.php?dir=%2Fhome%2Fsportsfever%2Fwww%2Fwp-content%2Fuploads%2Fsites%2F2%2F2020%2F11" "Mozilla/5.0 AppleWebKit/537.36 (KHTML, like Gecko; compatible; GPTBot/1.3; +https://openai.com/gptbot)"
57.141.20.58 - - [09/Mar/2026:19:43:27 +0500] "GET /filemanger/edit_line.php?dir=%2Fhome%2Fsportsfever%2Fpublic_html%2Fwp-content%2Fwflogs&name=GeoLite2-Country.mmdb&line=7867 HTTP/1.1" 200 1756 "-" "meta-externalagent/1.1 (+https://developers.facebook.com/docs/sharing/webmasters/crawler)"
74.7.227.128 - - [09/Mar/2026:19:43:27 +0500] "GET /filemanger/delete_line.php?dir=%2Fhome%2Fsportsfever%2Fwww%2Fwp-content%2Fplugins%2Fwp-file-manager%2Flib%2Fjs%2Fcommands&line=12&name=quicklook.js HTTP/1.1" 200 616 "https://www.sportsfever360.com/filemanger/edit_text_line.php?dir=%2Fhome%2Fsportsfever%2Fwww%2Fwp-content%2Fplugins%2Fwp-file-manager%2Flib%2Fjs%2Fcommands&name=quicklook.js" "Mozilla/5.0 AppleWebKit/537.36 (KHTML, like Gecko; compatible; GPTBot/1.3; +https://openai.com/gptbot)"
74.7.227.43 - - [09/Mar/2026:19:43:27 +0500] "GET /filemanger/file_rename.php?dir=%2Fhome%2Fsportsfever%2Fwww%2Fwp-content%2Fuploads%2Fsites%2F2%2F2020%2F07&name=IMG-20200719-WA0056-130x86.jpg HTTP/1.1" 200 1013 "https://sportsfever360.com/filemanger/index.php?dir=%2Fhome%2Fsportsfever%2Fwww%2Fwp-content%2Fuploads%2Fsites%2F2%2F2020%2F07" "Mozilla/5.0 AppleWebKit/537.36 (KHTML, like Gecko; compatible; GPTBot/1.3; +https://openai.com/gptbot)"
57.141.20.49 - - [09/Mar/2026:19:43:27 +0500] "GET /filemanger/edit_line.php?dir=%2Fhome%2Fsportsfever%2Fhttpdocs%2Fwp-content%2Fthemes%2Fherald%2Ftemplate-parts%2Fsingle&name=paginated-nav.php&line=0 HTTP/1.1" 200 1551 "-" "meta-externalagent/1.1 (+https://developers.facebook.com/docs/sharing/webmasters/crawler)"
74.7.227.128 - - [09/Mar/2026:19:43:27 +0500] "GET /filemanger/delete_line.php?dir=%2Fhome%2Fsportsfever%2Fwww%2Fclone%2Fwp-content%2Fplugins%2Fthemify-builder%2Fjs%2Feditor%2Fbuild&line=17&name=modules.min.js.gz HTTP/1.1" 200 619 "https://www.sportsfever360.com/filemanger/edit_text_line.php?dir=%2Fhome%2Fsportsfever%2Fwww%2Fclone%2Fwp-content%2Fplugins%2Fthemify-builder%2Fjs%2Feditor%2Fbuild&name=modules.min.js.gz" "Mozilla/5.0 AppleWebKit/537.36 (KHTML, like Gecko; compatible; GPTBot/1.3; +https://openai.com/gptbot)"
57.141.20.10 - - [09/Mar/2026:19:43:27 +0500] "GET /filemanger/edit_line.php?dir=%2Fhome%2Fsportsfever%2Fwww%2Fclone%2Fwp-content%2Fthemes%2FDivi%2Fcore%2Fadmin%2Fjs&name=core.js&line=28 HTTP/1.1" 200 1551 "-" "meta-externalagent/1.1 (+https://developers.facebook.com/docs/sharing/webmasters/crawler)"
74.7.227.43 - - [09/Mar/2026:19:43:28 +0500] "GET /filemanger/file_Copy.php?dir=%2Fhome%2Fsportsfever%2Fwww%2Fwp-content%2Fuploads%2Fsites%2F2%2F2020%2F12&name=IMG-20200627-WA0037-1024x576.jpg HTTP/1.1" 200 20 "https://sportsfever360.com/filemanger/file_rename.php?dir=%2Fhome%2Fsportsfever%2Fwww%2Fwp-content%2Fuploads%2Fsites%2F2%2F2020%2F12&name=IMG-20200627-WA0037-1024x576.jpg" "Mozilla/5.0 AppleWebKit/537.36 (KHTML, like Gecko; compatible; GPTBot/1.3; +https://openai.com/gptbot)"
74.7.227.128 - - [09/Mar/2026:19:43:28 +0500] "GET /filemanger/delete_line.php?dir=%2Fhome%2Fsportsfever%2Fwww%2Fwp-content%2Fplugins%2Fthemify-builder%2Fjs%2Fmodule-styles%2Fsrc&line=4&name=callout.mjs HTTP/1.1" 200 619 "https://www.sportsfever360.com/filemanger/edit_text_line.php?dir=%2Fhome%2Fsportsfever%2Fwww%2Fwp-content%2Fplugins%2Fthemify-builder%2Fjs%2Fmodule-styles%2Fsrc&name=callout.mjs" "Mozilla/5.0 AppleWebKit/537.36 (KHTML, like Gecko; compatible; GPTBot/1.3; +https://openai.com/gptbot)"
74.7.227.43 - - [09/Mar/2026:19:43:28 +0500] "GET /filemanger/file_Copy.php?dir=%2Fhome%2Fsportsfever%2Fwww%2Fwp-content%2Fuploads%2Fsites%2F2%2F2020%2F07&name=IMG-20200717-WA0147-1024x520.jpg HTTP/1.1" 200 20 "https://sportsfever360.com/filemanger/file_rename.php?dir=%2Fhome%2Fsportsfever%2Fwww%2Fwp-content%2Fuploads%2Fsites%2F2%2F2020%2F07&name=IMG-20200717-WA0147-1024x520.jpg" "Mozilla/5.0 AppleWebKit/537.36 (KHTML, like Gecko; compatible; GPTBot/1.3; +https://openai.com/gptbot)"
57.141.20.17 - - [09/Mar/2026:19:43:28 +0500] "GET /filemanger/delete_line.php?dir=%2Fhome%2Fsportsfever%2Fhttpdocs%2Fwp-content%2Fplugins%2Fpopup-maker%2Fassets%2Fjs&name=pum-integration-gravityforms.js&line=126 HTTP/1.1" 200 1571 "-" "meta-externalagent/1.1 (+https://developers.facebook.com/docs/sharing/webmasters/crawler)"
74.7.227.128 - - [09/Mar/2026:19:43:28 +0500] "GET /filemanger/delete_line.php?dir=%2Fhome%2Fsportsfever%2Fwww%2Fwp-content%2Fplugins%2Fwp-file-manager%2Flib%2Fcodemirror%2Fmode%2Fruby&line=36&name=ruby.js HTTP/1.1" 200 616 "https://www.sportsfever360.com/filemanger/edit_text_line.php?dir=%2Fhome%2Fsportsfever%2Fwww%2Fwp-content%2Fplugins%2Fwp-file-manager%2Flib%2Fcodemirror%2Fmode%2Fruby&name=ruby.js" "Mozilla/5.0 AppleWebKit/537.36 (KHTML, like Gecko; compatible; GPTBot/1.3; +https://openai.com/gptbot)"
57.141.20.42 - - [09/Mar/2026:19:43:29 +0500] "GET /filemanger/edit_line.php?dir=%2Fhome%2Fsportsfever%2Fpublic_html%2Fclone%2Fwp-content%2Fplugins%2Fwordfence%2Fviews%2Foffboarding&name=deactivation-prompt.php&line=79 HTTP/1.1" 200 1551 "-" "meta-externalagent/1.1 (+https://developers.facebook.com/docs/sharing/webmasters/crawler)"
74.7.227.43 - - [09/Mar/2026:19:43:29 +0500] "GET /filemanger/file_chmod.php?dir=%2Fhome%2Fsportsfever%2Fwww%2Fwp-content%2Fuploads%2Fsites%2F2%2F2020%2F11&name=IMG-20201130-WA0007-215x120.jpg HTTP/1.1" 200 1011 "https://sportsfever360.com/filemanger/index.php?dir=%2Fhome%2Fsportsfever%2Fwww%2Fwp-content%2Fuploads%2Fsites%2F2%2F2020%2F11" "Mozilla/5.0 AppleWebKit/537.36 (KHTML, like Gecko; compatible; GPTBot/1.3; +https://openai.com/gptbot)"
57.141.20.41 - - [09/Mar/2026:19:43:29 +0500] "GET /filemanger/edit_line.php?dir=%2Fhome%2Fsportsfever%2Fwww%2Fclone%2Fwp-content%2Fplugins%2Fninja-forms%2Flang&name=ninja-forms-sv_SE.po&line=4863 HTTP/1.1" 200 1756 "-" "meta-externalagent/1.1 (+https://developers.facebook.com/docs/sharing/webmasters/crawler)"
74.7.227.128 - - [09/Mar/2026:19:43:29 +0500] "GET /filemanger/delete_line.php?dir=%2Fhome%2Fsportsfever%2Fwww%2Fclone%2Fwp-content%2Fplugins%2Fthemify-builder%2Fjs%2Fmodule-styles%2Fsrc&line=21&name=box.mjs HTTP/1.1" 200 619 "https://www.sportsfever360.com/filemanger/edit_text_line.php?dir=%2Fhome%2Fsportsfever%2Fwww%2Fclone%2Fwp-content%2Fplugins%2Fthemify-builder%2Fjs%2Fmodule-styles%2Fsrc&name=box.mjs" "Mozilla/5.0 AppleWebKit/537.36 (KHTML, like Gecko; compatible; GPTBot/1.3; +https://openai.com/gptbot)"
74.7.227.43 - - [09/Mar/2026:19:43:29 +0500] "GET /filemanger/file_chmod.php?dir=%2Fhome%2Fsportsfever%2Fwww%2Fwp-content%2Fuploads%2Fsites%2F2%2F2020%2F07&name=IMG-20200719-WA0056-434x420.jpg HTTP/1.1" 200 1012 "https://sportsfever360.com/filemanger/index.php?dir=%2Fhome%2Fsportsfever%2Fwww%2Fwp-content%2Fuploads%2Fsites%2F2%2F2020%2F07" "Mozilla/5.0 AppleWebKit/537.36 (KHTML, like Gecko; compatible; GPTBot/1.3; +https://openai.com/gptbot)"
74.7.227.128 - - [09/Mar/2026:19:43:29 +0500] "GET /filemanger/delete_line.php?dir=%2Fhome%2Fsportsfever%2Fwww%2Fclone%2Fwp-content%2Fplugins%2Fthemify-builder%2Fjs%2Fmodule-styles%2Fsrc&line=0&name=box.mjs HTTP/1.1" 200 619 "https://www.sportsfever360.com/filemanger/edit_text_line.php?dir=%2Fhome%2Fsportsfever%2Fwww%2Fclone%2Fwp-content%2Fplugins%2Fthemify-builder%2Fjs%2Fmodule-styles%2Fsrc&name=box.mjs" "Mozilla/5.0 AppleWebKit/537.36 (KHTML, like Gecko; compatible; GPTBot/1.3; +https://openai.com/gptbot)"
57.141.20.9 - - [09/Mar/2026:19:43:30 +0500] "GET /filemanger/edit_line.php?dir=%2Fhome%2Fsportsfever%2Fhttpdocs%2Fwp-content%2Fplugins%2Fwordpress-seo%2Fadmin%2Fviews&name=partial-notifications-errors.php&line=13 HTTP/1.1" 200 1551 "-" "meta-externalagent/1.1 (+https://developers.facebook.com/docs/sharing/webmasters/crawler)"
74.7.227.43 - - [09/Mar/2026:19:43:30 +0500] "GET /filemanger/file_delete.php?dir=%2Fhome%2Fsportsfever%2Fwww%2Fwp-content%2Fuploads%2Fsites%2F2%2F2020%2F12&name=IMG-20201212-WA0137-111x83.jpg HTTP/1.1" 200 1048 "https://sportsfever360.com/filemanger/file_rename.php?dir=%2Fhome%2Fsportsfever%2Fwww%2Fwp-content%2Fuploads%2Fsites%2F2%2F2020%2F12&name=IMG-20201212-WA0137-111x83.jpg" "Mozilla/5.0 AppleWebKit/537.36 (KHTML, like Gecko; compatible; GPTBot/1.3; +https://openai.com/gptbot)"
74.7.227.128 - - [09/Mar/2026:19:43:30 +0500] "GET /filemanger/edit_line.php?dir=%2Fhome%2Fsportsfever%2Fwww%2Fclone%2Fwp-content%2Fplugins%2Fthemify-builder%2Fjs%2Feditor%2Fmodules&line=19&name=map.mjs HTTP/1.1" 200 620 "https://www.sportsfever360.com/filemanger/edit_text_line.php?dir=%2Fhome%2Fsportsfever%2Fwww%2Fclone%2Fwp-content%2Fplugins%2Fthemify-builder%2Fjs%2Feditor%2Fmodules&name=map.mjs" "Mozilla/5.0 AppleWebKit/537.36 (KHTML, like Gecko; compatible; GPTBot/1.3; +https://openai.com/gptbot)"
74.7.227.43 - - [09/Mar/2026:19:43:30 +0500] "GET /filemanger/file_chmod.php?dir=%2Fhome%2Fsportsfever%2Fwww%2Fwp-content%2Fuploads%2Fsites%2F2%2F2020%2F10&name=IMG-20201011-WA0025-260x210.jpg HTTP/1.1" 200 1010 "https://sportsfever360.com/filemanger/index.php?dir=%2Fhome%2Fsportsfever%2Fwww%2Fwp-content%2Fuploads%2Fsites%2F2%2F2020%2F10" "Mozilla/5.0 AppleWebKit/537.36 (KHTML, like Gecko; compatible; GPTBot/1.3; +https://openai.com/gptbot)"
57.141.20.40 - - [09/Mar/2026:19:43:30 +0500] "GET /filemanger/delete_line.php?dir=%2Fhome%2Fsportsfever%2Fhttpdocs%2Fclone%2Fwp-content%2Fplugins%2Fsitepress-multilingual-cms%2Fvendor%2Fotgs%2Finstaller%2Fres%2Fcss&name=admin.css&line=88 HTTP/1.1" 200 1571 "-" "meta-externalagent/1.1 (+https://developers.facebook.com/docs/sharing/webmasters/crawler)"
74.7.227.128 - - [09/Mar/2026:19:43:30 +0500] "GET /filemanger/edit_line.php?dir=%2Fhome%2Fsportsfever%2Fwww%2Fclone%2Fwp-content%2Fplugins%2Fpopup-builder%2Fpublic%2Fsvg&line=30&name=geo-targeting1.svg HTTP/1.1" 200 618 "https://www.sportsfever360.com/filemanger/edit_text_line.php?dir=%2Fhome%2Fsportsfever%2Fwww%2Fclone%2Fwp-content%2Fplugins%2Fpopup-builder%2Fpublic%2Fsvg&name=geo-targeting1.svg" "Mozilla/5.0 AppleWebKit/537.36 (KHTML, like Gecko; compatible; GPTBot/1.3; +https://openai.com/gptbot)"
74.7.227.43 - - [09/Mar/2026:19:43:31 +0500] "GET /filemanger/file_chmod.php?dir=%2Fhome%2Fsportsfever%2Fwww%2Fwp-content%2Fuploads%2Fsites%2F2%2F2020%2F07&name=IMG-20200713-WA0006-550x520.jpg HTTP/1.1" 200 1012 "https://sportsfever360.com/filemanger/index.php?dir=%2Fhome%2Fsportsfever%2Fwww%2Fwp-content%2Fuploads%2Fsites%2F2%2F2020%2F07" "Mozilla/5.0 AppleWebKit/537.36 (KHTML, like Gecko; compatible; GPTBot/1.3; +https://openai.com/gptbot)"
57.141.20.9 - - [09/Mar/2026:19:43:31 +0500] "GET /filemanger/delete_line.php?dir=%2Fhome%2Fsportsfever%2Fhttpdocs%2Fwp-content%2Fplugins%2Fninja-forms%2Fassets%2Fcss&name=bootstrap.css&line=42 HTTP/1.1" 200 1571 "-" "meta-externalagent/1.1 (+https://developers.facebook.com/docs/sharing/webmasters/crawler)"
74.7.227.128 - - [09/Mar/2026:19:43:31 +0500] "GET /filemanger/delete_line.php?dir=%2Fhome%2Fsportsfever%2Fwww%2Fwp-content%2Fplugins%2Fwp-file-manager%2Flib%2Fjs%2Fcommands&line=1&name=quicklook.js HTTP/1.1" 200 616 "https://www.sportsfever360.com/filemanger/edit_text_line.php?dir=%2Fhome%2Fsportsfever%2Fwww%2Fwp-content%2Fplugins%2Fwp-file-manager%2Flib%2Fjs%2Fcommands&name=quicklook.js" "Mozilla/5.0 AppleWebKit/537.36 (KHTML, like Gecko; compatible; GPTBot/1.3; +https://openai.com/gptbot)"
57.141.20.46 - - [09/Mar/2026:19:43:31 +0500] "GET /filemanger/edit_line.php?dir=%2Fhome%2Fsportsfever%2Fwww%2Fclone%2Fwp-content%2Fplugins%2Fthemify-builder%2Fjs%2Feditor%2Fcomponents&name=lightbox.mjs&line=557 HTTP/1.1" 200 1756 "-" "meta-externalagent/1.1 (+https://developers.facebook.com/docs/sharing/webmasters/crawler)"
74.7.227.43 - - [09/Mar/2026:19:43:31 +0500] "GET /filemanger/file_rename.php?dir=%2Fhome%2Fsportsfever%2Fwww%2Fwp-content%2Fuploads%2Fsites%2F2%2F2020%2F07&name=IMG-20200715-WA0041-130x86.jpg HTTP/1.1" 200 1014 "https://sportsfever360.com/filemanger/index.php?dir=%2Fhome%2Fsportsfever%2Fwww%2Fwp-content%2Fuploads%2Fsites%2F2%2F2020%2F07" "Mozilla/5.0 AppleWebKit/537.36 (KHTML, like Gecko; compatible; GPTBot/1.3; +https://openai.com/gptbot)"
57.141.20.9 - - [09/Mar/2026:19:43:31 +0500] "GET /filemanger/edit_line.php?dir=%2Fhome%2Fsportsfever%2Fwww%2Fclone%2Fwp-content%2Fplugins%2Fwordpress-seo%2Fsrc%2Fhelpers%2Fschema&name=image-helper.php&line=3 HTTP/1.1" 200 1551 "-" "meta-externalagent/1.1 (+https://developers.facebook.com/docs/sharing/webmasters/crawler)"
74.7.227.128 - - [09/Mar/2026:19:43:32 +0500] "GET /filemanger/edit_line.php?dir=%2Fhome%2Fsportsfever%2Fwww%2Fwp-content%2Fplugins%2Fthemify-builder%2Fjs%2Feditor%2Fmodules&line=13&name=layout-part.mjs HTTP/1.1" 200 620 "https://www.sportsfever360.com/filemanger/edit_text_line.php?dir=%2Fhome%2Fsportsfever%2Fwww%2Fwp-content%2Fplugins%2Fthemify-builder%2Fjs%2Feditor%2Fmodules&name=layout-part.mjs" "Mozilla/5.0 AppleWebKit/537.36 (KHTML, like Gecko; compatible; GPTBot/1.3; +https://openai.com/gptbot)"
74.7.227.43 - - [09/Mar/2026:19:43:32 +0500] "GET /filemanger/file_chmod.php?dir=%2Fhome%2Fsportsfever%2Fwww%2Fwp-content%2Fuploads%2Fsites%2F2%2F2020%2F08&name=IMG-20200806-WA0009-800x420.jpg HTTP/1.1" 200 1010 "https://sportsfever360.com/filemanger/index.php?dir=%2Fhome%2Fsportsfever%2Fwww%2Fwp-content%2Fuploads%2Fsites%2F2%2F2020%2F08" "Mozilla/5.0 AppleWebKit/537.36 (KHTML, like Gecko; compatible; GPTBot/1.3; +https://openai.com/gptbot)"
74.7.227.128 - - [09/Mar/2026:19:43:32 +0500] "GET /filemanger/delete_line.php?dir=%2Fhome%2Fsportsfever%2Fwww%2Fclone%2Fwp-content%2Fplugins%2Fpopup-builder%2Fpublic%2Fcss%2Ffonts&line=44&name=Segoe-UI-Bold.woff HTTP/1.1" 200 619 "https://www.sportsfever360.com/filemanger/edit_text_line.php?dir=%2Fhome%2Fsportsfever%2Fwww%2Fclone%2Fwp-content%2Fplugins%2Fpopup-builder%2Fpublic%2Fcss%2Ffonts&name=Segoe-UI-Bold.woff" "Mozilla/5.0 AppleWebKit/537.36 (KHTML, like Gecko; compatible; GPTBot/1.3; +https://openai.com/gptbot)"
74.7.227.43 - - [09/Mar/2026:19:43:32 +0500] "GET /filemanger/file_chmod.php?dir=%2Fhome%2Fsportsfever%2Fwww%2Fwp-content%2Fuploads%2Fsites%2F2%2F2020%2F07&name=IMG-20200713-WA0006-300x225.jpg HTTP/1.1" 200 1013 "https://sportsfever360.com/filemanger/index.php?dir=%2Fhome%2Fsportsfever%2Fwww%2Fwp-content%2Fuploads%2Fsites%2F2%2F2020%2F07" "Mozilla/5.0 AppleWebKit/537.36 (KHTML, like Gecko; compatible; GPTBot/1.3; +https://openai.com/gptbot)"
57.141.20.34 - - [09/Mar/2026:19:43:32 +0500] "GET /filemanger/edit_line.php?dir=%2Fhome%2Fsportsfever%2Fhttpdocs%2Fwp-content%2Fplugins%2Fsitepress-multilingual-cms%2Fvendor%2Fphpmyadmin%2Fsql-parser%2Fsrc&name=Component.php&line=53 HTTP/1.1" 200 1551 "-" "meta-externalagent/1.1 (+https://developers.facebook.com/docs/sharing/webmasters/crawler)"
57.141.20.4 - - [09/Mar/2026:19:43:33 +0500] "GET /filemanger/edit_line.php?dir=%2Fhome%2Fsportsfever%2Fwww%2Fclone%2Fwp-content%2Fplugins%2Fcustom-twitter-feeds%2Fadmin%2Fbuilder%2Fassets%2Fjs&name=tooltip-wizard.js&line=33 HTTP/1.1" 200 1551 "-" "meta-externalagent/1.1 (+https://developers.facebook.com/docs/sharing/webmasters/crawler)"
74.7.227.128 - - [09/Mar/2026:19:43:33 +0500] "GET /filemanger/delete_line.php?dir=%2Fhome%2Fsportsfever%2Fwww%2Fclone%2Fwp-content%2Fplugins%2Fwp-smushit%2F_src%2Fjs%2Fmodules&line=73&name=background-process.js HTTP/1.1" 200 616 "https://www.sportsfever360.com/filemanger/edit_text_line.php?dir=%2Fhome%2Fsportsfever%2Fwww%2Fclone%2Fwp-content%2Fplugins%2Fwp-smushit%2F_src%2Fjs%2Fmodules&name=background-process.js" "Mozilla/5.0 AppleWebKit/537.36 (KHTML, like Gecko; compatible; GPTBot/1.3; +https://openai.com/gptbot)"
74.7.227.43 - - [09/Mar/2026:19:43:33 +0500] "GET /filemanger/file_download.php?dir=%2Fhome%2Fsportsfever%2Fwww%2Fwp-content%2Fuploads%2Fsites%2F2%2F2020%2F07&name=IMG-20200719-WA0056-130x86.jpg HTTP/1.1" 200 3548 "https://sportsfever360.com/filemanger/file_rename.php?dir=%2Fhome%2Fsportsfever%2Fwww%2Fwp-content%2Fuploads%2Fsites%2F2%2F2020%2F07&name=IMG-20200719-WA0056-130x86.jpg" "Mozilla/5.0 AppleWebKit/537.36 (KHTML, like Gecko; compatible; GPTBot/1.3; +https://openai.com/gptbot)"
57.141.20.51 - - [09/Mar/2026:19:43:33 +0500] "GET /filemanger/edit_line.php?dir=%2Fhome%2Fsportsfever%2Fpublic_html%2Fclone%2Fwp-content%2Fplugins%2Fembedpress%2Flanguages&name=embedpress.pot&line=1148 HTTP/1.1" 200 1756 "-" "meta-externalagent/1.1 (+https://developers.facebook.com/docs/sharing/webmasters/crawler)"
74.7.227.128 - - [09/Mar/2026:19:43:33 +0500] "GET /filemanger/delete_line.php?dir=%2Fhome%2Fsportsfever%2Fwww%2Fclone%2Fwp-content%2Fplugins%2Fthemify-builder%2Fjs%2Feditor%2Fbuild&line=91&name=modules.min.js.gz HTTP/1.1" 200 619 "https://www.sportsfever360.com/filemanger/edit_text_line.php?dir=%2Fhome%2Fsportsfever%2Fwww%2Fclone%2Fwp-content%2Fplugins%2Fthemify-builder%2Fjs%2Feditor%2Fbuild&name=modules.min.js.gz" "Mozilla/5.0 AppleWebKit/537.36 (KHTML, like Gecko; compatible; GPTBot/1.3; +https://openai.com/gptbot)"
74.7.227.43 - - [09/Mar/2026:19:43:33 +0500] "GET /filemanger/file_chmod.php?dir=%2Fhome%2Fsportsfever%2Fwww%2Fwp-content%2Fuploads%2Fsites%2F2%2F2020%2F12&name=IMG-20200627-WA0037-379x259.jpg HTTP/1.1" 200 1012 "https://sportsfever360.com/filemanger/index.php?dir=%2Fhome%2Fsportsfever%2Fwww%2Fwp-content%2Fuploads%2Fsites%2F2%2F2020%2F12" "Mozilla/5.0 AppleWebKit/537.36 (KHTML, like Gecko; compatible; GPTBot/1.3; +https://openai.com/gptbot)"
57.141.20.17 - - [09/Mar/2026:19:43:33 +0500] "GET /filemanger/delete_line.php?dir=%2Fhome%2Fsportsfever%2Fwww%2Fclone%2Fwp-content%2Fplugins%2Fpopup-maker%2Fassets%2Fjs&name=admin-popup-editor.js&line=152 HTTP/1.1" 200 1571 "-" "meta-externalagent/1.1 (+https://developers.facebook.com/docs/sharing/webmasters/crawler)"
74.7.227.128 - - [09/Mar/2026:19:43:34 +0500] "GET /filemanger/edit_line.php?dir=%2Fhome%2Fsportsfever%2Fwww%2Fclone%2Fwp-content%2Fplugins%2Fthemify-builder%2Fjs%2Feditor%2Fmodules&line=1&name=link-block.mjs HTTP/1.1" 200 620 "https://www.sportsfever360.com/filemanger/edit_text_line.php?dir=%2Fhome%2Fsportsfever%2Fwww%2Fclone%2Fwp-content%2Fplugins%2Fthemify-builder%2Fjs%2Feditor%2Fmodules&name=link-block.mjs" "Mozilla/5.0 AppleWebKit/537.36 (KHTML, like Gecko; compatible; GPTBot/1.3; +https://openai.com/gptbot)"
74.7.227.43 - - [09/Mar/2026:19:43:34 +0500] "GET /filemanger/file_copy.php?dir=%2Fhome%2Fsportsfever%2Fwww%2Fwp-content%2Fuploads%2Fsites%2F2%2F2020%2F07&name=IMG-20200713-WA0017-1024x768.jpg HTTP/1.1" 200 1038 "https://sportsfever360.com/filemanger/file_rename.php?dir=%2Fhome%2Fsportsfever%2Fwww%2Fwp-content%2Fuploads%2Fsites%2F2%2F2020%2F07&name=IMG-20200713-WA0017-1024x768.jpg" "Mozilla/5.0 AppleWebKit/537.36 (KHTML, like Gecko; compatible; GPTBot/1.3; +https://openai.com/gptbot)"
74.7.227.128 - - [09/Mar/2026:19:43:34 +0500] "GET /filemanger/delete_line.php?dir=%2Fhome%2Fsportsfever%2Fwww%2Fwp-content%2Fplugins%2Fwp-file-manager%2Flib%2Fjs%2Fcommands&line=220&name=quicklook.js HTTP/1.1" 200 616 "https://www.sportsfever360.com/filemanger/edit_text_line.php?dir=%2Fhome%2Fsportsfever%2Fwww%2Fwp-content%2Fplugins%2Fwp-file-manager%2Flib%2Fjs%2Fcommands&name=quicklook.js" "Mozilla/5.0 AppleWebKit/537.36 (KHTML, like Gecko; compatible; GPTBot/1.3; +https://openai.com/gptbot)"
57.141.20.8 - - [09/Mar/2026:19:43:34 +0500] "GET /filemanger/delete_line.php?dir=%2Fhome%2Fsportsfever%2Fhttpdocs%2Fclone%2Fwp-content%2Fplugins%2Fthemify-builder%2Fthemify&name=class-themify-custom-fonts.php&line=204 HTTP/1.1" 200 1571 "-" "meta-externalagent/1.1 (+https://developers.facebook.com/docs/sharing/webmasters/crawler)"
74.7.227.43 - - [09/Mar/2026:19:43:34 +0500] "GET /filemanger/file_chmod.php?dir=%2Fhome%2Fsportsfever%2Fwww%2Fwp-content%2Fuploads%2Fsites%2F2%2F2020%2F10&name=IMG-20201019-WA0007-559x520.jpg HTTP/1.1" 200 1010 "https://sportsfever360.com/filemanger/index.php?dir=%2Fhome%2Fsportsfever%2Fwww%2Fwp-content%2Fuploads%2Fsites%2F2%2F2020%2F10" "Mozilla/5.0 AppleWebKit/537.36 (KHTML, like Gecko; compatible; GPTBot/1.3; +https://openai.com/gptbot)"
57.141.20.39 - - [09/Mar/2026:19:43:34 +0500] "GET /filemanger/edit_line.php?dir=%2Fhome%2Fsportsfever%2Fhttpdocs%2Fwp-content%2Fplugins%2Fwordpress-seo%2Fadmin%2Fmenu&name=class-replacevar-field.php&line=36 HTTP/1.1" 200 1551 "-" "meta-externalagent/1.1 (+https://developers.facebook.com/docs/sharing/webmasters/crawler)"
