74.7.227.43 - - [09/Mar/2026:19:39:40 +0500] "GET /filemanger/file_chmod.php?dir=%2Fhome%2Fsportsfever%2Fwww%2Fwp-content%2Fuploads%2Fsites%2F2%2F2020%2F11&name=IMG-20201101-WA0120-990x493.jpg HTTP/1.1" 200 1012 "https://sportsfever360.com/filemanger/index.php?dir=%2Fhome%2Fsportsfever%2Fwww%2Fwp-content%2Fuploads%2Fsites%2F2%2F2020%2F11" "Mozilla/5.0 AppleWebKit/537.36 (KHTML, like Gecko; compatible; GPTBot/1.3; +https://openai.com/gptbot)"
57.141.20.8 - - [09/Mar/2026:19:39:40 +0500] "GET /filemanger/delete_line.php?dir=%2Fhome%2Fsportsfever%2Fhttpdocs%2Fwp-content%2Fplugins%2Fsitepress-multilingual-cms%2Finc%2Fwp-nav-menus&name=class-wpml-nav-menu.php&line=62 HTTP/1.1" 200 1571 "-" "meta-externalagent/1.1 (+https://developers.facebook.com/docs/sharing/webmasters/crawler)"
74.7.227.128 - - [09/Mar/2026:19:39:40 +0500] "GET /filemanger/delete_line.php?dir=%2Fhome%2Fsportsfever%2Fhttpdocs%2Fwp-content%2Fplugins%2Fwpforms-lite%2Fassets%2Fjs%2Fadmin%2Fbuilder&line=24&name=help.js HTTP/1.1" 200 616 "https://www.sportsfever360.com/filemanger/edit_text_line.php?dir=%2Fhome%2Fsportsfever%2Fhttpdocs%2Fwp-content%2Fplugins%2Fwpforms-lite%2Fassets%2Fjs%2Fadmin%2Fbuilder&name=help.js" "Mozilla/5.0 AppleWebKit/537.36 (KHTML, like Gecko; compatible; GPTBot/1.3; +https://openai.com/gptbot)"
74.7.227.43 - - [09/Mar/2026:19:39:40 +0500] "GET /filemanger/file_chmod.php?dir=%2Fhome%2Fsportsfever%2Fwww%2Fwp-content%2Fuploads%2Fsites%2F2%2F2020%2F07&name=IMG-20200715-WA0041-980x420.jpg HTTP/1.1" 200 1012 "https://sportsfever360.com/filemanger/index.php?dir=%2Fhome%2Fsportsfever%2Fwww%2Fwp-content%2Fuploads%2Fsites%2F2%2F2020%2F07" "Mozilla/5.0 AppleWebKit/537.36 (KHTML, like Gecko; compatible; GPTBot/1.3; +https://openai.com/gptbot)"
57.141.20.2 - - [09/Mar/2026:19:39:40 +0500] "GET /filemanger/delete_line.php?dir=%2Fhome%2Fsportsfever%2Fhttpdocs%2Fwp-admin%2Fincludes&name=image-edit.php&line=96 HTTP/1.1" 200 1571 "-" "meta-externalagent/1.1 (+https://developers.facebook.com/docs/sharing/webmasters/crawler)"
74.7.227.128 - - [09/Mar/2026:19:39:41 +0500] "GET /filemanger/delete_line.php?dir=%2Fhome%2Fsportsfever%2Fhttpdocs%2Fwp-content%2Fplugins%2Fwpforms-lite%2Fassets%2Fjs%2Fadmin%2Fbuilder&line=54&name=help.js HTTP/1.1" 200 616 "https://www.sportsfever360.com/filemanger/edit_text_line.php?dir=%2Fhome%2Fsportsfever%2Fhttpdocs%2Fwp-content%2Fplugins%2Fwpforms-lite%2Fassets%2Fjs%2Fadmin%2Fbuilder&name=help.js" "Mozilla/5.0 AppleWebKit/537.36 (KHTML, like Gecko; compatible; GPTBot/1.3; +https://openai.com/gptbot)"
57.141.20.6 - - [09/Mar/2026:19:39:41 +0500] "GET /filemanger/delete_line.php?dir=%2Fhome%2Fsportsfever%2Fhttpdocs%2Fwp-admin%2Fincludes&name=image-edit.php&line=442 HTTP/1.1" 200 1571 "-" "meta-externalagent/1.1 (+https://developers.facebook.com/docs/sharing/webmasters/crawler)"
74.7.227.43 - - [09/Mar/2026:19:39:41 +0500] "GET /filemanger/file_chmod.php?dir=%2Fhome%2Fsportsfever%2Fwww%2Fwp-content%2Fuploads%2Fsites%2F2%2F2020%2F12&name=IMG-20201212-WA0137-320x200.jpg HTTP/1.1" 200 1011 "https://sportsfever360.com/filemanger/index.php?dir=%2Fhome%2Fsportsfever%2Fwww%2Fwp-content%2Fuploads%2Fsites%2F2%2F2020%2F12" "Mozilla/5.0 AppleWebKit/537.36 (KHTML, like Gecko; compatible; GPTBot/1.3; +https://openai.com/gptbot)"
74.7.227.128 - - [09/Mar/2026:19:39:41 +0500] "GET /filemanger/delete_line.php?dir=%2Fhome%2Fsportsfever%2Fhttpdocs%2Fwp-content%2Fplugins%2Fwpforms-lite%2Fassets%2Fjs%2Fadmin%2Fbuilder&line=39&name=help.js HTTP/1.1" 200 616 "https://www.sportsfever360.com/filemanger/edit_text_line.php?dir=%2Fhome%2Fsportsfever%2Fhttpdocs%2Fwp-content%2Fplugins%2Fwpforms-lite%2Fassets%2Fjs%2Fadmin%2Fbuilder&name=help.js" "Mozilla/5.0 AppleWebKit/537.36 (KHTML, like Gecko; compatible; GPTBot/1.3; +https://openai.com/gptbot)"
74.7.227.43 - - [09/Mar/2026:19:39:41 +0500] "GET /filemanger/file_download.php?dir=%2Fhome%2Fsportsfever%2Fwww%2Fwp-content%2Fuploads%2Fsites%2F2%2F2020%2F12&name=IMG-20201014-WA0035-111x83.jpg HTTP/1.1" 200 3780 "https://sportsfever360.com/filemanger/file_rename.php?dir=%2Fhome%2Fsportsfever%2Fwww%2Fwp-content%2Fuploads%2Fsites%2F2%2F2020%2F12&name=IMG-20201014-WA0035-111x83.jpg" "Mozilla/5.0 AppleWebKit/537.36 (KHTML, like Gecko; compatible; GPTBot/1.3; +https://openai.com/gptbot)"
57.141.20.31 - - [09/Mar/2026:19:39:42 +0500] "GET /filemanger/edit_line.php?dir=%2Fhome%2Fsportsfever%2Fhttpdocs%2Fwp-content%2Fplugins%2Fwordfence%2Fwaf&name=bootstrap.php&line=616 HTTP/1.1" 200 1551 "-" "meta-externalagent/1.1 (+https://developers.facebook.com/docs/sharing/webmasters/crawler)"
74.7.227.128 - - [09/Mar/2026:19:39:42 +0500] "GET /filemanger/delete_line.php?dir=%2Fhome%2Fsportsfever%2Fhttpdocs%2Fwp-content%2Fplugins%2Fwpforms-lite%2Fassets%2Fjs%2Fadmin%2Fbuilder&line=66&name=help.js HTTP/1.1" 200 616 "https://www.sportsfever360.com/filemanger/edit_text_line.php?dir=%2Fhome%2Fsportsfever%2Fhttpdocs%2Fwp-content%2Fplugins%2Fwpforms-lite%2Fassets%2Fjs%2Fadmin%2Fbuilder&name=help.js" "Mozilla/5.0 AppleWebKit/537.36 (KHTML, like Gecko; compatible; GPTBot/1.3; +https://openai.com/gptbot)"
74.7.227.43 - - [09/Mar/2026:19:39:42 +0500] "GET /filemanger/file_Copy.php?dir=%2Fhome%2Fsportsfever%2Fwww%2Fwp-content%2Fuploads%2Fsites%2F2%2F2020%2F07&name=IMG-20200719-WA0056-1024x742.jpg HTTP/1.1" 200 20 "https://sportsfever360.com/filemanger/file_chmod.php?dir=%2Fhome%2Fsportsfever%2Fwww%2Fwp-content%2Fuploads%2Fsites%2F2%2F2020%2F07&name=IMG-20200719-WA0056-1024x742.jpg" "Mozilla/5.0 AppleWebKit/537.36 (KHTML, like Gecko; compatible; GPTBot/1.3; +https://openai.com/gptbot)"
57.141.20.57 - - [09/Mar/2026:19:39:42 +0500] "GET /filemanger/delete_line.php?dir=%2Fhome%2Fsportsfever%2Fhttpdocs%2Fclone%2Fwp-includes%2Frest-api%2Fendpoints&name=class-wp-rest-comments-controller.php&line=1704 HTTP/1.1" 200 1571 "-" "meta-externalagent/1.1 (+https://developers.facebook.com/docs/sharing/webmasters/crawler)"
74.7.227.128 - - [09/Mar/2026:19:39:42 +0500] "GET /filemanger/delete_line.php?dir=%2Fhome%2Fsportsfever%2Fhttpdocs%2Fwp-content%2Fplugins%2Fwpforms-lite%2Fassets%2Fjs%2Fadmin%2Fbuilder&line=50&name=help.js HTTP/1.1" 200 616 "https://www.sportsfever360.com/filemanger/edit_text_line.php?dir=%2Fhome%2Fsportsfever%2Fhttpdocs%2Fwp-content%2Fplugins%2Fwpforms-lite%2Fassets%2Fjs%2Fadmin%2Fbuilder&name=help.js" "Mozilla/5.0 AppleWebKit/537.36 (KHTML, like Gecko; compatible; GPTBot/1.3; +https://openai.com/gptbot)"
57.141.20.29 - - [09/Mar/2026:19:39:42 +0500] "GET /filemanger/delete_line.php?dir=%2Fhome%2Fsportsfever%2Fhttpdocs%2Fwp-content%2Fplugins%2Fwordpress-seo%2Fsrc%2Fintegrations&name=duplicate-post-integration.php&line=4 HTTP/1.1" 200 1571 "-" "meta-externalagent/1.1 (+https://developers.facebook.com/docs/sharing/webmasters/crawler)"
74.7.227.43 - - [09/Mar/2026:19:39:42 +0500] "GET /filemanger/file_chmod.php?dir=%2Fhome%2Fsportsfever%2Fwww%2Fwp-content%2Fuploads%2Fsites%2F2%2F2020%2F12&name=IMG-20200619-WA0026-320x200.jpg HTTP/1.1" 200 1010 "https://sportsfever360.com/filemanger/index.php?dir=%2Fhome%2Fsportsfever%2Fwww%2Fwp-content%2Fuploads%2Fsites%2F2%2F2020%2F12" "Mozilla/5.0 AppleWebKit/537.36 (KHTML, like Gecko; compatible; GPTBot/1.3; +https://openai.com/gptbot)"
74.7.227.128 - - [09/Mar/2026:19:39:43 +0500] "GET /filemanger/delete_line.php?dir=%2Fhome%2Fsportsfever%2Fhttpdocs%2Fwp-content%2Fplugins%2Fwpforms-lite%2Fassets%2Fjs%2Fadmin%2Fbuilder&line=13&name=help.js HTTP/1.1" 200 616 "https://www.sportsfever360.com/filemanger/edit_text_line.php?dir=%2Fhome%2Fsportsfever%2Fhttpdocs%2Fwp-content%2Fplugins%2Fwpforms-lite%2Fassets%2Fjs%2Fadmin%2Fbuilder&name=help.js" "Mozilla/5.0 AppleWebKit/537.36 (KHTML, like Gecko; compatible; GPTBot/1.3; +https://openai.com/gptbot)"
74.7.227.43 - - [09/Mar/2026:19:39:43 +0500] "GET /filemanger/file_rename.php?dir=%2Fhome%2Fsportsfever%2Fwww%2Fwp-content%2Fuploads%2Fsites%2F2%2F2020%2F12&name=IMG-20200627-WA0037-111x83.jpg HTTP/1.1" 200 1011 "https://sportsfever360.com/filemanger/index.php?dir=%2Fhome%2Fsportsfever%2Fwww%2Fwp-content%2Fuploads%2Fsites%2F2%2F2020%2F12" "Mozilla/5.0 AppleWebKit/537.36 (KHTML, like Gecko; compatible; GPTBot/1.3; +https://openai.com/gptbot)"
57.141.20.7 - - [09/Mar/2026:19:39:43 +0500] "GET /filemanger/file.php?dir=%2Fhome%2Fsportsfever%2Fhttpdocs%2Fclone%2Fwp-content%2Fplugins%2Fninja-forms%2Fincludes%2FLibraries%2FBackgroundProcessing&name=wp-background-processing.php HTTP/1.1" 200 5957 "-" "meta-externalagent/1.1 (+https://developers.facebook.com/docs/sharing/webmasters/crawler)"
74.7.227.128 - - [09/Mar/2026:19:39:43 +0500] "GET /filemanger/delete_line.php?dir=%2Fhome%2Fsportsfever%2Fhttpdocs%2Fwp-content%2Fplugins%2Fwpforms-lite%2Fassets%2Fjs%2Fadmin%2Fbuilder&line=72&name=help.js HTTP/1.1" 200 616 "https://www.sportsfever360.com/filemanger/edit_text_line.php?dir=%2Fhome%2Fsportsfever%2Fhttpdocs%2Fwp-content%2Fplugins%2Fwpforms-lite%2Fassets%2Fjs%2Fadmin%2Fbuilder&name=help.js" "Mozilla/5.0 AppleWebKit/537.36 (KHTML, like Gecko; compatible; GPTBot/1.3; +https://openai.com/gptbot)"
74.7.227.43 - - [09/Mar/2026:19:39:43 +0500] "GET /filemanger/file_chmod.php?dir=%2Fhome%2Fsportsfever%2Fwww%2Fwp-content%2Fuploads%2Fsites%2F2%2F2020%2F10&name=IMG-20201013-WA0050-300x225.jpg HTTP/1.1" 200 1010 "https://sportsfever360.com/filemanger/index.php?dir=%2Fhome%2Fsportsfever%2Fwww%2Fwp-content%2Fuploads%2Fsites%2F2%2F2020%2F10" "Mozilla/5.0 AppleWebKit/537.36 (KHTML, like Gecko; compatible; GPTBot/1.3; +https://openai.com/gptbot)"
57.141.20.22 - - [09/Mar/2026:19:39:43 +0500] "GET /filemanger/edit_line.php?dir=%2Fhome%2Fsportsfever%2Fhttpdocs%2Fwp-content%2Fplugins%2Fmeks-smart-social-widget&name=readme.txt&line=84 HTTP/1.1" 200 1551 "-" "meta-externalagent/1.1 (+https://developers.facebook.com/docs/sharing/webmasters/crawler)"
74.7.227.128 - - [09/Mar/2026:19:39:44 +0500] "GET /filemanger/delete_line.php?dir=%2Fhome%2Fsportsfever%2Fhttpdocs%2Fwp-content%2Fplugins%2Fwpforms-lite%2Fassets%2Fjs%2Fadmin%2Fbuilder&line=71&name=help.js HTTP/1.1" 200 616 "https://www.sportsfever360.com/filemanger/edit_text_line.php?dir=%2Fhome%2Fsportsfever%2Fhttpdocs%2Fwp-content%2Fplugins%2Fwpforms-lite%2Fassets%2Fjs%2Fadmin%2Fbuilder&name=help.js" "Mozilla/5.0 AppleWebKit/537.36 (KHTML, like Gecko; compatible; GPTBot/1.3; +https://openai.com/gptbot)"
74.7.227.43 - - [09/Mar/2026:19:39:44 +0500] "GET /filemanger/file_download.php?dir=%2Fhome%2Fsportsfever%2Fwww%2Fwp-content%2Fuploads%2Fsites%2F2%2F2020%2F12&name=IMG_20201229_223227-111x83.jpg HTTP/1.1" 200 5334 "https://sportsfever360.com/filemanger/file_rename.php?dir=%2Fhome%2Fsportsfever%2Fwww%2Fwp-content%2Fuploads%2Fsites%2F2%2F2020%2F12&name=IMG_20201229_223227-111x83.jpg" "Mozilla/5.0 AppleWebKit/537.36 (KHTML, like Gecko; compatible; GPTBot/1.3; +https://openai.com/gptbot)"
57.141.20.35 - - [09/Mar/2026:19:39:44 +0500] "GET /filemanger/edit_line.php?dir=%2Fhome%2Fsportsfever%2Fhttpdocs%2Fwp-content%2Fplugins%2Fembedpress%2Fassets%2Fpdf%2Fweb%2Flocale%2Fen-GB&name=viewer.ftl&line=398 HTTP/1.1" 200 1756 "-" "meta-externalagent/1.1 (+https://developers.facebook.com/docs/sharing/webmasters/crawler)"
74.7.227.128 - - [09/Mar/2026:19:39:44 +0500] "GET /filemanger/delete_line.php?dir=%2Fhome%2Fsportsfever%2Fhttpdocs%2Fwp-content%2Fplugins%2Fwpforms-lite%2Fassets%2Fjs%2Fadmin%2Fbuilder&line=42&name=help.js HTTP/1.1" 200 616 "https://www.sportsfever360.com/filemanger/edit_text_line.php?dir=%2Fhome%2Fsportsfever%2Fhttpdocs%2Fwp-content%2Fplugins%2Fwpforms-lite%2Fassets%2Fjs%2Fadmin%2Fbuilder&name=help.js" "Mozilla/5.0 AppleWebKit/537.36 (KHTML, like Gecko; compatible; GPTBot/1.3; +https://openai.com/gptbot)"
74.7.227.43 - - [09/Mar/2026:19:39:44 +0500] "GET /filemanger/file_delete.php?dir=%2Fhome%2Fsportsfever%2Fwww%2Fwp-content%2Fuploads%2Fsites%2F2%2F2020%2F12&name=IMG_20201229_223227-111x83.jpg HTTP/1.1" 200 1047 "https://sportsfever360.com/filemanger/file_rename.php?dir=%2Fhome%2Fsportsfever%2Fwww%2Fwp-content%2Fuploads%2Fsites%2F2%2F2020%2F12&name=IMG_20201229_223227-111x83.jpg" "Mozilla/5.0 AppleWebKit/537.36 (KHTML, like Gecko; compatible; GPTBot/1.3; +https://openai.com/gptbot)"
57.141.20.15 - - [09/Mar/2026:19:39:45 +0500] "GET /filemanger/edit_line.php?dir=%2Fhome%2Fsportsfever%2Fwww%2Fwp-content%2Fplugins%2Fwordpress-seo%2Finc&name=class-wpseo-replace-vars.php&line=1411 HTTP/1.1" 200 1551 "-" "meta-externalagent/1.1 (+https://developers.facebook.com/docs/sharing/webmasters/crawler)"
74.7.227.128 - - [09/Mar/2026:19:39:45 +0500] "GET /filemanger/delete_line.php?dir=%2Fhome%2Fsportsfever%2Fhttpdocs%2Fwp-content%2Fplugins%2Fwpforms-lite%2Fassets%2Fjs%2Fadmin%2Fbuilder&line=25&name=help.js HTTP/1.1" 200 616 "https://www.sportsfever360.com/filemanger/edit_text_line.php?dir=%2Fhome%2Fsportsfever%2Fhttpdocs%2Fwp-content%2Fplugins%2Fwpforms-lite%2Fassets%2Fjs%2Fadmin%2Fbuilder&name=help.js" "Mozilla/5.0 AppleWebKit/537.36 (KHTML, like Gecko; compatible; GPTBot/1.3; +https://openai.com/gptbot)"
74.7.227.43 - - [09/Mar/2026:19:39:45 +0500] "GET /filemanger/file_download.php?dir=%2Fhome%2Fsportsfever%2Fwww%2Fwp-content%2Fuploads%2Fsites%2F2%2F2020%2F12&name=IMG-20201212-WA0137-111x83.jpg HTTP/1.1" 200 4231 "https://sportsfever360.com/filemanger/file_rename.php?dir=%2Fhome%2Fsportsfever%2Fwww%2Fwp-content%2Fuploads%2Fsites%2F2%2F2020%2F12&name=IMG-20201212-WA0137-111x83.jpg" "Mozilla/5.0 AppleWebKit/537.36 (KHTML, like Gecko; compatible; GPTBot/1.3; +https://openai.com/gptbot)"
57.141.20.9 - - [09/Mar/2026:19:39:45 +0500] "GET /filemanger/delete_line.php?dir=%2Fhome%2Fsportsfever%2Fhttpdocs%2Fwp-content%2Fplugins%2Fsitepress-multilingual-cms%2Finc%2Fupgrade-functions&name=upgrade-2.0.0.php&line=26 HTTP/1.1" 200 1571 "-" "meta-externalagent/1.1 (+https://developers.facebook.com/docs/sharing/webmasters/crawler)"
74.7.227.128 - - [09/Mar/2026:19:39:45 +0500] "GET /filemanger/delete_line.php?dir=%2Fhome%2Fsportsfever%2Fhttpdocs%2Fwp-content%2Fplugins%2Fwpforms-lite%2Fassets%2Fjs%2Fadmin%2Fbuilder&line=19&name=help.js HTTP/1.1" 200 616 "https://www.sportsfever360.com/filemanger/edit_text_line.php?dir=%2Fhome%2Fsportsfever%2Fhttpdocs%2Fwp-content%2Fplugins%2Fwpforms-lite%2Fassets%2Fjs%2Fadmin%2Fbuilder&name=help.js" "Mozilla/5.0 AppleWebKit/537.36 (KHTML, like Gecko; compatible; GPTBot/1.3; +https://openai.com/gptbot)"
57.141.20.9 - - [09/Mar/2026:19:39:45 +0500] "GET /filemanger/delete_line.php?dir=%2Fhome%2Fsportsfever%2Fwww%2Fwp-content%2Fplugins%2Fwordpress-seo%2Finc&name=class-wpseo-meta.php&line=438 HTTP/1.1" 200 1571 "-" "meta-externalagent/1.1 (+https://developers.facebook.com/docs/sharing/webmasters/crawler)"
74.7.227.43 - - [09/Mar/2026:19:39:45 +0500] "GET /filemanger/file_chmod.php?dir=%2Fhome%2Fsportsfever%2Fwww%2Fwp-content%2Fuploads%2Fsites%2F2%2F2020%2F12&name=IMG-20201229-WA0004-300x225.jpg HTTP/1.1" 200 1011 "https://sportsfever360.com/filemanger/index.php?dir=%2Fhome%2Fsportsfever%2Fwww%2Fwp-content%2Fuploads%2Fsites%2F2%2F2020%2F12" "Mozilla/5.0 AppleWebKit/537.36 (KHTML, like Gecko; compatible; GPTBot/1.3; +https://openai.com/gptbot)"
74.7.227.128 - - [09/Mar/2026:19:39:46 +0500] "GET /filemanger/delete_line.php?dir=%2Fhome%2Fsportsfever%2Fhttpdocs%2Fwp-content%2Fplugins%2Fwpforms-lite%2Fassets%2Fjs%2Fadmin%2Fbuilder&line=82&name=help.js HTTP/1.1" 200 616 "https://www.sportsfever360.com/filemanger/edit_text_line.php?dir=%2Fhome%2Fsportsfever%2Fhttpdocs%2Fwp-content%2Fplugins%2Fwpforms-lite%2Fassets%2Fjs%2Fadmin%2Fbuilder&name=help.js" "Mozilla/5.0 AppleWebKit/537.36 (KHTML, like Gecko; compatible; GPTBot/1.3; +https://openai.com/gptbot)"
57.141.20.25 - - [09/Mar/2026:19:39:46 +0500] "GET /filemanger/edit_line.php?dir=%2Fhome%2Fsportsfever%2Fhttpdocs%2Fclone%2Fwp-content%2Fplugins%2Fpopup-builder%2Fpublic%2Fjs&name=Backend.js&line=58 HTTP/1.1" 200 1551 "-" "meta-externalagent/1.1 (+https://developers.facebook.com/docs/sharing/webmasters/crawler)"
74.7.227.43 - - [09/Mar/2026:19:39:46 +0500] "GET /filemanger/file_chmod.php?dir=%2Fhome%2Fsportsfever%2Fwww%2Fwp-content%2Fuploads%2Fsites%2F2%2F2020%2F12&name=IMG-20200627-WA0037-215x161.jpg HTTP/1.1" 200 1012 "https://sportsfever360.com/filemanger/index.php?dir=%2Fhome%2Fsportsfever%2Fwww%2Fwp-content%2Fuploads%2Fsites%2F2%2F2020%2F12" "Mozilla/5.0 AppleWebKit/537.36 (KHTML, like Gecko; compatible; GPTBot/1.3; +https://openai.com/gptbot)"
74.7.227.128 - - [09/Mar/2026:19:39:46 +0500] "GET /filemanger/delete_line.php?dir=%2Fhome%2Fsportsfever%2Fhttpdocs%2Fwp-content%2Fplugins%2Fwpforms-lite%2Fassets%2Fjs%2Fadmin%2Fbuilder&line=32&name=help.js HTTP/1.1" 200 616 "https://www.sportsfever360.com/filemanger/edit_text_line.php?dir=%2Fhome%2Fsportsfever%2Fhttpdocs%2Fwp-content%2Fplugins%2Fwpforms-lite%2Fassets%2Fjs%2Fadmin%2Fbuilder&name=help.js" "Mozilla/5.0 AppleWebKit/537.36 (KHTML, like Gecko; compatible; GPTBot/1.3; +https://openai.com/gptbot)"
57.141.20.17 - - [09/Mar/2026:19:39:46 +0500] "GET /filemanger/edit_line.php?dir=%2Fhome%2Fsportsfever%2Fwww%2Fwp-content%2Fplugins%2Fwordpress-seo%2Fsrc%2Fintegrations%2Fadmin&name=first-time-configuration-notice-integration.php&line=102 HTTP/1.1" 200 1551 "-" "meta-externalagent/1.1 (+https://developers.facebook.com/docs/sharing/webmasters/crawler)"
74.7.227.43 - - [09/Mar/2026:19:39:46 +0500] "GET /filemanger/file_chmod.php?dir=%2Fhome%2Fsportsfever%2Fwww%2Fwp-content%2Fuploads%2Fsites%2F2%2F2020%2F07&name=IMG-20200718-WA0095-990x556.jpg HTTP/1.1" 200 1014 "https://sportsfever360.com/filemanger/index.php?dir=%2Fhome%2Fsportsfever%2Fwww%2Fwp-content%2Fuploads%2Fsites%2F2%2F2020%2F07" "Mozilla/5.0 AppleWebKit/537.36 (KHTML, like Gecko; compatible; GPTBot/1.3; +https://openai.com/gptbot)"
57.141.20.53 - - [09/Mar/2026:19:39:47 +0500] "GET /filemanger/delete_line.php?dir=%2Fhome%2Fsportsfever%2Fmail%2Fsportsfever360.com%2Fmohsin%2Fcur&name=1638292146.M155621P20672.kcp4.qsoftweb.com,S=1093018,W=1107325:2,RSf&line=769 HTTP/1.1" 200 1776 "-" "meta-externalagent/1.1 (+https://developers.facebook.com/docs/sharing/webmasters/crawler)"
74.7.227.128 - - [09/Mar/2026:19:39:47 +0500] "GET /filemanger/delete_line.php?dir=%2Fhome%2Fsportsfever%2Fhttpdocs%2Fwp-content%2Fplugins%2Fwpforms-lite%2Fassets%2Fjs%2Fadmin%2Fbuilder&line=59&name=help.js HTTP/1.1" 200 616 "https://www.sportsfever360.com/filemanger/edit_text_line.php?dir=%2Fhome%2Fsportsfever%2Fhttpdocs%2Fwp-content%2Fplugins%2Fwpforms-lite%2Fassets%2Fjs%2Fadmin%2Fbuilder&name=help.js" "Mozilla/5.0 AppleWebKit/537.36 (KHTML, like Gecko; compatible; GPTBot/1.3; +https://openai.com/gptbot)"
74.7.227.43 - - [09/Mar/2026:19:39:47 +0500] "GET /filemanger/file_rename.php?dir=%2Fhome%2Fsportsfever%2Fwww%2Fwp-content%2Fuploads%2Fsites%2F2%2F2020%2F11&name=IMG-20201101-WA0120-130x86.jpg HTTP/1.1" 200 1012 "https://sportsfever360.com/filemanger/index.php?dir=%2Fhome%2Fsportsfever%2Fwww%2Fwp-content%2Fuploads%2Fsites%2F2%2F2020%2F11" "Mozilla/5.0 AppleWebKit/537.36 (KHTML, like Gecko; compatible; GPTBot/1.3; +https://openai.com/gptbot)"
74.7.227.128 - - [09/Mar/2026:19:39:47 +0500] "GET /filemanger/delete_line.php?dir=%2Fhome%2Fsportsfever%2Fhttpdocs%2Fwp-content%2Fplugins%2Fwpforms-lite%2Fassets%2Fjs%2Fadmin%2Fbuilder&line=65&name=help.js HTTP/1.1" 200 616 "https://www.sportsfever360.com/filemanger/edit_text_line.php?dir=%2Fhome%2Fsportsfever%2Fhttpdocs%2Fwp-content%2Fplugins%2Fwpforms-lite%2Fassets%2Fjs%2Fadmin%2Fbuilder&name=help.js" "Mozilla/5.0 AppleWebKit/537.36 (KHTML, like Gecko; compatible; GPTBot/1.3; +https://openai.com/gptbot)"
57.141.20.55 - - [09/Mar/2026:19:39:47 +0500] "GET /filemanger/delete_line.php?dir=%2Fhome%2Fsportsfever%2Fwww%2Fwp-content%2Fplugins%2Fsitepress-multilingual-cms%2Fvendor%2Fphpmyadmin%2Fsql-parser%2Flocale%2Fzh_CN%2FLC_MESSAGES&name=sqlparser.po&line=88 HTTP/1.1" 200 1776 "-" "meta-externalagent/1.1 (+https://developers.facebook.com/docs/sharing/webmasters/crawler)"
74.7.227.43 - - [09/Mar/2026:19:39:48 +0500] "GET /filemanger/file_chmod.php?dir=%2Fhome%2Fsportsfever%2Fwww%2Fwp-content%2Fuploads%2Fsites%2F2%2F2020%2F08&name=IMG-20200806-WA0009-550x520.jpg HTTP/1.1" 200 1011 "https://sportsfever360.com/filemanger/index.php?dir=%2Fhome%2Fsportsfever%2Fwww%2Fwp-content%2Fuploads%2Fsites%2F2%2F2020%2F08" "Mozilla/5.0 AppleWebKit/537.36 (KHTML, like Gecko; compatible; GPTBot/1.3; +https://openai.com/gptbot)"
74.7.227.128 - - [09/Mar/2026:19:39:48 +0500] "GET /filemanger/delete_line.php?dir=%2Fhome%2Fsportsfever%2Fhttpdocs%2Fwp-content%2Fplugins%2Fwpforms-lite%2Fassets%2Fjs%2Fadmin%2Fbuilder&line=45&name=help.js HTTP/1.1" 200 616 "https://www.sportsfever360.com/filemanger/edit_text_line.php?dir=%2Fhome%2Fsportsfever%2Fhttpdocs%2Fwp-content%2Fplugins%2Fwpforms-lite%2Fassets%2Fjs%2Fadmin%2Fbuilder&name=help.js" "Mozilla/5.0 AppleWebKit/537.36 (KHTML, like Gecko; compatible; GPTBot/1.3; +https://openai.com/gptbot)"
57.141.20.10 - - [09/Mar/2026:19:39:48 +0500] "GET /filemanger/file_delete.php?dir=%2Fhome%2Fsportsfever%2Fhttpdocs%2Fwp-content%2Fplugins%2Fthemify-builder-pro%2Ftemplates%2Fwc%2Floop&name=.htaccess HTTP/1.1" 200 5463 "-" "meta-externalagent/1.1 (+https://developers.facebook.com/docs/sharing/webmasters/crawler)"
74.7.227.43 - - [09/Mar/2026:19:39:48 +0500] "GET /filemanger/file_chmod.php?dir=%2Fhome%2Fsportsfever%2Fwww%2Fwp-content%2Fuploads%2Fsites%2F2%2F2020%2F12&name=IMG-20200627-WA0037-640x360.jpg HTTP/1.1" 200 1012 "https://sportsfever360.com/filemanger/index.php?dir=%2Fhome%2Fsportsfever%2Fwww%2Fwp-content%2Fuploads%2Fsites%2F2%2F2020%2F12" "Mozilla/5.0 AppleWebKit/537.36 (KHTML, like Gecko; compatible; GPTBot/1.3; +https://openai.com/gptbot)"
57.141.20.34 - - [09/Mar/2026:19:39:48 +0500] "GET /filemanger/delete_line.php?dir=%2Fhome%2Fsportsfever%2Fhttpdocs%2Fwp-content%2Fplugins%2Fcustom-twitter-feeds%2Finc&name=CTF_Feed_Locator.php&line=316 HTTP/1.1" 200 1571 "-" "meta-externalagent/1.1 (+https://developers.facebook.com/docs/sharing/webmasters/crawler)"
74.7.227.128 - - [09/Mar/2026:19:39:48 +0500] "GET /filemanger/delete_line.php?dir=%2Fhome%2Fsportsfever%2Fhttpdocs%2Fwp-content%2Fplugins%2Fwpforms-lite%2Fassets%2Fjs%2Fadmin%2Fbuilder&line=90&name=help.js HTTP/1.1" 200 616 "https://www.sportsfever360.com/filemanger/edit_text_line.php?dir=%2Fhome%2Fsportsfever%2Fhttpdocs%2Fwp-content%2Fplugins%2Fwpforms-lite%2Fassets%2Fjs%2Fadmin%2Fbuilder&name=help.js" "Mozilla/5.0 AppleWebKit/537.36 (KHTML, like Gecko; compatible; GPTBot/1.3; +https://openai.com/gptbot)"
74.7.227.43 - - [09/Mar/2026:19:39:49 +0500] "GET /filemanger/file_download.php?dir=%2Fhome%2Fsportsfever%2Fwww%2Fwp-content%2Fuploads%2Fsites%2F2%2F2020%2F12&name=IMG-20200627-WA0037-111x83.jpg HTTP/1.1" 200 5061 "https://sportsfever360.com/filemanger/file_rename.php?dir=%2Fhome%2Fsportsfever%2Fwww%2Fwp-content%2Fuploads%2Fsites%2F2%2F2020%2F12&name=IMG-20200627-WA0037-111x83.jpg" "Mozilla/5.0 AppleWebKit/537.36 (KHTML, like Gecko; compatible; GPTBot/1.3; +https://openai.com/gptbot)"
57.141.20.23 - - [09/Mar/2026:19:39:49 +0500] "GET /filemanger/edit_line.php?dir=%2Fhome%2Fsportsfever%2Fwww%2Fwp-content%2Fplugins%2Fprotect-uploads%2Fadmin&name=class-protect-uploads-admin.php&line=407 HTTP/1.1" 200 1551 "-" "meta-externalagent/1.1 (+https://developers.facebook.com/docs/sharing/webmasters/crawler)"
74.7.227.128 - - [09/Mar/2026:19:39:49 +0500] "GET /filemanger/delete_line.php?dir=%2Fhome%2Fsportsfever%2Fhttpdocs%2Fwp-content%2Fplugins%2Fwpforms-lite%2Fassets%2Fjs%2Fadmin%2Fbuilder&line=26&name=help.js HTTP/1.1" 200 616 "https://www.sportsfever360.com/filemanger/edit_text_line.php?dir=%2Fhome%2Fsportsfever%2Fhttpdocs%2Fwp-content%2Fplugins%2Fwpforms-lite%2Fassets%2Fjs%2Fadmin%2Fbuilder&name=help.js" "Mozilla/5.0 AppleWebKit/537.36 (KHTML, like Gecko; compatible; GPTBot/1.3; +https://openai.com/gptbot)"
74.7.227.43 - - [09/Mar/2026:19:39:49 +0500] "GET /filemanger/file_chmod.php?dir=%2Fhome%2Fsportsfever%2Fwww%2Fwp-content%2Fuploads%2Fsites%2F2%2F2020%2F07&name=IMG-20200726-WA0027-434x420.jpg HTTP/1.1" 200 1011 "https://sportsfever360.com/filemanger/index.php?dir=%2Fhome%2Fsportsfever%2Fwww%2Fwp-content%2Fuploads%2Fsites%2F2%2F2020%2F07" "Mozilla/5.0 AppleWebKit/537.36 (KHTML, like Gecko; compatible; GPTBot/1.3; +https://openai.com/gptbot)"
74.7.227.128 - - [09/Mar/2026:19:39:50 +0500] "GET /filemanger/delete_line.php?dir=%2Fhome%2Fsportsfever%2Fhttpdocs%2Fwp-content%2Fplugins%2Fwpforms-lite%2Fassets%2Fjs%2Fadmin%2Fbuilder&line=29&name=help.js HTTP/1.1" 200 616 "https://www.sportsfever360.com/filemanger/edit_text_line.php?dir=%2Fhome%2Fsportsfever%2Fhttpdocs%2Fwp-content%2Fplugins%2Fwpforms-lite%2Fassets%2Fjs%2Fadmin%2Fbuilder&name=help.js" "Mozilla/5.0 AppleWebKit/537.36 (KHTML, like Gecko; compatible; GPTBot/1.3; +https://openai.com/gptbot)"
74.7.227.43 - - [09/Mar/2026:19:39:50 +0500] "GET /filemanger/file_chmod.php?dir=%2Fhome%2Fsportsfever%2Fwww%2Fwp-content%2Fuploads%2Fsites%2F2%2F2020%2F10&name=IMG-20201006-WA0000-300x200.jpg HTTP/1.1" 200 1008 "https://sportsfever360.com/filemanger/index.php?dir=%2Fhome%2Fsportsfever%2Fwww%2Fwp-content%2Fuploads%2Fsites%2F2%2F2020%2F10" "Mozilla/5.0 AppleWebKit/537.36 (KHTML, like Gecko; compatible; GPTBot/1.3; +https://openai.com/gptbot)"
57.141.20.43 - - [09/Mar/2026:19:39:50 +0500] "GET /filemanger/delete_line.php?dir=%2Fhome%2Fsportsfever%2Fwww%2Fclone%2Fwp-content%2Fplugins%2Fthemify-builder-pro%2Fincludes%2Fdynamic-content&name=PTBRelations.php&line=213 HTTP/1.1" 200 1571 "-" "meta-externalagent/1.1 (+https://developers.facebook.com/docs/sharing/webmasters/crawler)"
74.7.227.128 - - [09/Mar/2026:19:39:50 +0500] "GET /filemanger/delete_line.php?dir=%2Fhome%2Fsportsfever%2Fhttpdocs%2Fwp-content%2Fplugins%2Fwpforms-lite%2Fassets%2Fjs%2Fadmin%2Fbuilder&line=20&name=help.js HTTP/1.1" 200 616 "https://www.sportsfever360.com/filemanger/edit_text_line.php?dir=%2Fhome%2Fsportsfever%2Fhttpdocs%2Fwp-content%2Fplugins%2Fwpforms-lite%2Fassets%2Fjs%2Fadmin%2Fbuilder&name=help.js" "Mozilla/5.0 AppleWebKit/537.36 (KHTML, like Gecko; compatible; GPTBot/1.3; +https://openai.com/gptbot)"
57.141.20.29 - - [09/Mar/2026:19:39:50 +0500] "GET /filemanger/edit_line.php?dir=%2Fhome%2Fsportsfever%2Fpublic_html%2Fwp-content%2Fwflogs&name=GeoLite2-Country.mmdb&line=140877 HTTP/1.1" 200 1756 "-" "meta-externalagent/1.1 (+https://developers.facebook.com/docs/sharing/webmasters/crawler)"
74.7.227.43 - - [09/Mar/2026:19:39:50 +0500] "GET /filemanger/file_chmod.php?dir=%2Fhome%2Fsportsfever%2Fwww%2Fwp-content%2Fuploads%2Fsites%2F2%2F2020%2F08&name=IMG-20200806-WA0009-559x520.jpg HTTP/1.1" 200 1011 "https://sportsfever360.com/filemanger/index.php?dir=%2Fhome%2Fsportsfever%2Fwww%2Fwp-content%2Fuploads%2Fsites%2F2%2F2020%2F08" "Mozilla/5.0 AppleWebKit/537.36 (KHTML, like Gecko; compatible; GPTBot/1.3; +https://openai.com/gptbot)"
57.141.20.49 - - [09/Mar/2026:19:39:50 +0500] "GET /filemanger/delete_line.php?dir=%2Fhome%2Fsportsfever%2Fpublic_html%2Fwp-content%2Fplugins%2Fflow-flow%2Fincludes%2Fdb%2Fmigrations&name=FFMigration_2_15.php&line=41 HTTP/1.1" 200 1571 "-" "meta-externalagent/1.1 (+https://developers.facebook.com/docs/sharing/webmasters/crawler)"
74.7.227.128 - - [09/Mar/2026:19:39:51 +0500] "GET /filemanger/delete_line.php?dir=%2Fhome%2Fsportsfever%2Fhttpdocs%2Fwp-content%2Fplugins%2Fwpforms-lite%2Fassets%2Fjs%2Fadmin%2Fbuilder&line=68&name=help.js HTTP/1.1" 200 616 "https://www.sportsfever360.com/filemanger/edit_text_line.php?dir=%2Fhome%2Fsportsfever%2Fhttpdocs%2Fwp-content%2Fplugins%2Fwpforms-lite%2Fassets%2Fjs%2Fadmin%2Fbuilder&name=help.js" "Mozilla/5.0 AppleWebKit/537.36 (KHTML, like Gecko; compatible; GPTBot/1.3; +https://openai.com/gptbot)"
74.7.227.43 - - [09/Mar/2026:19:39:51 +0500] "GET /filemanger/file_chmod.php?dir=%2Fhome%2Fsportsfever%2Fwww%2Fwp-content%2Fuploads%2Fsites%2F2%2F2020%2F07&name=IMG-20200718-WA0095-434x420.jpg HTTP/1.1" 200 1012 "https://sportsfever360.com/filemanger/index.php?dir=%2Fhome%2Fsportsfever%2Fwww%2Fwp-content%2Fuploads%2Fsites%2F2%2F2020%2F07" "Mozilla/5.0 AppleWebKit/537.36 (KHTML, like Gecko; compatible; GPTBot/1.3; +https://openai.com/gptbot)"
57.141.20.23 - - [09/Mar/2026:19:39:51 +0500] "GET /filemanger/edit_line.php?dir=%2Fhome%2Fsportsfever%2Fpublic_html%2Fclone%2Fwp-content%2Fplugins%2Fsmart-slider-3%2FNextend%2FFramework%2FPlatform%2FWordPress&name=PlatformWordPress.php&line=62 HTTP/1.1" 200 1551 "-" "meta-externalagent/1.1 (+https://developers.facebook.com/docs/sharing/webmasters/crawler)"
74.7.227.128 - - [09/Mar/2026:19:39:51 +0500] "GET /filemanger/delete_line.php?dir=%2Fhome%2Fsportsfever%2Fhttpdocs%2Fwp-content%2Fplugins%2Fwpforms-lite%2Fassets%2Fjs%2Fadmin%2Fbuilder&line=75&name=help.js HTTP/1.1" 200 616 "https://www.sportsfever360.com/filemanger/edit_text_line.php?dir=%2Fhome%2Fsportsfever%2Fhttpdocs%2Fwp-content%2Fplugins%2Fwpforms-lite%2Fassets%2Fjs%2Fadmin%2Fbuilder&name=help.js" "Mozilla/5.0 AppleWebKit/537.36 (KHTML, like Gecko; compatible; GPTBot/1.3; +https://openai.com/gptbot)"
74.7.227.43 - - [09/Mar/2026:19:39:51 +0500] "GET /filemanger/file_delete.php?dir=%2Fhome%2Fsportsfever%2Fwww%2Fwp-content%2Fuploads%2Fsites%2F2%2F2020%2F12&name=IMG-20200411-WA0035-130x86.jpg HTTP/1.1" 200 1050 "https://sportsfever360.com/filemanger/file_rename.php?dir=%2Fhome%2Fsportsfever%2Fwww%2Fwp-content%2Fuploads%2Fsites%2F2%2F2020%2F12&name=IMG-20200411-WA0035-130x86.jpg" "Mozilla/5.0 AppleWebKit/537.36 (KHTML, like Gecko; compatible; GPTBot/1.3; +https://openai.com/gptbot)"
57.141.20.6 - - [09/Mar/2026:19:39:51 +0500] "GET /filemanger/edit_line.php?dir=%2Fhome%2Fsportsfever%2Fpublic_html%2Fclone%2Fwp-content%2Fplugins%2Fwordfence%2Fwaf&name=bootstrap.php&line=641 HTTP/1.1" 200 1551 "-" "meta-externalagent/1.1 (+https://developers.facebook.com/docs/sharing/webmasters/crawler)"
74.7.227.128 - - [09/Mar/2026:19:39:52 +0500] "GET /filemanger/delete_line.php?dir=%2Fhome%2Fsportsfever%2Fhttpdocs%2Fwp-content%2Fplugins%2Fwpforms-lite%2Fassets%2Fjs%2Fadmin%2Fbuilder&line=12&name=help.js HTTP/1.1" 200 616 "https://www.sportsfever360.com/filemanger/edit_text_line.php?dir=%2Fhome%2Fsportsfever%2Fhttpdocs%2Fwp-content%2Fplugins%2Fwpforms-lite%2Fassets%2Fjs%2Fadmin%2Fbuilder&name=help.js" "Mozilla/5.0 AppleWebKit/537.36 (KHTML, like Gecko; compatible; GPTBot/1.3; +https://openai.com/gptbot)"
74.7.227.43 - - [09/Mar/2026:19:39:52 +0500] "GET /filemanger/file_chmod.php?dir=%2Fhome%2Fsportsfever%2Fwww%2Fwp-content%2Fuploads%2Fsites%2F2%2F2020%2F11&name=IMG-20201101-WA0120-980x420.jpg HTTP/1.1" 200 1010 "https://sportsfever360.com/filemanger/index.php?dir=%2Fhome%2Fsportsfever%2Fwww%2Fwp-content%2Fuploads%2Fsites%2F2%2F2020%2F11" "Mozilla/5.0 AppleWebKit/537.36 (KHTML, like Gecko; compatible; GPTBot/1.3; +https://openai.com/gptbot)"
74.7.227.128 - - [09/Mar/2026:19:39:52 +0500] "GET /filemanger/delete_line.php?dir=%2Fhome%2Fsportsfever%2Fhttpdocs%2Fwp-content%2Fplugins%2Fwpforms-lite%2Fassets%2Fjs%2Fadmin%2Fbuilder&line=18&name=help.js HTTP/1.1" 200 616 "https://www.sportsfever360.com/filemanger/edit_text_line.php?dir=%2Fhome%2Fsportsfever%2Fhttpdocs%2Fwp-content%2Fplugins%2Fwpforms-lite%2Fassets%2Fjs%2Fadmin%2Fbuilder&name=help.js" "Mozilla/5.0 AppleWebKit/537.36 (KHTML, like Gecko; compatible; GPTBot/1.3; +https://openai.com/gptbot)"
57.141.20.17 - - [09/Mar/2026:19:39:52 +0500] "GET /filemanger/delete_line.php?dir=%2Fhome%2Fsportsfever%2Fpublic_html%2Fclone%2Fwp-content%2Fplugins%2Fembedpress%2Flanguages&name=embedpress.pot&line=2853 HTTP/1.1" 200 1776 "-" "meta-externalagent/1.1 (+https://developers.facebook.com/docs/sharing/webmasters/crawler)"
74.7.227.43 - - [09/Mar/2026:19:39:52 +0500] "GET /filemanger/file_copy.php?dir=%2Fhome%2Fsportsfever%2Fwww%2Fwp-content%2Fuploads%2Fsites%2F2%2F2020%2F11&name=IMG-20201101-WA0120-1280x520.jpg HTTP/1.1" 200 1035 "https://sportsfever360.com/filemanger/file_rename.php?dir=%2Fhome%2Fsportsfever%2Fwww%2Fwp-content%2Fuploads%2Fsites%2F2%2F2020%2F11&name=IMG-20201101-WA0120-1280x520.jpg" "Mozilla/5.0 AppleWebKit/537.36 (KHTML, like Gecko; compatible; GPTBot/1.3; +https://openai.com/gptbot)"
57.141.20.57 - - [09/Mar/2026:19:39:53 +0500] "GET /filemanger/edit_line.php?dir=%2Fhome%2Fsportsfever%2Fpublic_html%2Fclone%2Fwp-content%2Fplugins%2Fpopup-maker%2Fincludes%2Fadmin&name=class-pum-admin-upgrades.php&line=344 HTTP/1.1" 200 1551 "-" "meta-externalagent/1.1 (+https://developers.facebook.com/docs/sharing/webmasters/crawler)"
74.7.227.128 - - [09/Mar/2026:19:39:53 +0500] "GET /filemanger/delete_line.php?dir=%2Fhome%2Fsportsfever%2Fhttpdocs%2Fwp-content%2Fplugins%2Fwpforms-lite%2Fassets%2Fjs%2Fadmin%2Fbuilder&line=77&name=help.js HTTP/1.1" 200 616 "https://www.sportsfever360.com/filemanger/edit_text_line.php?dir=%2Fhome%2Fsportsfever%2Fhttpdocs%2Fwp-content%2Fplugins%2Fwpforms-lite%2Fassets%2Fjs%2Fadmin%2Fbuilder&name=help.js" "Mozilla/5.0 AppleWebKit/537.36 (KHTML, like Gecko; compatible; GPTBot/1.3; +https://openai.com/gptbot)"
74.7.227.43 - - [09/Mar/2026:19:39:53 +0500] "GET /filemanger/file_Copy.php?dir=%2Fhome%2Fsportsfever%2Fwww%2Fwp-content%2Fuploads%2Fsites%2F2%2F2020%2F12&name=IMG-20201014-WA0035-1280x520.jpg HTTP/1.1" 200 20 "https://sportsfever360.com/filemanger/file_chmod.php?dir=%2Fhome%2Fsportsfever%2Fwww%2Fwp-content%2Fuploads%2Fsites%2F2%2F2020%2F12&name=IMG-20201014-WA0035-1280x520.jpg" "Mozilla/5.0 AppleWebKit/537.36 (KHTML, like Gecko; compatible; GPTBot/1.3; +https://openai.com/gptbot)"
57.141.20.12 - - [09/Mar/2026:19:39:53 +0500] "GET /filemanger/edit_line.php?dir=%2Fhome%2Fsportsfever%2Fhttpdocs%2Fclone%2Fwp-content%2Fplugins%2Fpopup-builder%2Fpublic%2Fcss&name=listsNewStyles.css&line=129 HTTP/1.1" 200 1551 "-" "meta-externalagent/1.1 (+https://developers.facebook.com/docs/sharing/webmasters/crawler)"
74.7.227.128 - - [09/Mar/2026:19:39:53 +0500] "GET /filemanger/delete_line.php?dir=%2Fhome%2Fsportsfever%2Fhttpdocs%2Fwp-content%2Fplugins%2Fwpforms-lite%2Fassets%2Fjs%2Fadmin%2Fbuilder&line=21&name=help.js HTTP/1.1" 200 616 "https://www.sportsfever360.com/filemanger/edit_text_line.php?dir=%2Fhome%2Fsportsfever%2Fhttpdocs%2Fwp-content%2Fplugins%2Fwpforms-lite%2Fassets%2Fjs%2Fadmin%2Fbuilder&name=help.js" "Mozilla/5.0 AppleWebKit/537.36 (KHTML, like Gecko; compatible; GPTBot/1.3; +https://openai.com/gptbot)"
74.7.227.43 - - [09/Mar/2026:19:39:53 +0500] "GET /filemanger/file_chmod.php?dir=%2Fhome%2Fsportsfever%2Fwww%2Fwp-content%2Fuploads%2Fsites%2F2%2F2020%2F08&name=IMG-20200814-WA0005-215x120.jpg HTTP/1.1" 200 1011 "https://sportsfever360.com/filemanger/index.php?dir=%2Fhome%2Fsportsfever%2Fwww%2Fwp-content%2Fuploads%2Fsites%2F2%2F2020%2F08" "Mozilla/5.0 AppleWebKit/537.36 (KHTML, like Gecko; compatible; GPTBot/1.3; +https://openai.com/gptbot)"
57.141.20.13 - - [09/Mar/2026:19:39:54 +0500] "GET /filemanger/edit_line.php?dir=%2Fhome%2Fsportsfever%2Fpublic_html%2Fclone%2Fwp-content%2Fplugins%2Fsitepress-multilingual-cms%2Fvendor%2Fphpmyadmin%2Fsql-parser%2Fsrc%2FContexts&name=ContextMySql50100.php&line=44 HTTP/1.1" 200 1551 "-" "meta-externalagent/1.1 (+https://developers.facebook.com/docs/sharing/webmasters/crawler)"
74.7.227.128 - - [09/Mar/2026:19:39:54 +0500] "GET /filemanger/index.php?dir=%2Fhome%2Fsportsfever%2Fwww%2Fwp-includes%2Fjs%2Fjcrop HTTP/1.1" 200 1250 "https://www.sportsfever360.com/filemanger/index.php?dir=%2Fhome%2Fsportsfever%2Fwww%2Fwp-includes%2Fjs" "Mozilla/5.0 AppleWebKit/537.36 (KHTML, like Gecko; compatible; GPTBot/1.3; +https://openai.com/gptbot)"
74.7.227.43 - - [09/Mar/2026:19:39:54 +0500] "GET /filemanger/file_chmod.php?dir=%2Fhome%2Fsportsfever%2Fwww%2Fwp-content%2Fuploads%2Fsites%2F2%2F2020%2F07&name=IMG-20200713-WA0001-459x420.jpg HTTP/1.1" 200 1012 "https://sportsfever360.com/filemanger/index.php?dir=%2Fhome%2Fsportsfever%2Fwww%2Fwp-content%2Fuploads%2Fsites%2F2%2F2020%2F07" "Mozilla/5.0 AppleWebKit/537.36 (KHTML, like Gecko; compatible; GPTBot/1.3; +https://openai.com/gptbot)"
57.141.20.44 - - [09/Mar/2026:19:39:54 +0500] "GET /filemanger/edit_line.php?dir=%2Fhome%2Fsportsfever%2Fhttpdocs%2Fwp-content%2Fplugins%2Fembedpress%2Fassets%2Fpdf%2Fweb&name=viewer.js&line=1240 HTTP/1.1" 200 1551 "-" "meta-externalagent/1.1 (+https://developers.facebook.com/docs/sharing/webmasters/crawler)"
74.7.227.128 - - [09/Mar/2026:19:39:54 +0500] "GET /filemanger/edit_text.php?dir=%2Fhome%2Fsportsfever%2Fwww%2Fclone%2Fwp-content%2Fplugins%2Fninja-forms%2Fvendor%2Fcomposer&name=installed.json HTTP/1.1" 200 1077 "https://www.sportsfever360.com/filemanger/index.php?dir=%2Fhome%2Fsportsfever%2Fwww%2Fclone%2Fwp-content%2Fplugins%2Fninja-forms%2Fvendor%2Fcomposer" "Mozilla/5.0 AppleWebKit/537.36 (KHTML, like Gecko; compatible; GPTBot/1.3; +https://openai.com/gptbot)"
74.7.227.43 - - [09/Mar/2026:19:39:54 +0500] "GET /filemanger/file_chmod.php?dir=%2Fhome%2Fsportsfever%2Fwww%2Fwp-content%2Fuploads%2Fsites%2F2%2F2020%2F07&name=IMG-20200715-WA0041-470x313.jpg HTTP/1.1" 200 1013 "https://sportsfever360.com/filemanger/index.php?dir=%2Fhome%2Fsportsfever%2Fwww%2Fwp-content%2Fuploads%2Fsites%2F2%2F2020%2F07" "Mozilla/5.0 AppleWebKit/537.36 (KHTML, like Gecko; compatible; GPTBot/1.3; +https://openai.com/gptbot)"
74.7.227.128 - - [09/Mar/2026:19:39:55 +0500] "GET /filemanger/file_chmod.php?dir=%2Fhome%2Fsportsfever%2Fwww%2Fwp-content%2Fplugins%2Fthemify-popup%2Fsample&name=classic-center.jpg HTTP/1.1" 200 983 "https://www.sportsfever360.com/filemanger/index.php?dir=%2Fhome%2Fsportsfever%2Fwww%2Fwp-content%2Fplugins%2Fthemify-popup%2Fsample" "Mozilla/5.0 AppleWebKit/537.36 (KHTML, like Gecko; compatible; GPTBot/1.3; +https://openai.com/gptbot)"
57.141.20.12 - - [09/Mar/2026:19:39:55 +0500] "GET /filemanger/delete_line.php?dir=%2Fhome%2Fsportsfever%2Fwww%2Fclone%2Fwp-content%2Fplugins%2Fsitepress-multilingual-cms%2Fclasses%2Fmenu-elements&name=class-wpml-custom-columns.php&line=157 HTTP/1.1" 200 1571 "-" "meta-externalagent/1.1 (+https://developers.facebook.com/docs/sharing/webmasters/crawler)"
74.7.227.43 - - [09/Mar/2026:19:39:55 +0500] "GET /filemanger/file_chmod.php?dir=%2Fhome%2Fsportsfever%2Fwww%2Fwp-content%2Fuploads%2Fsites%2F2%2F2020%2F10&name=IMG-20201006-WA0000-768x586.jpg HTTP/1.1" 200 1010 "https://sportsfever360.com/filemanger/index.php?dir=%2Fhome%2Fsportsfever%2Fwww%2Fwp-content%2Fuploads%2Fsites%2F2%2F2020%2F10" "Mozilla/5.0 AppleWebKit/537.36 (KHTML, like Gecko; compatible; GPTBot/1.3; +https://openai.com/gptbot)"
57.141.20.40 - - [09/Mar/2026:19:39:55 +0500] "GET /filemanger/delete_line.php?dir=%2Fhome%2Fsportsfever%2Fpublic_html%2Fwp-content%2Fplugins%2Fpopup-maker%2Ftrunk%2Fclasses&name=Install.php&line=85 HTTP/1.1" 200 1571 "-" "meta-externalagent/1.1 (+https://developers.facebook.com/docs/sharing/webmasters/crawler)"
74.7.227.128 - - [09/Mar/2026:19:39:55 +0500] "GET /filemanger/index.php?dir=%2Fhome%2Fsportsfever%2Fhttpdocs%2Fwp-content%2Fthemes%2FDivi%2Fincludes%2Fbuilder%2Ffrontend-builder%2Fassets%2Fvendors%2Fplugins%2Finsertdatetime HTTP/1.1" 200 1264 "https://www.sportsfever360.com/filemanger/index.php?dir=%2Fhome%2Fsportsfever%2Fhttpdocs%2Fwp-content%2Fthemes%2FDivi%2Fincludes%2Fbuilder%2Ffrontend-builder%2Fassets%2Fvendors%2Fplugins" "Mozilla/5.0 AppleWebKit/537.36 (KHTML, like Gecko; compatible; GPTBot/1.3; +https://openai.com/gptbot)"
57.141.20.53 - - [09/Mar/2026:19:39:55 +0500] "GET /filemanger/edit_line.php?dir=%2Fhome%2Fsportsfever%2Fwww%2Fwp-content%2Fplugins%2Fsitepress-multilingual-cms%2Fvendor%2Fphpmyadmin%2Fsql-parser%2Fsrc&name=Token.php&line=215 HTTP/1.1" 200 1551 "-" "meta-externalagent/1.1 (+https://developers.facebook.com/docs/sharing/webmasters/crawler)"
74.7.227.43 - - [09/Mar/2026:19:39:56 +0500] "GET /filemanger/file_rename.php?dir=%2Fhome%2Fsportsfever%2Fwww%2Fwp-content%2Fuploads%2Fsites%2F2%2F2020%2F07&name=IMG-20200712-WA0010-130x86.jpg HTTP/1.1" 200 1012 "https://sportsfever360.com/filemanger/index.php?dir=%2Fhome%2Fsportsfever%2Fwww%2Fwp-content%2Fuploads%2Fsites%2F2%2F2020%2F07" "Mozilla/5.0 AppleWebKit/537.36 (KHTML, like Gecko; compatible; GPTBot/1.3; +https://openai.com/gptbot)"
74.7.227.128 - - [09/Mar/2026:19:39:56 +0500] "GET /filemanger/index.php?dir=%2Fhome%2Fsportsfever%2Fhttpdocs%2Fclone%2Fwp-content%2Fthemes%2FDivi%2Fincludes%2Fbuilder%2Ffrontend-builder%2Fassets%2Fvendors%2Fplugins%2Fsearchreplace HTTP/1.1" 200 1272 "https://www.sportsfever360.com/filemanger/index.php?dir=%2Fhome%2Fsportsfever%2Fhttpdocs%2Fclone%2Fwp-content%2Fthemes%2FDivi%2Fincludes%2Fbuilder%2Ffrontend-builder%2Fassets%2Fvendors%2Fplugins" "Mozilla/5.0 AppleWebKit/537.36 (KHTML, like Gecko; compatible; GPTBot/1.3; +https://openai.com/gptbot)"
74.7.227.43 - - [09/Mar/2026:19:39:56 +0500] "GET /filemanger/file_chmod.php?dir=%2Fhome%2Fsportsfever%2Fwww%2Fwp-content%2Fuploads%2Fsites%2F2%2F2020%2F11&name=IMG-20201130-WA0007-260x210.jpg HTTP/1.1" 200 1012 "https://sportsfever360.com/filemanger/index.php?dir=%2Fhome%2Fsportsfever%2Fwww%2Fwp-content%2Fuploads%2Fsites%2F2%2F2020%2F11" "Mozilla/5.0 AppleWebKit/537.36 (KHTML, like Gecko; compatible; GPTBot/1.3; +https://openai.com/gptbot)"
57.141.20.15 - - [09/Mar/2026:19:39:56 +0500] "GET /filemanger/delete_line.php?dir=%2Fhome%2Fsportsfever%2Fhttpdocs%2Fwp-includes%2Fjs%2Ftinymce%2Fthemes%2Finlite&name=theme.js&line=228 HTTP/1.1" 200 1571 "-" "meta-externalagent/1.1 (+https://developers.facebook.com/docs/sharing/webmasters/crawler)"
74.7.227.128 - - [09/Mar/2026:19:39:56 +0500] "GET /filemanger/index.php?dir=%2Fhome%2Fsportsfever%2Fhttpdocs%2Fclone%2Fwp-content%2Fplugins%2Fsitepress-multilingual-cms%2Fvendor%2Fcomposer%2Finstallers%2Fsrc%2FComposer%2FInstallers HTTP/1.1" 200 4127 "https://www.sportsfever360.com/filemanger/index.php?dir=%2Fhome%2Fsportsfever%2Fhttpdocs%2Fclone%2Fwp-content%2Fplugins%2Fsitepress-multilingual-cms%2Fvendor%2Fcomposer%2Finstallers%2Fsrc%2FComposer" "Mozilla/5.0 AppleWebKit/537.36 (KHTML, like Gecko; compatible; GPTBot/1.3; +https://openai.com/gptbot)"
74.7.227.43 - - [09/Mar/2026:19:39:56 +0500] "GET /filemanger/file_copy.php?dir=%2Fhome%2Fsportsfever%2Fwww%2Fwp-content%2Fuploads%2Fsites%2F2%2F2020%2F07&name=IMG-20200715-WA0041-1024x742.jpg HTTP/1.1" 200 1038 "https://sportsfever360.com/filemanger/file_chmod.php?dir=%2Fhome%2Fsportsfever%2Fwww%2Fwp-content%2Fuploads%2Fsites%2F2%2F2020%2F07&name=IMG-20200715-WA0041-1024x742.jpg" "Mozilla/5.0 AppleWebKit/537.36 (KHTML, like Gecko; compatible; GPTBot/1.3; +https://openai.com/gptbot)"
57.141.20.26 - - [09/Mar/2026:19:39:57 +0500] "GET /filemanger/delete_line.php?dir=%2Fhome%2Fsportsfever%2Fwww%2Fwp-content%2Fplugins%2Fsitepress-multilingual-cms%2Finc%2Fwp-nav-menus&name=class-wpml-nav-menu.php&line=12 HTTP/1.1" 200 1571 "-" "meta-externalagent/1.1 (+https://developers.facebook.com/docs/sharing/webmasters/crawler)"
74.7.227.43 - - [09/Mar/2026:19:39:57 +0500] "GET /filemanger/file_chmod.php?dir=%2Fhome%2Fsportsfever%2Fwww%2Fwp-content%2Fuploads%2Fsites%2F2%2F2020%2F07&name=IMG-20200713-WA0006-768x576.jpg HTTP/1.1" 200 1013 "https://sportsfever360.com/filemanger/index.php?dir=%2Fhome%2Fsportsfever%2Fwww%2Fwp-content%2Fuploads%2Fsites%2F2%2F2020%2F07" "Mozilla/5.0 AppleWebKit/537.36 (KHTML, like Gecko; compatible; GPTBot/1.3; +https://openai.com/gptbot)"
57.141.20.9 - - [09/Mar/2026:19:39:57 +0500] "GET /filemanger/edit_line.php?dir=%2Fhome%2Fsportsfever%2Fwww%2Fclone%2Fwp-content%2Fplugins%2Fwpforms-lite%2Fassets%2Fcss%2Fbuilder&name=builder-ui-general.css&line=264 HTTP/1.1" 200 1551 "-" "meta-externalagent/1.1 (+https://developers.facebook.com/docs/sharing/webmasters/crawler)"
74.7.227.128 - - [09/Mar/2026:19:39:57 +0500] "GET /filemanger/index.php?dir=%2Fhome%2Fsportsfever%2Fhttpdocs%2Fclone%2Fwp-content%2Fthemes%2FDivi%2Fincludes%2Fbuilder%2Ffrontend-builder%2Fassets%2Fvendors%2Fplugins%2Finsertdatetime HTTP/1.1" 200 1276 "https://www.sportsfever360.com/filemanger/index.php?dir=%2Fhome%2Fsportsfever%2Fhttpdocs%2Fclone%2Fwp-content%2Fthemes%2FDivi%2Fincludes%2Fbuilder%2Ffrontend-builder%2Fassets%2Fvendors%2Fplugins" "Mozilla/5.0 AppleWebKit/537.36 (KHTML, like Gecko; compatible; GPTBot/1.3; +https://openai.com/gptbot)"
74.7.227.43 - - [09/Mar/2026:19:39:58 +0500] "GET /filemanger/file_chmod.php?dir=%2Fhome%2Fsportsfever%2Fwww%2Fwp-content%2Fuploads%2Fsites%2F2%2F2020%2F10&name=IMG-20201005-WA0006-459x390.jpg HTTP/1.1" 200 1011 "https://sportsfever360.com/filemanger/index.php?dir=%2Fhome%2Fsportsfever%2Fwww%2Fwp-content%2Fuploads%2Fsites%2F2%2F2020%2F10" "Mozilla/5.0 AppleWebKit/537.36 (KHTML, like Gecko; compatible; GPTBot/1.3; +https://openai.com/gptbot)"
57.141.20.26 - - [09/Mar/2026:19:39:58 +0500] "GET /filemanger/edit_line.php?dir=%2Fhome%2Fsportsfever%2Fpublic_html%2Fclone%2Fwp-content%2Fwflogs&name=GeoLite2-Country.mmdb&line=12187 HTTP/1.1" 200 1756 "-" "meta-externalagent/1.1 (+https://developers.facebook.com/docs/sharing/webmasters/crawler)"
74.7.227.128 - - [09/Mar/2026:19:39:58 +0500] "GET /filemanger/edit_text.php?dir=%2Fhome%2Fsportsfever%2Fwww%2Fclone%2Fwp-content%2Fplugins%2Finteractive-geo-maps%2Fvendor%2Ffreemius%2Fwordpress-sdk%2Fassets%2Fscss%2Fadmin&name=_ajax-loader.scss HTTP/1.1" 200 1468 "https://www.sportsfever360.com/filemanger/index.php?dir=%2Fhome%2Fsportsfever%2Fwww%2Fclone%2Fwp-content%2Fplugins%2Finteractive-geo-maps%2Fvendor%2Ffreemius%2Fwordpress-sdk%2Fassets%2Fscss%2Fadmin" "Mozilla/5.0 AppleWebKit/537.36 (KHTML, like Gecko; compatible; GPTBot/1.3; +https://openai.com/gptbot)"
57.141.20.9 - - [09/Mar/2026:19:39:58 +0500] "GET /filemanger/edit_line.php?dir=%2Fhome%2Fsportsfever%2Fwww%2Fwp-content%2Fplugins%2Fninja-forms%2Fassets%2Fcss&name=bootstrap.css&line=3929 HTTP/1.1" 200 1551 "-" "meta-externalagent/1.1 (+https://developers.facebook.com/docs/sharing/webmasters/crawler)"
74.7.227.43 - - [09/Mar/2026:19:39:58 +0500] "GET /filemanger/file_chmod.php?dir=%2Fhome%2Fsportsfever%2Fwww%2Fwp-content%2Fuploads%2Fsites%2F2%2F2020%2F10&name=IMG-20201006-WA0026-990x756.jpg HTTP/1.1" 200 1011 "https://sportsfever360.com/filemanger/index.php?dir=%2Fhome%2Fsportsfever%2Fwww%2Fwp-content%2Fuploads%2Fsites%2F2%2F2020%2F10" "Mozilla/5.0 AppleWebKit/537.36 (KHTML, like Gecko; compatible; GPTBot/1.3; +https://openai.com/gptbot)"
74.7.227.128 - - [09/Mar/2026:19:39:58 +0500] "GET /filemanger/delete_line.php?dir=%2Fhome%2Fsportsfever%2Fhttpdocs%2Fwp-content%2Fplugins%2Fflow-flow%2Fjs&line=2&name=news.js HTTP/1.1" 200 616 "https://www.sportsfever360.com/filemanger/edit_text_line.php?dir=%2Fhome%2Fsportsfever%2Fhttpdocs%2Fwp-content%2Fplugins%2Fflow-flow%2Fjs&name=news.js" "Mozilla/5.0 AppleWebKit/537.36 (KHTML, like Gecko; compatible; GPTBot/1.3; +https://openai.com/gptbot)"
57.141.20.34 - - [09/Mar/2026:19:39:59 +0500] "GET /filemanger/edit_line.php?dir=%2Fhome%2Fsportsfever%2Fpublic_html%2Fclone%2Fwp-content%2Fwflogs&name=GeoLite2-Country.mmdb&line=10602 HTTP/1.1" 200 1756 "-" "meta-externalagent/1.1 (+https://developers.facebook.com/docs/sharing/webmasters/crawler)"
74.7.227.128 - - [09/Mar/2026:19:39:59 +0500] "GET /filemanger/create.php?dir=%2Fhome%2Fsportsfever%2Fwww%2Fclone%2Fwp-content%2Fplugins%2Fwpforms-lite%2Fsrc%2FLite%2FAdmin%2FEducation HTTP/1.1" 200 20 "https://www.sportsfever360.com/filemanger/index.php?dir=%2Fhome%2Fsportsfever%2Fwww%2Fclone%2Fwp-content%2Fplugins%2Fwpforms-lite%2Fsrc%2FLite%2FAdmin%2FEducation" "Mozilla/5.0 AppleWebKit/537.36 (KHTML, like Gecko; compatible; GPTBot/1.3; +https://openai.com/gptbot)"
74.7.227.43 - - [09/Mar/2026:19:39:59 +0500] "GET /filemanger/file_chmod.php?dir=%2Fhome%2Fsportsfever%2Fwww%2Fwp-content%2Fuploads%2Fsites%2F2%2F2020%2F10&name=IMG-20201003-WA0148-150x150.jpg HTTP/1.1" 200 1009 "https://sportsfever360.com/filemanger/index.php?dir=%2Fhome%2Fsportsfever%2Fwww%2Fwp-content%2Fuploads%2Fsites%2F2%2F2020%2F10" "Mozilla/5.0 AppleWebKit/537.36 (KHTML, like Gecko; compatible; GPTBot/1.3; +https://openai.com/gptbot)"
74.7.227.128 - - [09/Mar/2026:19:39:59 +0500] "GET /filemanger/import.php?dir=%2Fhome%2Fsportsfever%2Fwww%2Fclone%2Fwp-content%2Fplugins%2Fwpforms-lite%2Fsrc%2FLite%2FAdmin%2FEducation HTTP/1.1" 200 891 "https://www.sportsfever360.com/filemanger/index.php?dir=%2Fhome%2Fsportsfever%2Fwww%2Fclone%2Fwp-content%2Fplugins%2Fwpforms-lite%2Fsrc%2FLite%2FAdmin%2FEducation" "Mozilla/5.0 AppleWebKit/537.36 (KHTML, like Gecko; compatible; GPTBot/1.3; +https://openai.com/gptbot)"
74.7.227.43 - - [09/Mar/2026:19:39:59 +0500] "GET /filemanger/file_copy.php?dir=%2Fhome%2Fsportsfever%2Fwww%2Fwp-content%2Fuploads%2Fsites%2F2%2F2020%2F07&name=5080_2814658_updates-300x200.jpg HTTP/1.1" 200 1036 "https://sportsfever360.com/filemanger/file.php?dir=%2Fhome%2Fsportsfever%2Fwww%2Fwp-content%2Fuploads%2Fsites%2F2%2F2020%2F07&name=5080_2814658_updates-300x200.jpg" "Mozilla/5.0 AppleWebKit/537.36 (KHTML, like Gecko; compatible; GPTBot/1.3; +https://openai.com/gptbot)"
57.141.20.51 - - [09/Mar/2026:19:39:59 +0500] "GET /filemanger/edit_line.php?dir=%2Fhome%2Fsportsfever%2Fpublic_html%2Fclone%2Fwp-content%2Fplugins%2Fembedpress%2Flanguages&name=embedpress.pot&line=988 HTTP/1.1" 200 1756 "-" "meta-externalagent/1.1 (+https://developers.facebook.com/docs/sharing/webmasters/crawler)"
57.141.20.45 - - [09/Mar/2026:19:40:00 +0500] "GET /filemanger/edit_line.php?dir=%2Fhome%2Fsportsfever%2Fhttpdocs%2Fclone%2Fwp-content%2Fplugins%2Fpassword-protect-page%2Fincludes%2Fservices&name=class-ppw-migration-manager.php&line=39 HTTP/1.1" 200 1551 "-" "meta-externalagent/1.1 (+https://developers.facebook.com/docs/sharing/webmasters/crawler)"
74.7.227.128 - - [09/Mar/2026:19:40:00 +0500] "GET /filemanger/import.php?dir=%2Fhome%2Fsportsfever%2Fwww%2Fwp-includes%2Fjs%2Fjcrop HTTP/1.1" 200 821 "https://www.sportsfever360.com/filemanger/index.php?dir=%2Fhome%2Fsportsfever%2Fwww%2Fwp-includes%2Fjs%2Fjcrop" "Mozilla/5.0 AppleWebKit/537.36 (KHTML, like Gecko; compatible; GPTBot/1.3; +https://openai.com/gptbot)"
74.7.227.43 - - [09/Mar/2026:19:40:00 +0500] "GET /filemanger/file_chmod.php?dir=%2Fhome%2Fsportsfever%2Fwww%2Fwp-content%2Fuploads%2Fsites%2F2%2F2020%2F12&name=IMG-20200116-WA0029-990x457.jpg HTTP/1.1" 200 1012 "https://sportsfever360.com/filemanger/index.php?dir=%2Fhome%2Fsportsfever%2Fwww%2Fwp-content%2Fuploads%2Fsites%2F2%2F2020%2F12" "Mozilla/5.0 AppleWebKit/537.36 (KHTML, like Gecko; compatible; GPTBot/1.3; +https://openai.com/gptbot)"
