57.141.20.9 - - [09/Mar/2026:19:33:01 +0500] "GET /filemanger/edit_line.php?dir=%2Fhome%2Fsportsfever%2Fwww%2Fclone%2Fwp-content%2Fplugins%2Fthemify-builder-pro%2Fadmin%2Fjs&name=tbp-dynamic-content.js&line=438 HTTP/1.1" 200 1551 "-" "meta-externalagent/1.1 (+https://developers.facebook.com/docs/sharing/webmasters/crawler)"
74.7.227.128 - - [09/Mar/2026:19:33:01 +0500] "GET /filemanger/edit_line.php?dir=%2Fhome%2Fsportsfever%2Fwww%2Fwp-content%2Fplugins%2Fwp-file-manager%2Flib%2Fcodemirror%2Fmode%2Fpug&line=438&name=pug.js HTTP/1.1" 200 618 "https://www.sportsfever360.com/filemanger/edit_text_line.php?dir=%2Fhome%2Fsportsfever%2Fwww%2Fwp-content%2Fplugins%2Fwp-file-manager%2Flib%2Fcodemirror%2Fmode%2Fpug&name=pug.js" "Mozilla/5.0 AppleWebKit/537.36 (KHTML, like Gecko; compatible; GPTBot/1.3; +https://openai.com/gptbot)"
74.7.227.43 - - [09/Mar/2026:19:33:01 +0500] "GET /filemanger/edit_text.php?dir=%2Fhome%2Fsportsfever%2Fwww%2Fwp-content%2Fplugins%2Fcustom-twitter-feeds%2Fadmin%2Fassets%2Fimg&name=save-plus-icon.svg HTTP/1.1" 200 1410 "https://sportsfever360.com/filemanger/index.php?dir=%2Fhome%2Fsportsfever%2Fwww%2Fwp-content%2Fplugins%2Fcustom-twitter-feeds%2Fadmin%2Fassets%2Fimg" "Mozilla/5.0 AppleWebKit/537.36 (KHTML, like Gecko; compatible; GPTBot/1.3; +https://openai.com/gptbot)"
57.141.20.46 - - [09/Mar/2026:19:33:01 +0500] "GET /filemanger/delete_line.php?dir=%2Fhome%2Fsportsfever%2Fpublic_html%2Fwp-content%2Fplugins%2Fpopup-maker%2Ftrunk%2Fincludes%2Ffunctions%2Fpopups&name=queries.php&line=61 HTTP/1.1" 200 1571 "-" "meta-externalagent/1.1 (+https://developers.facebook.com/docs/sharing/webmasters/crawler)"
74.7.227.128 - - [09/Mar/2026:19:33:01 +0500] "GET /filemanger/edit_line.php?dir=%2Fhome%2Fsportsfever%2Fwww%2Fwp-content%2Fplugins%2Fwp-file-manager%2Flib%2Fcodemirror%2Fmode%2Fpug&line=475&name=pug.js HTTP/1.1" 200 618 "https://www.sportsfever360.com/filemanger/edit_text_line.php?dir=%2Fhome%2Fsportsfever%2Fwww%2Fwp-content%2Fplugins%2Fwp-file-manager%2Flib%2Fcodemirror%2Fmode%2Fpug&name=pug.js" "Mozilla/5.0 AppleWebKit/537.36 (KHTML, like Gecko; compatible; GPTBot/1.3; +https://openai.com/gptbot)"
74.7.227.43 - - [09/Mar/2026:19:33:02 +0500] "GET /filemanger/edit_text_line.php?dir=%2Fhome%2Fsportsfever%2Fwww%2Fclone%2Fwp-content%2Fplugins%2Fninja-forms%2Fassets%2Fjs%2Flib&name=backbone.radio.min.js HTTP/1.1" 200 2623 "https://sportsfever360.com/filemanger/file_chmod.php?dir=%2Fhome%2Fsportsfever%2Fwww%2Fclone%2Fwp-content%2Fplugins%2Fninja-forms%2Fassets%2Fjs%2Flib&name=backbone.radio.min.js" "Mozilla/5.0 AppleWebKit/537.36 (KHTML, like Gecko; compatible; GPTBot/1.3; +https://openai.com/gptbot)"
74.7.227.128 - - [09/Mar/2026:19:33:02 +0500] "GET /filemanger/edit_line.php?dir=%2Fhome%2Fsportsfever%2Fwww%2Fwp-content%2Fplugins%2Fwp-file-manager%2Flib%2Fcodemirror%2Fmode%2Fpug&line=301&name=pug.js HTTP/1.1" 200 618 "https://www.sportsfever360.com/filemanger/edit_text_line.php?dir=%2Fhome%2Fsportsfever%2Fwww%2Fwp-content%2Fplugins%2Fwp-file-manager%2Flib%2Fcodemirror%2Fmode%2Fpug&name=pug.js" "Mozilla/5.0 AppleWebKit/537.36 (KHTML, like Gecko; compatible; GPTBot/1.3; +https://openai.com/gptbot)"
57.141.20.44 - - [09/Mar/2026:19:33:02 +0500] "GET /filemanger/delete_line.php?dir=%2Fhome%2Fsportsfever%2Fpublic_html%2Fclone%2Fwp-content%2Fplugins%2Fpopup-maker%2Ftrunk%2Fincludes%2Ffunctions%2Futils&name=cache.php&line=3 HTTP/1.1" 200 1571 "-" "meta-externalagent/1.1 (+https://developers.facebook.com/docs/sharing/webmasters/crawler)"
74.7.227.43 - - [09/Mar/2026:19:33:02 +0500] "GET /filemanger/file_rename.php?dir=%2Fhome%2Fsportsfever%2Fwww%2Fclone%2Fwp-content%2Fuploads%2F2021%2F03&name=Emirates-CAFU-D10-Celebration.jpg HTTP/1.1" 200 1003 "https://sportsfever360.com/filemanger/index.php?dir=%2Fhome%2Fsportsfever%2Fwww%2Fclone%2Fwp-content%2Fuploads%2F2021%2F03" "Mozilla/5.0 AppleWebKit/537.36 (KHTML, like Gecko; compatible; GPTBot/1.3; +https://openai.com/gptbot)"
57.141.20.24 - - [09/Mar/2026:19:33:02 +0500] "GET /filemanger/edit_line.php?dir=%2Fhome%2Fsportsfever%2Fhttpdocs%2Fwp-content%2Fplugins%2Fpopup-maker%2Ftrunk%2Fincludes%2Fpum-sdk&name=class-pum-extension-activation.php&line=14 HTTP/1.1" 200 1551 "-" "meta-externalagent/1.1 (+https://developers.facebook.com/docs/sharing/webmasters/crawler)"
74.7.227.128 - - [09/Mar/2026:19:33:02 +0500] "GET /filemanger/edit_line.php?dir=%2Fhome%2Fsportsfever%2Fwww%2Fwp-content%2Fplugins%2Fwp-file-manager%2Flib%2Fcodemirror%2Fmode%2Fpug&line=431&name=pug.js HTTP/1.1" 200 618 "https://www.sportsfever360.com/filemanger/edit_text_line.php?dir=%2Fhome%2Fsportsfever%2Fwww%2Fwp-content%2Fplugins%2Fwp-file-manager%2Flib%2Fcodemirror%2Fmode%2Fpug&name=pug.js" "Mozilla/5.0 AppleWebKit/537.36 (KHTML, like Gecko; compatible; GPTBot/1.3; +https://openai.com/gptbot)"
74.7.227.43 - - [09/Mar/2026:19:33:03 +0500] "GET /filemanger/file_delete.php?dir=%2Fhome%2Fsportsfever%2Fwww%2Fclone%2Fwp-content%2Fuploads%2F2021%2F03&name=Emirates-CAFU-D10-Celebration.jpg HTTP/1.1" 200 1041 "https://sportsfever360.com/filemanger/file.php?dir=%2Fhome%2Fsportsfever%2Fwww%2Fclone%2Fwp-content%2Fuploads%2F2021%2F03&name=Emirates-CAFU-D10-Celebration.jpg" "Mozilla/5.0 AppleWebKit/537.36 (KHTML, like Gecko; compatible; GPTBot/1.3; +https://openai.com/gptbot)"
74.7.227.128 - - [09/Mar/2026:19:33:03 +0500] "GET /filemanger/edit_line.php?dir=%2Fhome%2Fsportsfever%2Fwww%2Fwp-content%2Fplugins%2Fwp-file-manager%2Flib%2Fcodemirror%2Fmode%2Fpug&line=374&name=pug.js HTTP/1.1" 200 618 "https://www.sportsfever360.com/filemanger/edit_text_line.php?dir=%2Fhome%2Fsportsfever%2Fwww%2Fwp-content%2Fplugins%2Fwp-file-manager%2Flib%2Fcodemirror%2Fmode%2Fpug&name=pug.js" "Mozilla/5.0 AppleWebKit/537.36 (KHTML, like Gecko; compatible; GPTBot/1.3; +https://openai.com/gptbot)"
57.141.20.25 - - [09/Mar/2026:19:33:03 +0500] "GET /filemanger/delete_line.php?dir=%2Fhome%2Fsportsfever%2Fhttpdocs%2Fwp-content%2Fplugins%2Fninja-forms%2Flang&name=ninja-forms-es_MX.po&line=1584 HTTP/1.1" 200 1776 "-" "meta-externalagent/1.1 (+https://developers.facebook.com/docs/sharing/webmasters/crawler)"
74.7.227.43 - - [09/Mar/2026:19:33:03 +0500] "GET /filemanger/file_download.php?dir=%2Fhome%2Fsportsfever%2Fhttpdocs%2Fclone%2Fwp-content%2Fuploads%2Fsites%2F2%2F2020%2F10&name=maxresdefault-111x83.jpg HTTP/1.1" 200 3987 "https://sportsfever360.com/filemanger/file_rename.php?dir=%2Fhome%2Fsportsfever%2Fhttpdocs%2Fclone%2Fwp-content%2Fuploads%2Fsites%2F2%2F2020%2F10&name=maxresdefault-111x83.jpg" "Mozilla/5.0 AppleWebKit/537.36 (KHTML, like Gecko; compatible; GPTBot/1.3; +https://openai.com/gptbot)"
74.7.227.128 - - [09/Mar/2026:19:33:03 +0500] "GET /filemanger/edit_line.php?dir=%2Fhome%2Fsportsfever%2Fwww%2Fwp-content%2Fplugins%2Fwp-file-manager%2Flib%2Fcodemirror%2Fmode%2Fpug&line=349&name=pug.js HTTP/1.1" 200 618 "https://www.sportsfever360.com/filemanger/edit_text_line.php?dir=%2Fhome%2Fsportsfever%2Fwww%2Fwp-content%2Fplugins%2Fwp-file-manager%2Flib%2Fcodemirror%2Fmode%2Fpug&name=pug.js" "Mozilla/5.0 AppleWebKit/537.36 (KHTML, like Gecko; compatible; GPTBot/1.3; +https://openai.com/gptbot)"
57.141.20.56 - - [09/Mar/2026:19:33:04 +0500] "GET /filemanger/edit_line.php?dir=%2Fhome%2Fsportsfever%2Fwww%2Fclone%2Fwp-content%2Fplugins%2Fsitepress-multilingual-cms%2Fvendor%2Fphpmyadmin%2Fsql-parser%2Fsrc%2FUtils&name=Query.php&line=752 HTTP/1.1" 200 1551 "-" "meta-externalagent/1.1 (+https://developers.facebook.com/docs/sharing/webmasters/crawler)"
74.7.227.43 - - [09/Mar/2026:19:33:04 +0500] "GET /filemanger/index.php?dir=%2Fhome%2Fsportsfever%2Fpublic_html%2Fwp-includes%2Fblocks%2Fspacer HTTP/1.1" 200 1393 "https://sportsfever360.com/filemanger/index.php?dir=%2Fhome%2Fsportsfever%2Fpublic_html%2Fwp-includes%2Fblocks" "Mozilla/5.0 AppleWebKit/537.36 (KHTML, like Gecko; compatible; GPTBot/1.3; +https://openai.com/gptbot)"
74.7.227.128 - - [09/Mar/2026:19:33:04 +0500] "GET /filemanger/edit_line.php?dir=%2Fhome%2Fsportsfever%2Fwww%2Fwp-content%2Fplugins%2Fwp-file-manager%2Flib%2Fcodemirror%2Fmode%2Fpug&line=405&name=pug.js HTTP/1.1" 200 618 "https://www.sportsfever360.com/filemanger/edit_text_line.php?dir=%2Fhome%2Fsportsfever%2Fwww%2Fwp-content%2Fplugins%2Fwp-file-manager%2Flib%2Fcodemirror%2Fmode%2Fpug&name=pug.js" "Mozilla/5.0 AppleWebKit/537.36 (KHTML, like Gecko; compatible; GPTBot/1.3; +https://openai.com/gptbot)"
57.141.20.21 - - [09/Mar/2026:19:33:04 +0500] "GET /filemanger/delete_line.php?dir=%2Fhome%2Fsportsfever%2Fhttpdocs%2Fwp-content%2Fplugins%2Fwordpress-seo%2Fvendor%2Fcomposer&name=autoload_static.php&line=76 HTTP/1.1" 200 1571 "-" "meta-externalagent/1.1 (+https://developers.facebook.com/docs/sharing/webmasters/crawler)"
74.7.227.43 - - [09/Mar/2026:19:33:04 +0500] "GET /filemanger/index.php?dir=%2Fhome%2Fsportsfever%2Fpublic_html%2Fwp-includes%2Fimages%2Fmedia HTTP/1.1" 200 1683 "https://sportsfever360.com/filemanger/index.php?dir=%2Fhome%2Fsportsfever%2Fpublic_html%2Fwp-includes%2Fimages" "Mozilla/5.0 AppleWebKit/537.36 (KHTML, like Gecko; compatible; GPTBot/1.3; +https://openai.com/gptbot)"
57.141.20.45 - - [09/Mar/2026:19:33:04 +0500] "GET /filemanger/edit_line.php?dir=%2Fhome%2Fsportsfever%2Fhttpdocs%2Fclone%2Fwp-content%2Fplugins%2Fsitepress-multilingual-cms%2Fclasses%2Fwpml-wp&name=class-wpml-wp-api.php&line=194 HTTP/1.1" 200 1551 "-" "meta-externalagent/1.1 (+https://developers.facebook.com/docs/sharing/webmasters/crawler)"
74.7.227.128 - - [09/Mar/2026:19:33:04 +0500] "GET /filemanger/edit_line.php?dir=%2Fhome%2Fsportsfever%2Fwww%2Fwp-content%2Fplugins%2Fwp-file-manager%2Flib%2Fcodemirror%2Fmode%2Fpug&line=390&name=pug.js HTTP/1.1" 200 618 "https://www.sportsfever360.com/filemanger/edit_text_line.php?dir=%2Fhome%2Fsportsfever%2Fwww%2Fwp-content%2Fplugins%2Fwp-file-manager%2Flib%2Fcodemirror%2Fmode%2Fpug&name=pug.js" "Mozilla/5.0 AppleWebKit/537.36 (KHTML, like Gecko; compatible; GPTBot/1.3; +https://openai.com/gptbot)"
74.7.227.43 - - [09/Mar/2026:19:33:05 +0500] "GET /filemanger/delete_line.php?dir=%2Fhome%2Fsportsfever%2Fhttpdocs%2Fclone%2Fwp-content%2Fplugins%2Fthemify-builder%2Fjs%2Feditor%2Flazy-components&line=0&name=help.js HTTP/1.1" 200 616 "https://sportsfever360.com/filemanger/edit_text_line.php?dir=%2Fhome%2Fsportsfever%2Fhttpdocs%2Fclone%2Fwp-content%2Fplugins%2Fthemify-builder%2Fjs%2Feditor%2Flazy-components&name=help.js" "Mozilla/5.0 AppleWebKit/537.36 (KHTML, like Gecko; compatible; GPTBot/1.3; +https://openai.com/gptbot)"
57.141.20.37 - - [09/Mar/2026:19:33:05 +0500] "GET /filemanger/delete_line.php?dir=%2Fhome%2Fsportsfever%2Fhttpdocs%2Fwp-content%2Fplugins%2Fcustom-twitter-feeds%2Fvendor%2Fcomposer&name=autoload_real.php&line=29 HTTP/1.1" 200 1571 "-" "meta-externalagent/1.1 (+https://developers.facebook.com/docs/sharing/webmasters/crawler)"
74.7.227.128 - - [09/Mar/2026:19:33:05 +0500] "GET /filemanger/delete_line.php?dir=%2Fhome%2Fsportsfever%2Fwww%2Fwp-content%2Fplugins%2Fwp-file-manager%2Flib%2Fcodemirror%2Fmode%2Fslim&line=27&name=test.js HTTP/1.1" 200 616 "https://www.sportsfever360.com/filemanger/edit_text_line.php?dir=%2Fhome%2Fsportsfever%2Fwww%2Fwp-content%2Fplugins%2Fwp-file-manager%2Flib%2Fcodemirror%2Fmode%2Fslim&name=test.js" "Mozilla/5.0 AppleWebKit/537.36 (KHTML, like Gecko; compatible; GPTBot/1.3; +https://openai.com/gptbot)"
74.7.227.43 - - [09/Mar/2026:19:33:05 +0500] "GET /filemanger/edit_text.php?dir=%2Fhome%2Fsportsfever%2Fwww%2Fwp-content%2Fthemes%2FDivi%2Flang&name=ar.mo HTTP/1.1" 200 23438 "https://sportsfever360.com/filemanger/index.php?dir=%2Fhome%2Fsportsfever%2Fwww%2Fwp-content%2Fthemes%2FDivi%2Flang" "Mozilla/5.0 AppleWebKit/537.36 (KHTML, like Gecko; compatible; GPTBot/1.3; +https://openai.com/gptbot)"
74.7.227.128 - - [09/Mar/2026:19:33:05 +0500] "GET /filemanger/delete_line.php?dir=%2Fhome%2Fsportsfever%2Fwww%2Fwp-content%2Fplugins%2Fwp-file-manager%2Flib%2Fcodemirror%2Fmode%2Febnf&line=90&name=ebnf.js HTTP/1.1" 200 616 "https://www.sportsfever360.com/filemanger/edit_text_line.php?dir=%2Fhome%2Fsportsfever%2Fwww%2Fwp-content%2Fplugins%2Fwp-file-manager%2Flib%2Fcodemirror%2Fmode%2Febnf&name=ebnf.js" "Mozilla/5.0 AppleWebKit/537.36 (KHTML, like Gecko; compatible; GPTBot/1.3; +https://openai.com/gptbot)"
57.141.20.53 - - [09/Mar/2026:19:33:05 +0500] "GET /filemanger/delete_line.php?dir=%2Fhome%2Fsportsfever%2Fwww%2Fclone%2Fwp-content%2Fplugins%2Fpopup-maker%2Fclasses%2FAdmin&name=Ajax.php&line=78 HTTP/1.1" 200 1571 "-" "meta-externalagent/1.1 (+https://developers.facebook.com/docs/sharing/webmasters/crawler)"
57.141.20.32 - - [09/Mar/2026:19:33:06 +0500] "GET /filemanger/edit_line.php?dir=%2Fhome%2Fsportsfever%2Fhttpdocs%2Fclone%2Fwp-includes&name=global-styles-and-settings.php&line=122 HTTP/1.1" 200 1551 "-" "meta-externalagent/1.1 (+https://developers.facebook.com/docs/sharing/webmasters/crawler)"
74.7.227.43 - - [09/Mar/2026:19:33:06 +0500] "GET /filemanger/edit_text.php?dir=%2Fhome%2Fsportsfever%2Fwww%2Fwp-content%2Fthemes%2FDivi%2Flang&name=fi.mo HTTP/1.1" 200 21611 "https://sportsfever360.com/filemanger/index.php?dir=%2Fhome%2Fsportsfever%2Fwww%2Fwp-content%2Fthemes%2FDivi%2Flang" "Mozilla/5.0 AppleWebKit/537.36 (KHTML, like Gecko; compatible; GPTBot/1.3; +https://openai.com/gptbot)"
74.7.227.128 - - [09/Mar/2026:19:33:06 +0500] "GET /filemanger/delete_line.php?dir=%2Fhome%2Fsportsfever%2Fwww%2Fwp-content%2Fplugins%2Fwp-file-manager%2Flib%2Fcodemirror%2Fmode%2Fslim&line=61&name=test.js HTTP/1.1" 200 616 "https://www.sportsfever360.com/filemanger/edit_text_line.php?dir=%2Fhome%2Fsportsfever%2Fwww%2Fwp-content%2Fplugins%2Fwp-file-manager%2Flib%2Fcodemirror%2Fmode%2Fslim&name=test.js" "Mozilla/5.0 AppleWebKit/537.36 (KHTML, like Gecko; compatible; GPTBot/1.3; +https://openai.com/gptbot)"
74.7.227.43 - - [09/Mar/2026:19:33:06 +0500] "GET /filemanger/edit_text.php?dir=%2Fhome%2Fsportsfever%2Fwww%2Fwp-content%2Fthemes%2FDivi%2Flang&name=tl.mo HTTP/1.1" 200 21440 "https://sportsfever360.com/filemanger/index.php?dir=%2Fhome%2Fsportsfever%2Fwww%2Fwp-content%2Fthemes%2FDivi%2Flang" "Mozilla/5.0 AppleWebKit/537.36 (KHTML, like Gecko; compatible; GPTBot/1.3; +https://openai.com/gptbot)"
74.7.227.128 - - [09/Mar/2026:19:33:06 +0500] "GET /filemanger/delete_line.php?dir=%2Fhome%2Fsportsfever%2Fwww%2Fwp-content%2Fplugins%2Fwp-file-manager%2Flib%2Fcodemirror%2Fmode%2Febnf&line=24&name=ebnf.js HTTP/1.1" 200 616 "https://www.sportsfever360.com/filemanger/edit_text_line.php?dir=%2Fhome%2Fsportsfever%2Fwww%2Fwp-content%2Fplugins%2Fwp-file-manager%2Flib%2Fcodemirror%2Fmode%2Febnf&name=ebnf.js" "Mozilla/5.0 AppleWebKit/537.36 (KHTML, like Gecko; compatible; GPTBot/1.3; +https://openai.com/gptbot)"
57.141.20.4 - - [09/Mar/2026:19:33:07 +0500] "GET /filemanger/delete_line.php?dir=%2Fhome%2Fsportsfever%2Fwww%2Fwp-content%2Fplugins%2Fsitepress-multilingual-cms%2Fvendor%2Fphpmyadmin%2Fsql-parser%2Flocale%2Fko%2FLC_MESSAGES&name=sqlparser.po&line=86 HTTP/1.1" 200 1776 "-" "meta-externalagent/1.1 (+https://developers.facebook.com/docs/sharing/webmasters/crawler)"
74.7.227.43 - - [09/Mar/2026:19:33:07 +0500] "GET /filemanger/edit_text.php?dir=%2Fhome%2Fsportsfever%2Fwww%2Fwp-content%2Fthemes%2FDivi%2Flang&name=vi.mo HTTP/1.1" 200 21497 "https://sportsfever360.com/filemanger/index.php?dir=%2Fhome%2Fsportsfever%2Fwww%2Fwp-content%2Fthemes%2FDivi%2Flang" "Mozilla/5.0 AppleWebKit/537.36 (KHTML, like Gecko; compatible; GPTBot/1.3; +https://openai.com/gptbot)"
74.7.227.128 - - [09/Mar/2026:19:33:07 +0500] "GET /filemanger/file_Copy.php?dir=%2Fhome%2Fsportsfever%2Fwww%2Fwp-content%2Fplugins%2Fwpforms-lite%2Fassets%2Fjs%2Fadmin%2Fsplash&name=modal.min.js HTTP/1.1" 200 20 "https://www.sportsfever360.com/filemanger/edit_text.php?dir=%2Fhome%2Fsportsfever%2Fwww%2Fwp-content%2Fplugins%2Fwpforms-lite%2Fassets%2Fjs%2Fadmin%2Fsplash&name=modal.min.js" "Mozilla/5.0 AppleWebKit/537.36 (KHTML, like Gecko; compatible; GPTBot/1.3; +https://openai.com/gptbot)"
57.141.20.18 - - [09/Mar/2026:19:33:07 +0500] "GET /filemanger/delete_line.php?dir=%2Fhome%2Fsportsfever%2Fhttpdocs%2Fwp-content%2Fplugins%2Faccelerated-mobile-pages%2Fpagebuilder&name=amp-page-builder.php&line=226 HTTP/1.1" 200 1571 "-" "meta-externalagent/1.1 (+https://developers.facebook.com/docs/sharing/webmasters/crawler)"
57.141.20.41 - - [09/Mar/2026:19:33:07 +0500] "GET /filemanger/edit_line.php?dir=%2Fhome%2Fsportsfever%2Fwww%2Fclone%2Fwp-content%2Fplugins%2Fwordpress-seo%2Fsrc%2Fpresentations&name=indexable-presentation.php&line=158 HTTP/1.1" 200 1551 "-" "meta-externalagent/1.1 (+https://developers.facebook.com/docs/sharing/webmasters/crawler)"
74.7.227.43 - - [09/Mar/2026:19:33:07 +0500] "GET /filemanger/folder_edit.php?dir=%2Fhome%2Fsportsfever%2Fwww%2Fclone%2Fwp-content%2Fet-cache&name=1 HTTP/1.1" 200 780 "https://sportsfever360.com/filemanger/index.php?dir=%2Fhome%2Fsportsfever%2Fwww%2Fclone%2Fwp-content%2Fet-cache" "Mozilla/5.0 AppleWebKit/537.36 (KHTML, like Gecko; compatible; GPTBot/1.3; +https://openai.com/gptbot)"
74.7.227.128 - - [09/Mar/2026:19:33:08 +0500] "GET /filemanger/file_copy.php?dir=%2Fhome%2Fsportsfever%2Fwww%2Fclone%2Fwp-content%2Fplugins%2Fninja-forms%2Fassets%2Fimg%2Fadd-ons&name=zapier.png HTTP/1.1" 200 1039 "https://www.sportsfever360.com/filemanger/file_chmod.php?dir=%2Fhome%2Fsportsfever%2Fwww%2Fclone%2Fwp-content%2Fplugins%2Fninja-forms%2Fassets%2Fimg%2Fadd-ons&name=zapier.png" "Mozilla/5.0 AppleWebKit/537.36 (KHTML, like Gecko; compatible; GPTBot/1.3; +https://openai.com/gptbot)"
74.7.227.43 - - [09/Mar/2026:19:33:08 +0500] "GET /filemanger/edit_text.php?dir=%2Fhome%2Fsportsfever%2Fwww%2Fwp-content%2Fthemes%2FDivi%2Flang&name=ja.mo HTTP/1.1" 200 22504 "https://sportsfever360.com/filemanger/index.php?dir=%2Fhome%2Fsportsfever%2Fwww%2Fwp-content%2Fthemes%2FDivi%2Flang" "Mozilla/5.0 AppleWebKit/537.36 (KHTML, like Gecko; compatible; GPTBot/1.3; +https://openai.com/gptbot)"
57.141.20.9 - - [09/Mar/2026:19:33:08 +0500] "GET /filemanger/edit_line.php?dir=%2Fhome%2Fsportsfever%2Fwww%2Fclone%2Fwp-content%2Fplugins%2Fwordpress-seo%2Fsrc%2Fconditionals&name=premium-inactive-conditional.php&line=4 HTTP/1.1" 200 1551 "-" "meta-externalagent/1.1 (+https://developers.facebook.com/docs/sharing/webmasters/crawler)"
74.7.227.128 - - [09/Mar/2026:19:33:08 +0500] "GET /filemanger/file_copy.php?dir=%2Fhome%2Fsportsfever%2Fwww%2Fclone%2Fwp-content%2Fplugins%2Fninja-forms%2Fassets%2Fimg%2Fadd-ons&name=trello.png HTTP/1.1" 200 1037 "https://www.sportsfever360.com/filemanger/file_chmod.php?dir=%2Fhome%2Fsportsfever%2Fwww%2Fclone%2Fwp-content%2Fplugins%2Fninja-forms%2Fassets%2Fimg%2Fadd-ons&name=trello.png" "Mozilla/5.0 AppleWebKit/537.36 (KHTML, like Gecko; compatible; GPTBot/1.3; +https://openai.com/gptbot)"
57.141.20.4 - - [09/Mar/2026:19:33:08 +0500] "GET /filemanger/delete_line.php?dir=%2Fhome%2Fsportsfever%2Fhttpdocs%2Fwp-content%2Fplugins%2Fthemify-builder%2Ftemplates&name=builder-layout-part-output.php&line=20 HTTP/1.1" 200 1571 "-" "meta-externalagent/1.1 (+https://developers.facebook.com/docs/sharing/webmasters/crawler)"
74.7.227.43 - - [09/Mar/2026:19:33:08 +0500] "GET /filemanger/edit_text.php?dir=%2Fhome%2Fsportsfever%2Fwww%2Fwp-content%2Fthemes%2FDivi%2Flang&name=th.mo HTTP/1.1" 200 24144 "https://sportsfever360.com/filemanger/index.php?dir=%2Fhome%2Fsportsfever%2Fwww%2Fwp-content%2Fthemes%2FDivi%2Flang" "Mozilla/5.0 AppleWebKit/537.36 (KHTML, like Gecko; compatible; GPTBot/1.3; +https://openai.com/gptbot)"
74.7.227.128 - - [09/Mar/2026:19:33:09 +0500] "GET /filemanger/file_chmod.php?dir=%2Fhome%2Fsportsfever%2Fwww%2Fwp-content%2Fplugins%2Fwp-file-manager%2Flib%2Fcodemirror%2Fmode%2Fgas&name=gas.js HTTP/1.1" 200 1045 "https://www.sportsfever360.com/filemanger/index.php?dir=%2Fhome%2Fsportsfever%2Fwww%2Fwp-content%2Fplugins%2Fwp-file-manager%2Flib%2Fcodemirror%2Fmode%2Fgas" "Mozilla/5.0 AppleWebKit/537.36 (KHTML, like Gecko; compatible; GPTBot/1.3; +https://openai.com/gptbot)"
57.141.20.6 - - [09/Mar/2026:19:33:09 +0500] "GET /filemanger/delete_line.php?dir=%2Fhome%2Fsportsfever%2Fpublic_html%2Fwp-content%2Fplugins%2Fpopup-maker%2Ftrunk%2Fclasses&name=Types.php&line=94 HTTP/1.1" 200 1571 "-" "meta-externalagent/1.1 (+https://developers.facebook.com/docs/sharing/webmasters/crawler)"
74.7.227.43 - - [09/Mar/2026:19:33:09 +0500] "GET /filemanger/edit_text.php?dir=%2Fhome%2Fsportsfever%2Fwww%2Fwp-content%2Fthemes%2FDivi%2Flang&name=uk.mo HTTP/1.1" 200 25033 "https://sportsfever360.com/filemanger/index.php?dir=%2Fhome%2Fsportsfever%2Fwww%2Fwp-content%2Fthemes%2FDivi%2Flang" "Mozilla/5.0 AppleWebKit/537.36 (KHTML, like Gecko; compatible; GPTBot/1.3; +https://openai.com/gptbot)"
74.7.227.128 - - [09/Mar/2026:19:33:09 +0500] "GET /filemanger/file_chmod.php?dir=%2Fhome%2Fsportsfever%2Fwww%2Fwp-content%2Fplugins%2Fwp-smushit%2Fapp%2Fassets%2Fimages&name=firefox-logo@2x.png HTTP/1.1" 200 1003 "https://www.sportsfever360.com/filemanger/index.php?dir=%2Fhome%2Fsportsfever%2Fwww%2Fwp-content%2Fplugins%2Fwp-smushit%2Fapp%2Fassets%2Fimages" "Mozilla/5.0 AppleWebKit/537.36 (KHTML, like Gecko; compatible; GPTBot/1.3; +https://openai.com/gptbot)"
57.141.20.9 - - [09/Mar/2026:19:33:09 +0500] "GET /filemanger/edit_line.php?dir=%2Fhome%2Fsportsfever%2Fwww%2Fwp-content%2Fplugins%2Fwordpress-seo%2Fsrc%2Fpresenters%2Fadmin&name=light-switch-presenter.php&line=146 HTTP/1.1" 200 1551 "-" "meta-externalagent/1.1 (+https://developers.facebook.com/docs/sharing/webmasters/crawler)"
74.7.227.43 - - [09/Mar/2026:19:33:10 +0500] "GET /filemanger/file.php?dir=%2Fhome%2Fsportsfever%2Fpublic_html%2Fwp-content%2Fuploads%2Fsites%2F2%2F2020%2F07&name=IMG-20200713-WA0022-74x55.jpg HTTP/1.1" 200 1078 "https://sportsfever360.com/filemanger/index.php?dir=%2Fhome%2Fsportsfever%2Fpublic_html%2Fwp-content%2Fuploads%2Fsites%2F2%2F2020%2F07" "Mozilla/5.0 AppleWebKit/537.36 (KHTML, like Gecko; compatible; GPTBot/1.3; +https://openai.com/gptbot)"
74.7.227.128 - - [09/Mar/2026:19:33:10 +0500] "GET /filemanger/file_rename.php?dir=%2Fhome%2Fsportsfever%2Fwww%2Fclone%2Fwp-content%2Fthemes%2Fherald%2Finc%2Fdemos%2F06_blog&name=screen-image.png HTTP/1.1" 200 1011 "https://www.sportsfever360.com/filemanger/index.php?dir=%2Fhome%2Fsportsfever%2Fwww%2Fclone%2Fwp-content%2Fthemes%2Fherald%2Finc%2Fdemos%2F06_blog" "Mozilla/5.0 AppleWebKit/537.36 (KHTML, like Gecko; compatible; GPTBot/1.3; +https://openai.com/gptbot)"
57.141.20.14 - - [09/Mar/2026:19:33:10 +0500] "GET /filemanger/edit_line.php?dir=%2Fhome%2Fsportsfever%2Fwww%2Fwp-content%2Fplugins%2Faccelerated-mobile-pages%2Fincludes%2Ftruepush-integration&name=amp-web-push-helper-frame.html&line=3 HTTP/1.1" 200 1551 "-" "meta-externalagent/1.1 (+https://developers.facebook.com/docs/sharing/webmasters/crawler)"
74.7.227.43 - - [09/Mar/2026:19:33:10 +0500] "GET /filemanger/upload.php?dir=%2Fhome%2Fsportsfever%2Fpublic_html%2Fwp-includes%2Fimages%2Fmedia HTTP/1.1" 200 788 "https://sportsfever360.com/filemanger/index.php?dir=%2Fhome%2Fsportsfever%2Fpublic_html%2Fwp-includes%2Fimages%2Fmedia" "Mozilla/5.0 AppleWebKit/537.36 (KHTML, like Gecko; compatible; GPTBot/1.3; +https://openai.com/gptbot)"
74.7.227.128 - - [09/Mar/2026:19:33:10 +0500] "GET /filemanger/file.php?dir=%2Fhome%2Fsportsfever%2Fwww%2Fclone%2Fwp-content%2Fplugins%2Fwp-bulk-delete%2Fassets%2Fimages&name=chosen-sprite@2x.png HTTP/1.1" 200 1086 "https://www.sportsfever360.com/filemanger/index.php?dir=%2Fhome%2Fsportsfever%2Fwww%2Fclone%2Fwp-content%2Fplugins%2Fwp-bulk-delete%2Fassets%2Fimages" "Mozilla/5.0 AppleWebKit/537.36 (KHTML, like Gecko; compatible; GPTBot/1.3; +https://openai.com/gptbot)"
57.141.20.14 - - [09/Mar/2026:19:33:10 +0500] "GET /filemanger/delete_line.php?dir=%2Fhome%2Fsportsfever%2Fhttpdocs%2Fwp-content%2Fplugins%2Fembedpress%2Fassets%2Fpdf%2Fbuild&name=script.js&line=24301 HTTP/1.1" 200 1571 "-" "meta-externalagent/1.1 (+https://developers.facebook.com/docs/sharing/webmasters/crawler)"
74.7.227.43 - - [09/Mar/2026:19:33:11 +0500] "GET /filemanger/import.php?dir=%2Fhome%2Fsportsfever%2Fpublic_html%2Fwp-includes%2Fimages%2Fmedia HTTP/1.1" 200 826 "https://sportsfever360.com/filemanger/index.php?dir=%2Fhome%2Fsportsfever%2Fpublic_html%2Fwp-includes%2Fimages%2Fmedia" "Mozilla/5.0 AppleWebKit/537.36 (KHTML, like Gecko; compatible; GPTBot/1.3; +https://openai.com/gptbot)"
57.141.20.24 - - [09/Mar/2026:19:33:11 +0500] "GET /filemanger/edit_line.php?dir=%2Fhome%2Fsportsfever%2Fwww%2Fwp-content%2Fplugins%2Finteractive-geo-maps%2Fassets%2Fadmin%2Fvendor%2Fautocomplete&name=package-lock.json&line=341 HTTP/1.1" 200 1756 "-" "meta-externalagent/1.1 (+https://developers.facebook.com/docs/sharing/webmasters/crawler)"
74.7.227.128 - - [09/Mar/2026:19:33:11 +0500] "GET /filemanger/file_copy.php?dir=%2Fhome%2Fsportsfever%2Fwww%2Fwp-content%2Fplugins%2Fwp-file-manager%2Flib%2Fcodemirror%2Fmode%2Ftiki&name=tiki.js HTTP/1.1" 200 1075 "https://www.sportsfever360.com/filemanger/edit_text.php?dir=%2Fhome%2Fsportsfever%2Fwww%2Fwp-content%2Fplugins%2Fwp-file-manager%2Flib%2Fcodemirror%2Fmode%2Ftiki&name=tiki.js" "Mozilla/5.0 AppleWebKit/537.36 (KHTML, like Gecko; compatible; GPTBot/1.3; +https://openai.com/gptbot)"
74.7.227.43 - - [09/Mar/2026:19:33:11 +0500] "GET /filemanger/create.php?dir=%2Fhome%2Fsportsfever%2Fpublic_html%2Fwp-includes%2Fimages%2Fmedia HTTP/1.1" 200 20 "https://sportsfever360.com/filemanger/index.php?dir=%2Fhome%2Fsportsfever%2Fpublic_html%2Fwp-includes%2Fimages%2Fmedia" "Mozilla/5.0 AppleWebKit/537.36 (KHTML, like Gecko; compatible; GPTBot/1.3; +https://openai.com/gptbot)"
74.7.227.128 - - [09/Mar/2026:19:33:11 +0500] "GET /filemanger/file_Copy.php?dir=%2Fhome%2Fsportsfever%2Fwww%2Fwp-content%2Fplugins%2Fwp-file-manager%2Flib%2Fcodemirror%2Fmode%2Fslim&name=test.js HTTP/1.1" 200 20 "https://www.sportsfever360.com/filemanger/edit_text.php?dir=%2Fhome%2Fsportsfever%2Fwww%2Fwp-content%2Fplugins%2Fwp-file-manager%2Flib%2Fcodemirror%2Fmode%2Fslim&name=test.js" "Mozilla/5.0 AppleWebKit/537.36 (KHTML, like Gecko; compatible; GPTBot/1.3; +https://openai.com/gptbot)"
57.141.20.5 - - [09/Mar/2026:19:33:11 +0500] "GET /filemanger/delete_line.php?dir=%2Fhome%2Fsportsfever%2Fwww%2Fclone%2Fwp-content%2Fplugins%2Fwpforms-lite%2Fassets%2Fcss&name=dashboard-widget.css&line=348 HTTP/1.1" 200 1571 "-" "meta-externalagent/1.1 (+https://developers.facebook.com/docs/sharing/webmasters/crawler)"
74.7.227.43 - - [09/Mar/2026:19:33:12 +0500] "GET /filemanger/file_Copy.php?dir=%2Fhome%2Fsportsfever%2Fwww%2Fwp-content%2Fthemes%2FDivi%2Flang&name=fi.mo HTTP/1.1" 200 20 "https://sportsfever360.com/filemanger/edit_text.php?dir=%2Fhome%2Fsportsfever%2Fwww%2Fwp-content%2Fthemes%2FDivi%2Flang&name=fi.mo" "Mozilla/5.0 AppleWebKit/537.36 (KHTML, like Gecko; compatible; GPTBot/1.3; +https://openai.com/gptbot)"
74.7.227.128 - - [09/Mar/2026:19:33:12 +0500] "GET /filemanger/file.php?dir=%2Fhome%2Fsportsfever%2Fwww%2Fclone%2Fwp-content%2Fplugins%2Fninja-forms%2Fassets%2Fjs%2Fmin&name=dashboard.min.js.map HTTP/1.1" 200 1061 "https://www.sportsfever360.com/filemanger/index.php?dir=%2Fhome%2Fsportsfever%2Fwww%2Fclone%2Fwp-content%2Fplugins%2Fninja-forms%2Fassets%2Fjs%2Fmin" "Mozilla/5.0 AppleWebKit/537.36 (KHTML, like Gecko; compatible; GPTBot/1.3; +https://openai.com/gptbot)"
57.141.20.27 - - [09/Mar/2026:19:33:12 +0500] "GET /filemanger/edit_line.php?dir=%2Fhome%2Fsportsfever%2Fwww%2Fclone%2Fwp-content%2Fthemes%2Fherald%2Fcore&name=default-options.php&line=302 HTTP/1.1" 200 1551 "-" "meta-externalagent/1.1 (+https://developers.facebook.com/docs/sharing/webmasters/crawler)"
74.7.227.43 - - [09/Mar/2026:19:33:12 +0500] "GET /filemanger/file_Copy.php?dir=%2Fhome%2Fsportsfever%2Fwww%2Fwp-content%2Fthemes%2FDivi%2Flang&name=ar.mo HTTP/1.1" 200 20 "https://sportsfever360.com/filemanger/edit_text.php?dir=%2Fhome%2Fsportsfever%2Fwww%2Fwp-content%2Fthemes%2FDivi%2Flang&name=ar.mo" "Mozilla/5.0 AppleWebKit/537.36 (KHTML, like Gecko; compatible; GPTBot/1.3; +https://openai.com/gptbot)"
74.7.227.128 - - [09/Mar/2026:19:33:12 +0500] "GET /filemanger/file.php?dir=%2Fhome%2Fsportsfever%2Fwww%2Fclone%2Fwp-content%2Fthemes%2FDivi%2Fcore%2Fadmin%2Fimages%2Fepanel&name=custom_rgb_b.png HTTP/1.1" 200 1091 "https://www.sportsfever360.com/filemanger/index.php?dir=%2Fhome%2Fsportsfever%2Fwww%2Fclone%2Fwp-content%2Fthemes%2FDivi%2Fcore%2Fadmin%2Fimages%2Fepanel" "Mozilla/5.0 AppleWebKit/537.36 (KHTML, like Gecko; compatible; GPTBot/1.3; +https://openai.com/gptbot)"
57.141.20.40 - - [09/Mar/2026:19:33:12 +0500] "GET /filemanger/edit_line.php?dir=%2Fhome%2Fsportsfever%2Fhttpdocs%2Fclone%2Fwp-content%2Fplugins%2Fsitepress-multilingual-cms%2Fvendor%2Fphpmyadmin%2Fsql-parser%2Fsrc%2FStatements&name=SelectStatement.php&line=74 HTTP/1.1" 200 1551 "-" "meta-externalagent/1.1 (+https://developers.facebook.com/docs/sharing/webmasters/crawler)"
74.7.227.43 - - [09/Mar/2026:19:33:13 +0500] "GET /filemanger/file_Copy.php?dir=%2Fhome%2Fsportsfever%2Fwww%2Fwp-content%2Fthemes%2FDivi%2Flang&name=tl.mo HTTP/1.1" 200 20 "https://sportsfever360.com/filemanger/edit_text.php?dir=%2Fhome%2Fsportsfever%2Fwww%2Fwp-content%2Fthemes%2FDivi%2Flang&name=tl.mo" "Mozilla/5.0 AppleWebKit/537.36 (KHTML, like Gecko; compatible; GPTBot/1.3; +https://openai.com/gptbot)"
74.7.227.128 - - [09/Mar/2026:19:33:13 +0500] "GET /filemanger/file_chmod.php?dir=%2Fhome%2Fsportsfever%2Fwww%2Fclone%2Fwp-content%2Fplugins%2Fwpforms-lite%2Fassets%2Flib%2Flity&name=lity.min.js HTTP/1.1" 200 1042 "https://www.sportsfever360.com/filemanger/index.php?dir=%2Fhome%2Fsportsfever%2Fwww%2Fclone%2Fwp-content%2Fplugins%2Fwpforms-lite%2Fassets%2Flib%2Flity" "Mozilla/5.0 AppleWebKit/537.36 (KHTML, like Gecko; compatible; GPTBot/1.3; +https://openai.com/gptbot)"
57.141.20.43 - - [09/Mar/2026:19:33:13 +0500] "GET /filemanger/file_copy.php?dir=%2Fhome%2Fsportsfever%2Fwww%2Fclone%2Fwp-content%2Fplugins%2Fwordfence%2Fcrypto%2Fvendor%2Fparagonie%2Fsodium_compat%2Fsrc%2FCore32%2FSecretStream&name=State.php HTTP/1.1" 200 6987 "-" "meta-externalagent/1.1 (+https://developers.facebook.com/docs/sharing/webmasters/crawler)"
57.141.20.38 - - [09/Mar/2026:19:33:13 +0500] "GET /filemanger/edit_line.php?dir=%2Fhome%2Fsportsfever%2Fhttpdocs%2Fwp-content%2Fplugins%2Fthemify-builder-pro%2Fadmin%2Fjs&name=tbp-admin.js&line=582 HTTP/1.1" 200 1551 "-" "meta-externalagent/1.1 (+https://developers.facebook.com/docs/sharing/webmasters/crawler)"
74.7.227.43 - - [09/Mar/2026:19:33:13 +0500] "GET /filemanger/file_Copy.php?dir=%2Fhome%2Fsportsfever%2Fwww%2Fwp-content%2Fthemes%2FDivi%2Flang&name=vi.mo HTTP/1.1" 200 20 "https://sportsfever360.com/filemanger/edit_text.php?dir=%2Fhome%2Fsportsfever%2Fwww%2Fwp-content%2Fthemes%2FDivi%2Flang&name=vi.mo" "Mozilla/5.0 AppleWebKit/537.36 (KHTML, like Gecko; compatible; GPTBot/1.3; +https://openai.com/gptbot)"
74.7.227.128 - - [09/Mar/2026:19:33:13 +0500] "GET /filemanger/file_delete.php?dir=%2Fhome%2Fsportsfever%2Fwww%2Fwp-content%2Fthemes%2FDivi%2Fcore%2Fadmin%2Fimages%2Fepanel&name=custom_hsb_h.png HTTP/1.1" 200 1049 "https://www.sportsfever360.com/filemanger/file_rename.php?dir=%2Fhome%2Fsportsfever%2Fwww%2Fwp-content%2Fthemes%2FDivi%2Fcore%2Fadmin%2Fimages%2Fepanel&name=custom_hsb_h.png" "Mozilla/5.0 AppleWebKit/537.36 (KHTML, like Gecko; compatible; GPTBot/1.3; +https://openai.com/gptbot)"
74.7.227.43 - - [09/Mar/2026:19:33:14 +0500] "GET /filemanger/file_Copy.php?dir=%2Fhome%2Fsportsfever%2Fwww%2Fwp-content%2Fthemes%2FDivi%2Flang&name=ja.mo HTTP/1.1" 200 20 "https://sportsfever360.com/filemanger/edit_text.php?dir=%2Fhome%2Fsportsfever%2Fwww%2Fwp-content%2Fthemes%2FDivi%2Flang&name=ja.mo" "Mozilla/5.0 AppleWebKit/537.36 (KHTML, like Gecko; compatible; GPTBot/1.3; +https://openai.com/gptbot)"
74.7.227.128 - - [09/Mar/2026:19:33:14 +0500] "GET /filemanger/file.php?dir=%2Fhome%2Fsportsfever%2Fwww%2Fclone%2Fwp-content%2Fplugins%2Fwp-smushit%2F_src%2Fjs%2Ffrontend&name=resize-detection.js HTTP/1.1" 200 1071 "https://www.sportsfever360.com/filemanger/index.php?dir=%2Fhome%2Fsportsfever%2Fwww%2Fclone%2Fwp-content%2Fplugins%2Fwp-smushit%2F_src%2Fjs%2Ffrontend" "Mozilla/5.0 AppleWebKit/537.36 (KHTML, like Gecko; compatible; GPTBot/1.3; +https://openai.com/gptbot)"
57.141.20.26 - - [09/Mar/2026:19:33:14 +0500] "GET /filemanger/edit_line.php?dir=%2Fhome%2Fsportsfever%2Fpublic_html%2Fclone%2Fwp-content%2Fplugins%2Fsitepress-multilingual-cms%2Fvendor%2Fphpmyadmin%2Fsql-parser%2Flocale%2Fkk%2FLC_MESSAGES&name=sqlparser.po&line=96 HTTP/1.1" 200 1756 "-" "meta-externalagent/1.1 (+https://developers.facebook.com/docs/sharing/webmasters/crawler)"
74.7.227.43 - - [09/Mar/2026:19:33:14 +0500] "GET /filemanger/file_Copy.php?dir=%2Fhome%2Fsportsfever%2Fwww%2Fwp-content%2Fthemes%2FDivi%2Flang&name=th.mo HTTP/1.1" 200 20 "https://sportsfever360.com/filemanger/edit_text.php?dir=%2Fhome%2Fsportsfever%2Fwww%2Fwp-content%2Fthemes%2FDivi%2Flang&name=th.mo" "Mozilla/5.0 AppleWebKit/537.36 (KHTML, like Gecko; compatible; GPTBot/1.3; +https://openai.com/gptbot)"
74.7.227.128 - - [09/Mar/2026:19:33:14 +0500] "GET /filemanger/edit_text_line.php?dir=%2Fhome%2Fsportsfever%2Fwww%2Fwp-content%2Fplugins%2Fwp-file-manager%2Flib%2Fcodemirror%2Fmode%2Fgas&name=gas.js HTTP/1.1" 200 8773 "https://www.sportsfever360.com/filemanger/file_chmod.php?dir=%2Fhome%2Fsportsfever%2Fwww%2Fwp-content%2Fplugins%2Fwp-file-manager%2Flib%2Fcodemirror%2Fmode%2Fgas&name=gas.js" "Mozilla/5.0 AppleWebKit/537.36 (KHTML, like Gecko; compatible; GPTBot/1.3; +https://openai.com/gptbot)"
57.141.20.53 - - [09/Mar/2026:19:33:14 +0500] "GET /filemanger/edit_line.php?dir=%2Fhome%2Fsportsfever%2Fhttpdocs%2Fclone%2Fwp-includes%2Frest-api%2Fendpoints&name=class-wp-rest-posts-controller.php&line=2213 HTTP/1.1" 200 1551 "-" "meta-externalagent/1.1 (+https://developers.facebook.com/docs/sharing/webmasters/crawler)"
57.141.20.37 - - [09/Mar/2026:19:33:15 +0500] "GET /filemanger/delete_line.php?dir=%2Fhome%2Fsportsfever%2Fwww%2Fclone%2Fwp-content%2Fplugins%2Finteractive-geo-maps%2Fvendor%2Ffreemius%2Fwordpress-sdk%2Ftemplates&name=connect.php&line=235 HTTP/1.1" 200 1571 "-" "meta-externalagent/1.1 (+https://developers.facebook.com/docs/sharing/webmasters/crawler)"
74.7.227.43 - - [09/Mar/2026:19:33:15 +0500] "GET /filemanger/file_Copy.php?dir=%2Fhome%2Fsportsfever%2Fwww%2Fwp-content%2Fthemes%2FDivi%2Flang&name=uk.mo HTTP/1.1" 200 20 "https://sportsfever360.com/filemanger/edit_text.php?dir=%2Fhome%2Fsportsfever%2Fwww%2Fwp-content%2Fthemes%2FDivi%2Flang&name=uk.mo" "Mozilla/5.0 AppleWebKit/537.36 (KHTML, like Gecko; compatible; GPTBot/1.3; +https://openai.com/gptbot)"
74.7.227.128 - - [09/Mar/2026:19:33:15 +0500] "GET /filemanger/edit_text.php?dir=%2Fhome%2Fsportsfever%2Fwww%2Fwp-content%2Fplugins%2Fwp-file-manager%2Flib%2Fcodemirror%2Fmode%2Fdart&name=dart.js HTTP/1.1" 200 2696 "https://www.sportsfever360.com/filemanger/index.php?dir=%2Fhome%2Fsportsfever%2Fwww%2Fwp-content%2Fplugins%2Fwp-file-manager%2Flib%2Fcodemirror%2Fmode%2Fdart" "Mozilla/5.0 AppleWebKit/537.36 (KHTML, like Gecko; compatible; GPTBot/1.3; +https://openai.com/gptbot)"
57.141.20.42 - - [09/Mar/2026:19:33:15 +0500] "GET /filemanger/folder_copy.php?dir=%2Fhome%2Fsportsfever%2Fhttpdocs%2Fclone%2Fwp-content%2Fplugins%2Fmeks-smart-social-widget%2Fimg&name=social_icons HTTP/1.1" 200 4154 "-" "meta-externalagent/1.1 (+https://developers.facebook.com/docs/sharing/webmasters/crawler)"
74.7.227.43 - - [09/Mar/2026:19:33:15 +0500] "GET /filemanger/read_image.php?path=%2Fhome%2Fsportsfever%2Fpublic_html%2Fwp-content%2Fuploads%2Fsites%2F2%2F2020%2F07%2FIMG-20200713-WA0022-74x55.jpg HTTP/1.1" 200 282 "https://sportsfever360.com/filemanger/file.php?dir=%2Fhome%2Fsportsfever%2Fpublic_html%2Fwp-content%2Fuploads%2Fsites%2F2%2F2020%2F07&name=IMG-20200713-WA0022-74x55.jpg" "Mozilla/5.0 AppleWebKit/537.36 (KHTML, like Gecko; compatible; GPTBot/1.3; +https://openai.com/gptbot)"
74.7.227.128 - - [09/Mar/2026:19:33:15 +0500] "GET /filemanger/file.php?dir=%2Fhome%2Fsportsfever%2Fwww%2Fclone%2Fwp-content%2Fplugins%2Fninja-forms%2Fassets%2Fjs%2Flib&name=jquery.hotkeys.min.js HTTP/1.1" 200 1074 "https://www.sportsfever360.com/filemanger/index.php?dir=%2Fhome%2Fsportsfever%2Fwww%2Fclone%2Fwp-content%2Fplugins%2Fninja-forms%2Fassets%2Fjs%2Flib" "Mozilla/5.0 AppleWebKit/537.36 (KHTML, like Gecko; compatible; GPTBot/1.3; +https://openai.com/gptbot)"
57.141.20.21 - - [09/Mar/2026:19:33:16 +0500] "GET /filemanger/edit_line.php?dir=%2Fhome%2Fsportsfever%2Fwww%2Fwp-content%2Fplugins%2Fpassword-protect-page%2Fincludes&name=class-ppw-api.php&line=90 HTTP/1.1" 200 1551 "-" "meta-externalagent/1.1 (+https://developers.facebook.com/docs/sharing/webmasters/crawler)"
74.7.227.43 - - [09/Mar/2026:19:33:16 +0500] "GET /filemanger/file_copy.php?dir=%2Fhome%2Fsportsfever%2Fwww%2Fwp-content%2Fthemes%2FDivi%2Flang&name=uk.mo HTTP/1.1" 200 1008 "https://sportsfever360.com/filemanger/edit_text.php?dir=%2Fhome%2Fsportsfever%2Fwww%2Fwp-content%2Fthemes%2FDivi%2Flang&name=uk.mo" "Mozilla/5.0 AppleWebKit/537.36 (KHTML, like Gecko; compatible; GPTBot/1.3; +https://openai.com/gptbot)"
74.7.227.128 - - [09/Mar/2026:19:33:16 +0500] "GET /filemanger/read_image.php?path=%2Fhome%2Fsportsfever%2Fwww%2Fclone%2Fwp-content%2Fplugins%2Fwp-bulk-delete%2Fassets%2Fimages%2Fchosen-sprite%402x.png HTTP/1.1" 200 282 "https://www.sportsfever360.com/filemanger/file.php?dir=%2Fhome%2Fsportsfever%2Fwww%2Fclone%2Fwp-content%2Fplugins%2Fwp-bulk-delete%2Fassets%2Fimages&name=chosen-sprite@2x.png" "Mozilla/5.0 AppleWebKit/537.36 (KHTML, like Gecko; compatible; GPTBot/1.3; +https://openai.com/gptbot)"
74.7.227.43 - - [09/Mar/2026:19:33:16 +0500] "GET /filemanger/file_copy.php?dir=%2Fhome%2Fsportsfever%2Fwww%2Fwp-content%2Fthemes%2FDivi%2Flang&name=ja.mo HTTP/1.1" 200 1008 "https://sportsfever360.com/filemanger/edit_text.php?dir=%2Fhome%2Fsportsfever%2Fwww%2Fwp-content%2Fthemes%2FDivi%2Flang&name=ja.mo" "Mozilla/5.0 AppleWebKit/537.36 (KHTML, like Gecko; compatible; GPTBot/1.3; +https://openai.com/gptbot)"
57.141.20.17 - - [09/Mar/2026:19:33:16 +0500] "GET /filemanger/delete_line.php?dir=%2Fhome%2Fsportsfever%2Fhttpdocs%2Fclone%2Fwp-content%2Fwflogs&name=GeoLite2-Country.mmdb&line=2021 HTTP/1.1" 200 1776 "-" "meta-externalagent/1.1 (+https://developers.facebook.com/docs/sharing/webmasters/crawler)"
74.7.227.128 - - [09/Mar/2026:19:33:16 +0500] "GET /filemanger/edit_text.php?dir=%2Fhome%2Fsportsfever%2Fwww%2Fwp-content%2Fplugins%2Fwp-file-manager%2Flib%2Fcodemirror%2Fmode%2Fperl&name=perl.js HTTP/1.1" 200 10101 "https://www.sportsfever360.com/filemanger/index.php?dir=%2Fhome%2Fsportsfever%2Fwww%2Fwp-content%2Fplugins%2Fwp-file-manager%2Flib%2Fcodemirror%2Fmode%2Fperl" "Mozilla/5.0 AppleWebKit/537.36 (KHTML, like Gecko; compatible; GPTBot/1.3; +https://openai.com/gptbot)"
57.141.20.49 - - [09/Mar/2026:19:33:17 +0500] "GET /filemanger/edit_line.php?dir=%2Fhome%2Fsportsfever%2Fwww%2Fwp-includes&name=taxonomy.php&line=932 HTTP/1.1" 200 1551 "-" "meta-externalagent/1.1 (+https://developers.facebook.com/docs/sharing/webmasters/crawler)"
74.7.227.43 - - [09/Mar/2026:19:33:17 +0500] "GET /filemanger/file_copy.php?dir=%2Fhome%2Fsportsfever%2Fwww%2Fwp-content%2Fthemes%2FDivi%2Flang&name=th.mo HTTP/1.1" 200 1007 "https://sportsfever360.com/filemanger/edit_text.php?dir=%2Fhome%2Fsportsfever%2Fwww%2Fwp-content%2Fthemes%2FDivi%2Flang&name=th.mo" "Mozilla/5.0 AppleWebKit/537.36 (KHTML, like Gecko; compatible; GPTBot/1.3; +https://openai.com/gptbot)"
74.7.227.128 - - [09/Mar/2026:19:33:17 +0500] "GET /filemanger/edit_text.php?dir=%2Fhome%2Fsportsfever%2Fwww%2Fwp-content%2Fplugins%2Fwp-file-manager%2Flib%2Fcodemirror%2Fmode%2Fhaml&name=haml.js HTTP/1.1" 200 2596 "https://www.sportsfever360.com/filemanger/index.php?dir=%2Fhome%2Fsportsfever%2Fwww%2Fwp-content%2Fplugins%2Fwp-file-manager%2Flib%2Fcodemirror%2Fmode%2Fhaml" "Mozilla/5.0 AppleWebKit/537.36 (KHTML, like Gecko; compatible; GPTBot/1.3; +https://openai.com/gptbot)"
74.7.227.43 - - [09/Mar/2026:19:33:17 +0500] "GET /filemanger/file_copy.php?dir=%2Fhome%2Fsportsfever%2Fwww%2Fwp-content%2Fthemes%2FDivi%2Flang&name=vi.mo HTTP/1.1" 200 1008 "https://sportsfever360.com/filemanger/edit_text.php?dir=%2Fhome%2Fsportsfever%2Fwww%2Fwp-content%2Fthemes%2FDivi%2Flang&name=vi.mo" "Mozilla/5.0 AppleWebKit/537.36 (KHTML, like Gecko; compatible; GPTBot/1.3; +https://openai.com/gptbot)"
57.141.20.8 - - [09/Mar/2026:19:33:18 +0500] "GET /filemanger/file_delete.php?dir=%2Fhome%2Fsportsfever%2Fmail%2Fsportsfever360.com%2Fsi%2F.spam%2Fcur&name=1728521374.M197442P918258.c11.creativeon.net,S=25206,W=25561:2, HTTP/1.1" 200 5195 "-" "meta-externalagent/1.1 (+https://developers.facebook.com/docs/sharing/webmasters/crawler)"
74.7.227.128 - - [09/Mar/2026:19:33:18 +0500] "GET /filemanger/file_copy.php?dir=%2Fhome%2Fsportsfever%2Fwww%2Fwp-content%2Fplugins%2Fwp-file-manager%2Flib%2Fcodemirror%2Fmode%2Fmirc&name=mirc.js HTTP/1.1" 200 1074 "https://www.sportsfever360.com/filemanger/edit_text.php?dir=%2Fhome%2Fsportsfever%2Fwww%2Fwp-content%2Fplugins%2Fwp-file-manager%2Flib%2Fcodemirror%2Fmode%2Fmirc&name=mirc.js" "Mozilla/5.0 AppleWebKit/537.36 (KHTML, like Gecko; compatible; GPTBot/1.3; +https://openai.com/gptbot)"
57.141.20.43 - - [09/Mar/2026:19:33:18 +0500] "GET /filemanger/file_Copy.php?dir=%2Fhome%2Fsportsfever%2Fwww%2Fclone%2Fwp-content%2Fplugins%2Fsmart-slider-3%2FNextend%2FSmartSlider3%2FApplication%2FAdmin%2FGenerator%2FTemplate&name=CreateStep1Groups.php HTTP/1.1" 200 - "-" "meta-externalagent/1.1 (+https://developers.facebook.com/docs/sharing/webmasters/crawler)"
74.7.227.43 - - [09/Mar/2026:19:33:18 +0500] "GET /filemanger/file_copy.php?dir=%2Fhome%2Fsportsfever%2Fwww%2Fwp-content%2Fthemes%2FDivi%2Flang&name=ar.mo HTTP/1.1" 200 1007 "https://sportsfever360.com/filemanger/edit_text.php?dir=%2Fhome%2Fsportsfever%2Fwww%2Fwp-content%2Fthemes%2FDivi%2Flang&name=ar.mo" "Mozilla/5.0 AppleWebKit/537.36 (KHTML, like Gecko; compatible; GPTBot/1.3; +https://openai.com/gptbot)"
74.7.227.128 - - [09/Mar/2026:19:33:18 +0500] "GET /filemanger/read_image.php?path=%2Fhome%2Fsportsfever%2Fwww%2Fclone%2Fwp-content%2Fthemes%2FDivi%2Fcore%2Fadmin%2Fimages%2Fepanel%2Fcustom_rgb_b.png HTTP/1.1" 200 282 "https://www.sportsfever360.com/filemanger/file.php?dir=%2Fhome%2Fsportsfever%2Fwww%2Fclone%2Fwp-content%2Fthemes%2FDivi%2Fcore%2Fadmin%2Fimages%2Fepanel&name=custom_rgb_b.png" "Mozilla/5.0 AppleWebKit/537.36 (KHTML, like Gecko; compatible; GPTBot/1.3; +https://openai.com/gptbot)"
57.141.20.21 - - [09/Mar/2026:19:33:18 +0500] "GET /filemanger/delete_line.php?dir=%2Fhome%2Fsportsfever%2Fpublic_html%2Fwp-content%2Fplugins%2Fredux-framework%2Fredux-core%2Finc%2Ffields%2Fspinner&name=redux-spinner.css&line=2 HTTP/1.1" 200 1571 "-" "meta-externalagent/1.1 (+https://developers.facebook.com/docs/sharing/webmasters/crawler)"
74.7.227.43 - - [09/Mar/2026:19:33:18 +0500] "GET /filemanger/file_copy.php?dir=%2Fhome%2Fsportsfever%2Fwww%2Fwp-content%2Fthemes%2FDivi%2Flang&name=tl.mo HTTP/1.1" 200 1007 "https://sportsfever360.com/filemanger/edit_text.php?dir=%2Fhome%2Fsportsfever%2Fwww%2Fwp-content%2Fthemes%2FDivi%2Flang&name=tl.mo" "Mozilla/5.0 AppleWebKit/537.36 (KHTML, like Gecko; compatible; GPTBot/1.3; +https://openai.com/gptbot)"
74.7.227.128 - - [09/Mar/2026:19:33:19 +0500] "GET /filemanger/edit_text_line.php?dir=%2Fhome%2Fsportsfever%2Fwww%2Fclone%2Fwp-content%2Fplugins%2Fwpforms-lite%2Fassets%2Flib%2Flity&name=lity.min.js HTTP/1.1" 200 3929 "https://www.sportsfever360.com/filemanger/file_chmod.php?dir=%2Fhome%2Fsportsfever%2Fwww%2Fclone%2Fwp-content%2Fplugins%2Fwpforms-lite%2Fassets%2Flib%2Flity&name=lity.min.js" "Mozilla/5.0 AppleWebKit/537.36 (KHTML, like Gecko; compatible; GPTBot/1.3; +https://openai.com/gptbot)"
57.141.20.19 - - [09/Mar/2026:19:33:19 +0500] "GET /filemanger/delete_line.php?dir=%2Fhome%2Fsportsfever%2Fpublic_html%2Fclone%2Fwp-content%2Fplugins%2Fwordfence%2Fwaf&name=bootstrap.php&line=607 HTTP/1.1" 200 1571 "-" "meta-externalagent/1.1 (+https://developers.facebook.com/docs/sharing/webmasters/crawler)"
74.7.227.43 - - [09/Mar/2026:19:33:19 +0500] "GET /filemanger/file_copy.php?dir=%2Fhome%2Fsportsfever%2Fwww%2Fwp-content%2Fthemes%2FDivi%2Flang&name=fi.mo HTTP/1.1" 200 1008 "https://sportsfever360.com/filemanger/edit_text.php?dir=%2Fhome%2Fsportsfever%2Fwww%2Fwp-content%2Fthemes%2FDivi%2Flang&name=fi.mo" "Mozilla/5.0 AppleWebKit/537.36 (KHTML, like Gecko; compatible; GPTBot/1.3; +https://openai.com/gptbot)"
74.7.227.128 - - [09/Mar/2026:19:33:19 +0500] "GET /filemanger/file_rename.php?dir=%2Fhome%2Fsportsfever%2Fwww%2Fclone%2Fwp-content%2Fplugins%2Fwpforms-lite%2Fassets%2Flib%2Flity&name=lity.min.js HTTP/1.1" 200 1043 "https://www.sportsfever360.com/filemanger/file_chmod.php?dir=%2Fhome%2Fsportsfever%2Fwww%2Fclone%2Fwp-content%2Fplugins%2Fwpforms-lite%2Fassets%2Flib%2Flity&name=lity.min.js" "Mozilla/5.0 AppleWebKit/537.36 (KHTML, like Gecko; compatible; GPTBot/1.3; +https://openai.com/gptbot)"
57.141.20.28 - - [09/Mar/2026:19:33:19 +0500] "GET /filemanger/delete_line.php?dir=%2Fhome%2Fsportsfever%2Fpublic_html%2Fclone%2Fwp-content%2Fplugins%2Fembedpress%2Flanguages&name=embedpress.pot&line=2320 HTTP/1.1" 200 1776 "-" "meta-externalagent/1.1 (+https://developers.facebook.com/docs/sharing/webmasters/crawler)"
57.141.20.9 - - [09/Mar/2026:19:33:20 +0500] "GET /filemanger/edit_line.php?dir=%2Fhome%2Fsportsfever%2Fwww%2Fclone%2Fwp-content%2Fplugins%2Fpopup-builder%2Fcom%2Fclasses&name=ConvertToNewVersion.php&line=1171 HTTP/1.1" 200 1551 "-" "meta-externalagent/1.1 (+https://developers.facebook.com/docs/sharing/webmasters/crawler)"
74.7.227.128 - - [09/Mar/2026:19:33:20 +0500] "GET /filemanger/file_chmod.php?dir=%2Fhome%2Fsportsfever%2Fwww%2Fclone%2Fwp-content%2Fplugins%2Fwp-smushit%2F_src%2Fjs%2Fcommon&name=progressbar.js HTTP/1.1" 200 1051 "https://www.sportsfever360.com/filemanger/index.php?dir=%2Fhome%2Fsportsfever%2Fwww%2Fclone%2Fwp-content%2Fplugins%2Fwp-smushit%2F_src%2Fjs%2Fcommon" "Mozilla/5.0 AppleWebKit/537.36 (KHTML, like Gecko; compatible; GPTBot/1.3; +https://openai.com/gptbot)"
74.7.227.43 - - [09/Mar/2026:19:33:20 +0500] "GET /filemanger/edit_text_line.php?dir=%2Fhome%2Fsportsfever%2Fwww%2Fwp-content%2Fthemes%2FDivi%2Flang&name=th.mo HTTP/1.1" 200 26057 "https://sportsfever360.com/filemanger/edit_text.php?dir=%2Fhome%2Fsportsfever%2Fwww%2Fwp-content%2Fthemes%2FDivi%2Flang&name=th.mo" "Mozilla/5.0 AppleWebKit/537.36 (KHTML, like Gecko; compatible; GPTBot/1.3; +https://openai.com/gptbot)"
74.7.227.43 - - [09/Mar/2026:19:33:20 +0500] "GET /filemanger/edit_text_line.php?dir=%2Fhome%2Fsportsfever%2Fwww%2Fwp-content%2Fthemes%2FDivi%2Flang&name=uk.mo HTTP/1.1" 200 27152 "https://sportsfever360.com/filemanger/edit_text.php?dir=%2Fhome%2Fsportsfever%2Fwww%2Fwp-content%2Fthemes%2FDivi%2Flang&name=uk.mo" "Mozilla/5.0 AppleWebKit/537.36 (KHTML, like Gecko; compatible; GPTBot/1.3; +https://openai.com/gptbot)"
74.7.227.128 - - [09/Mar/2026:19:33:20 +0500] "GET /filemanger/edit_line.php?dir=%2Fhome%2Fsportsfever%2Fwww%2Fwp-content%2Fplugins%2Fwp-file-manager%2Flib%2Fcodemirror%2Fmode%2Fgas&line=121&name=gas.js HTTP/1.1" 200 618 "https://www.sportsfever360.com/filemanger/edit_text_line.php?dir=%2Fhome%2Fsportsfever%2Fwww%2Fwp-content%2Fplugins%2Fwp-file-manager%2Flib%2Fcodemirror%2Fmode%2Fgas&name=gas.js" "Mozilla/5.0 AppleWebKit/537.36 (KHTML, like Gecko; compatible; GPTBot/1.3; +https://openai.com/gptbot)"
57.141.20.35 - - [09/Mar/2026:19:33:20 +0500] "GET /filemanger/edit_line.php?dir=%2Fhome%2Fsportsfever%2Fhttpdocs%2Fwp-content%2Fplugins%2Fsitepress-multilingual-cms%2Fvendor%2Fphpmyadmin%2Fsql-parser%2Flocale%2Fsr%2FLC_MESSAGES&name=sqlparser.po&line=38 HTTP/1.1" 200 1756 "-" "meta-externalagent/1.1 (+https://developers.facebook.com/docs/sharing/webmasters/crawler)"
74.7.227.43 - - [09/Mar/2026:19:33:21 +0500] "GET /filemanger/edit_text_line.php?dir=%2Fhome%2Fsportsfever%2Fwww%2Fwp-content%2Fthemes%2FDivi%2Flang&name=tl.mo HTTP/1.1" 200 24107 "https://sportsfever360.com/filemanger/edit_text.php?dir=%2Fhome%2Fsportsfever%2Fwww%2Fwp-content%2Fthemes%2FDivi%2Flang&name=tl.mo" "Mozilla/5.0 AppleWebKit/537.36 (KHTML, like Gecko; compatible; GPTBot/1.3; +https://openai.com/gptbot)"
74.7.227.128 - - [09/Mar/2026:19:33:21 +0500] "GET /filemanger/edit_line.php?dir=%2Fhome%2Fsportsfever%2Fwww%2Fwp-content%2Fplugins%2Fwp-file-manager%2Flib%2Fcodemirror%2Fmode%2Fgas&line=318&name=gas.js HTTP/1.1" 200 618 "https://www.sportsfever360.com/filemanger/edit_text_line.php?dir=%2Fhome%2Fsportsfever%2Fwww%2Fwp-content%2Fplugins%2Fwp-file-manager%2Flib%2Fcodemirror%2Fmode%2Fgas&name=gas.js" "Mozilla/5.0 AppleWebKit/537.36 (KHTML, like Gecko; compatible; GPTBot/1.3; +https://openai.com/gptbot)"
57.141.20.33 - - [09/Mar/2026:19:33:21 +0500] "GET /filemanger/edit_line.php?dir=%2Fhome%2Fsportsfever%2Fwww%2Fclone%2Fwp-content%2Fthemes%2Fherald%2Fassets%2Fcss&name=font-awesome.css&line=2291 HTTP/1.1" 200 1551 "-" "meta-externalagent/1.1 (+https://developers.facebook.com/docs/sharing/webmasters/crawler)"
74.7.227.43 - - [09/Mar/2026:19:33:21 +0500] "GET /filemanger/edit_text_line.php?dir=%2Fhome%2Fsportsfever%2Fwww%2Fwp-content%2Fthemes%2FDivi%2Flang&name=vi.mo HTTP/1.1" 200 23877 "https://sportsfever360.com/filemanger/edit_text.php?dir=%2Fhome%2Fsportsfever%2Fwww%2Fwp-content%2Fthemes%2FDivi%2Flang&name=vi.mo" "Mozilla/5.0 AppleWebKit/537.36 (KHTML, like Gecko; compatible; GPTBot/1.3; +https://openai.com/gptbot)"
74.7.227.128 - - [09/Mar/2026:19:33:21 +0500] "GET /filemanger/edit_line.php?dir=%2Fhome%2Fsportsfever%2Fwww%2Fwp-content%2Fplugins%2Fwp-file-manager%2Flib%2Fcodemirror%2Fmode%2Fgas&line=102&name=gas.js HTTP/1.1" 200 618 "https://www.sportsfever360.com/filemanger/edit_text_line.php?dir=%2Fhome%2Fsportsfever%2Fwww%2Fwp-content%2Fplugins%2Fwp-file-manager%2Flib%2Fcodemirror%2Fmode%2Fgas&name=gas.js" "Mozilla/5.0 AppleWebKit/537.36 (KHTML, like Gecko; compatible; GPTBot/1.3; +https://openai.com/gptbot)"
