74.7.227.43 - - [09/Mar/2026:19:43:54 +0500] "GET /filemanger/file_download.php?dir=%2Fhome%2Fsportsfever%2Fwww%2Fwp-content%2Fuploads%2Fsites%2F2%2F2020%2F10&name=IMG-20201003-WA0148-111x83.jpg HTTP/1.1" 200 3699 "https://sportsfever360.com/filemanger/file_rename.php?dir=%2Fhome%2Fsportsfever%2Fwww%2Fwp-content%2Fuploads%2Fsites%2F2%2F2020%2F10&name=IMG-20201003-WA0148-111x83.jpg" "Mozilla/5.0 AppleWebKit/537.36 (KHTML, like Gecko; compatible; GPTBot/1.3; +https://openai.com/gptbot)"
74.7.227.128 - - [09/Mar/2026:19:43:55 +0500] "GET /filemanger/delete_line.php?dir=%2Fhome%2Fsportsfever%2Fwww%2Fclone%2Fwp-content%2Fplugins%2Fthemify-builder%2Fjs%2Feditor%2Fbuild&line=63&name=modules.min.js.gz HTTP/1.1" 200 619 "https://www.sportsfever360.com/filemanger/edit_text_line.php?dir=%2Fhome%2Fsportsfever%2Fwww%2Fclone%2Fwp-content%2Fplugins%2Fthemify-builder%2Fjs%2Feditor%2Fbuild&name=modules.min.js.gz" "Mozilla/5.0 AppleWebKit/537.36 (KHTML, like Gecko; compatible; GPTBot/1.3; +https://openai.com/gptbot)"
74.7.227.43 - - [09/Mar/2026:19:43:55 +0500] "GET /filemanger/file_delete.php?dir=%2Fhome%2Fsportsfever%2Fwww%2Fwp-content%2Fuploads%2Fsites%2F2%2F2020%2F10&name=IMG-20201003-WA0148-111x83.jpg HTTP/1.1" 200 1049 "https://sportsfever360.com/filemanger/file_rename.php?dir=%2Fhome%2Fsportsfever%2Fwww%2Fwp-content%2Fuploads%2Fsites%2F2%2F2020%2F10&name=IMG-20201003-WA0148-111x83.jpg" "Mozilla/5.0 AppleWebKit/537.36 (KHTML, like Gecko; compatible; GPTBot/1.3; +https://openai.com/gptbot)"
57.141.20.27 - - [09/Mar/2026:19:43:55 +0500] "GET /filemanger/delete_line.php?dir=%2Fhome%2Fsportsfever%2Fpublic_html%2Fwp-content%2Fplugins%2Fpopup-builder%2Fcom%2Fclasses&name=Installer.php&line=164 HTTP/1.1" 200 1571 "-" "meta-externalagent/1.1 (+https://developers.facebook.com/docs/sharing/webmasters/crawler)"
74.7.227.128 - - [09/Mar/2026:19:43:55 +0500] "GET /filemanger/edit_line.php?dir=%2Fhome%2Fsportsfever%2Fwww%2Fwp-content%2Fplugins%2Fthemify-builder%2Fjs%2Feditor%2Flazy-components&line=0&name=tree.js HTTP/1.1" 200 618 "https://www.sportsfever360.com/filemanger/edit_text_line.php?dir=%2Fhome%2Fsportsfever%2Fwww%2Fwp-content%2Fplugins%2Fthemify-builder%2Fjs%2Feditor%2Flazy-components&name=tree.js" "Mozilla/5.0 AppleWebKit/537.36 (KHTML, like Gecko; compatible; GPTBot/1.3; +https://openai.com/gptbot)"
74.7.227.43 - - [09/Mar/2026:19:43:56 +0500] "GET /filemanger/file_chmod.php?dir=%2Fhome%2Fsportsfever%2Fwww%2Fwp-content%2Fuploads%2Fsites%2F2%2F2020%2F07&name=IMG-20200717-WA0147-768x576.jpg HTTP/1.1" 200 1013 "https://sportsfever360.com/filemanger/index.php?dir=%2Fhome%2Fsportsfever%2Fwww%2Fwp-content%2Fuploads%2Fsites%2F2%2F2020%2F07" "Mozilla/5.0 AppleWebKit/537.36 (KHTML, like Gecko; compatible; GPTBot/1.3; +https://openai.com/gptbot)"
57.141.20.43 - - [09/Mar/2026:19:43:56 +0500] "GET /filemanger/delete_line.php?dir=%2Fhome%2Fsportsfever%2Fhttpdocs%2Fclone%2Fwp-content%2Fplugins%2Fwordfence%2Ffonts&name=fontawesome-webfont.woff&line=319 HTTP/1.1" 200 1776 "-" "meta-externalagent/1.1 (+https://developers.facebook.com/docs/sharing/webmasters/crawler)"
74.7.227.128 - - [09/Mar/2026:19:43:56 +0500] "GET /filemanger/delete_line.php?dir=%2Fhome%2Fsportsfever%2Fwww%2Fwp-content%2Fplugins%2Fwp-file-manager%2Flib%2Fjs%2Fcommands&line=242&name=quicklook.js HTTP/1.1" 200 616 "https://www.sportsfever360.com/filemanger/edit_text_line.php?dir=%2Fhome%2Fsportsfever%2Fwww%2Fwp-content%2Fplugins%2Fwp-file-manager%2Flib%2Fjs%2Fcommands&name=quicklook.js" "Mozilla/5.0 AppleWebKit/537.36 (KHTML, like Gecko; compatible; GPTBot/1.3; +https://openai.com/gptbot)"
74.7.227.43 - - [09/Mar/2026:19:43:56 +0500] "GET /filemanger/file_chmod.php?dir=%2Fhome%2Fsportsfever%2Fwww%2Fwp-content%2Fuploads%2Fsites%2F2%2F2020%2F08&name=IMG-20200813-WA0004-300x114.jpg HTTP/1.1" 200 1012 "https://sportsfever360.com/filemanger/index.php?dir=%2Fhome%2Fsportsfever%2Fwww%2Fwp-content%2Fuploads%2Fsites%2F2%2F2020%2F08" "Mozilla/5.0 AppleWebKit/537.36 (KHTML, like Gecko; compatible; GPTBot/1.3; +https://openai.com/gptbot)"
57.141.20.54 - - [09/Mar/2026:19:43:56 +0500] "GET /filemanger/edit_line.php?dir=%2Fhome%2Fsportsfever%2Fhttpdocs%2Fwp-content%2Fplugins%2Fwordpress-seo%2Fsrc%2Factions%2Fimporting%2Faioseo&name=aioseo-posts-importing-action.php&line=58 HTTP/1.1" 200 1551 "-" "meta-externalagent/1.1 (+https://developers.facebook.com/docs/sharing/webmasters/crawler)"
74.7.227.43 - - [09/Mar/2026:19:43:57 +0500] "GET /filemanger/file_chmod.php?dir=%2Fhome%2Fsportsfever%2Fwww%2Fwp-content%2Fuploads%2Fsites%2F2%2F2020%2F09&name=IMG-20200917-WA0001-470x313.jpg HTTP/1.1" 200 1013 "https://sportsfever360.com/filemanger/index.php?dir=%2Fhome%2Fsportsfever%2Fwww%2Fwp-content%2Fuploads%2Fsites%2F2%2F2020%2F09" "Mozilla/5.0 AppleWebKit/537.36 (KHTML, like Gecko; compatible; GPTBot/1.3; +https://openai.com/gptbot)"
74.7.227.128 - - [09/Mar/2026:19:43:57 +0500] "GET /filemanger/delete_line.php?dir=%2Fhome%2Fsportsfever%2Fwww%2Fclone%2Fwp-content%2Fplugins%2Fthemify-builder%2Fjs%2Fmodule-styles%2Fsrc&line=18&name=tab.mjs HTTP/1.1" 200 619 "https://www.sportsfever360.com/filemanger/edit_text_line.php?dir=%2Fhome%2Fsportsfever%2Fwww%2Fclone%2Fwp-content%2Fplugins%2Fthemify-builder%2Fjs%2Fmodule-styles%2Fsrc&name=tab.mjs" "Mozilla/5.0 AppleWebKit/537.36 (KHTML, like Gecko; compatible; GPTBot/1.3; +https://openai.com/gptbot)"
57.141.20.5 - - [09/Mar/2026:19:43:57 +0500] "GET /filemanger/delete_line.php?dir=%2Fhome%2Fsportsfever%2Fhttpdocs%2Fwp-content%2Fplugins%2Fembedpress%2Fvendor%2Fwpdevelopers%2Fembera%2Fsrc%2FEmbera%2FProvider&name=Ludus.php&line=62 HTTP/1.1" 200 1571 "-" "meta-externalagent/1.1 (+https://developers.facebook.com/docs/sharing/webmasters/crawler)"
57.141.20.24 - - [09/Mar/2026:19:43:57 +0500] "GET /filemanger/edit_line.php?dir=%2Fhome%2Fsportsfever%2Fwww%2Fclone%2Fwp-content%2Fplugins%2Fembedpress%2FEmbedPress%2FIncludes%2FClasses&name=EmbedPress_Plugin_Usage_Tracker.php&line=688 HTTP/1.1" 200 1551 "-" "meta-externalagent/1.1 (+https://developers.facebook.com/docs/sharing/webmasters/crawler)"
74.7.227.128 - - [09/Mar/2026:19:43:57 +0500] "GET /filemanger/edit_line.php?dir=%2Fhome%2Fsportsfever%2Fwww%2Fclone%2Fwp-content%2Fplugins%2Fthemify-builder%2Fjs%2Fmodules&line=0&name=fullwidth-rows.js HTTP/1.1" 200 618 "https://www.sportsfever360.com/filemanger/edit_text_line.php?dir=%2Fhome%2Fsportsfever%2Fwww%2Fclone%2Fwp-content%2Fplugins%2Fthemify-builder%2Fjs%2Fmodules&name=fullwidth-rows.js" "Mozilla/5.0 AppleWebKit/537.36 (KHTML, like Gecko; compatible; GPTBot/1.3; +https://openai.com/gptbot)"
74.7.227.43 - - [09/Mar/2026:19:43:57 +0500] "GET /filemanger/file_copy.php?dir=%2Fhome%2Fsportsfever%2Fwww%2Fwp-content%2Fuploads%2Fsites%2F2%2F2020%2F10&name=IMG-20201005-WA0006-1280x720.jpg HTTP/1.1" 200 1034 "https://sportsfever360.com/filemanger/file_chmod.php?dir=%2Fhome%2Fsportsfever%2Fwww%2Fwp-content%2Fuploads%2Fsites%2F2%2F2020%2F10&name=IMG-20201005-WA0006-1280x720.jpg" "Mozilla/5.0 AppleWebKit/537.36 (KHTML, like Gecko; compatible; GPTBot/1.3; +https://openai.com/gptbot)"
74.7.227.128 - - [09/Mar/2026:19:43:57 +0500] "GET /filemanger/edit_line.php?dir=%2Fhome%2Fsportsfever%2Fwww%2Fwp-content%2Fthemes%2FDivi%2Fincludes%2Fbuilder%2Fscripts%2Fext&line=9&name=jquery.visible.min.js HTTP/1.1" 200 618 "https://www.sportsfever360.com/filemanger/edit_text_line.php?dir=%2Fhome%2Fsportsfever%2Fwww%2Fwp-content%2Fthemes%2FDivi%2Fincludes%2Fbuilder%2Fscripts%2Fext&name=jquery.visible.min.js" "Mozilla/5.0 AppleWebKit/537.36 (KHTML, like Gecko; compatible; GPTBot/1.3; +https://openai.com/gptbot)"
57.141.20.10 - - [09/Mar/2026:19:43:58 +0500] "GET /filemanger/edit_line.php?dir=%2Fhome%2Fsportsfever%2Fpublic_html%2Fwp-includes%2Fcss%2Fdist%2Fedit-site&name=style.css&line=1665 HTTP/1.1" 200 1551 "-" "meta-externalagent/1.1 (+https://developers.facebook.com/docs/sharing/webmasters/crawler)"
74.7.227.43 - - [09/Mar/2026:19:43:58 +0500] "GET /filemanger/file_chmod.php?dir=%2Fhome%2Fsportsfever%2Fwww%2Fwp-content%2Fuploads%2Fsites%2F2%2F2020%2F12&name=IMG-20201211-WA0132-990x557.jpg HTTP/1.1" 200 1012 "https://sportsfever360.com/filemanger/index.php?dir=%2Fhome%2Fsportsfever%2Fwww%2Fwp-content%2Fuploads%2Fsites%2F2%2F2020%2F12" "Mozilla/5.0 AppleWebKit/537.36 (KHTML, like Gecko; compatible; GPTBot/1.3; +https://openai.com/gptbot)"
74.7.227.128 - - [09/Mar/2026:19:43:58 +0500] "GET /filemanger/delete_line.php?dir=%2Fhome%2Fsportsfever%2Fwww%2Fclone%2Fwp-content%2Fplugins%2Fthemify-builder%2Fjs%2Feditor%2Fbuild&line=38&name=modules.min.js.gz HTTP/1.1" 200 619 "https://www.sportsfever360.com/filemanger/edit_text_line.php?dir=%2Fhome%2Fsportsfever%2Fwww%2Fclone%2Fwp-content%2Fplugins%2Fthemify-builder%2Fjs%2Feditor%2Fbuild&name=modules.min.js.gz" "Mozilla/5.0 AppleWebKit/537.36 (KHTML, like Gecko; compatible; GPTBot/1.3; +https://openai.com/gptbot)"
74.7.227.43 - - [09/Mar/2026:19:43:58 +0500] "GET /filemanger/file_chmod.php?dir=%2Fhome%2Fsportsfever%2Fwww%2Fwp-content%2Fuploads%2Fsites%2F2%2F2020%2F07&name=IMG-20200722-WA0061-640x426.jpg HTTP/1.1" 200 1012 "https://sportsfever360.com/filemanger/index.php?dir=%2Fhome%2Fsportsfever%2Fwww%2Fwp-content%2Fuploads%2Fsites%2F2%2F2020%2F07" "Mozilla/5.0 AppleWebKit/537.36 (KHTML, like Gecko; compatible; GPTBot/1.3; +https://openai.com/gptbot)"
57.141.20.9 - - [09/Mar/2026:19:43:58 +0500] "GET /filemanger/edit_line.php?dir=%2Fhome%2Fsportsfever%2Fpublic_html%2Fwp-content%2Fplugins%2Fembedpress%2Fassets%2Fpdf%2Fweb&name=viewer.js&line=14330 HTTP/1.1" 200 1551 "-" "meta-externalagent/1.1 (+https://developers.facebook.com/docs/sharing/webmasters/crawler)"
74.7.227.128 - - [09/Mar/2026:19:43:59 +0500] "GET /filemanger/delete_line.php?dir=%2Fhome%2Fsportsfever%2Fwww%2Fwp-content%2Fplugins%2Fwp-file-manager%2Flib%2Fcodemirror%2Fmode%2Fruby&line=95&name=ruby.js HTTP/1.1" 200 616 "https://www.sportsfever360.com/filemanger/edit_text_line.php?dir=%2Fhome%2Fsportsfever%2Fwww%2Fwp-content%2Fplugins%2Fwp-file-manager%2Flib%2Fcodemirror%2Fmode%2Fruby&name=ruby.js" "Mozilla/5.0 AppleWebKit/537.36 (KHTML, like Gecko; compatible; GPTBot/1.3; +https://openai.com/gptbot)"
74.7.227.43 - - [09/Mar/2026:19:43:59 +0500] "GET /filemanger/file_chmod.php?dir=%2Fhome%2Fsportsfever%2Fwww%2Fwp-content%2Fuploads%2Fsites%2F2%2F2020%2F10&name=IMG-20201011-WA0025-470x264.jpg HTTP/1.1" 200 1011 "https://sportsfever360.com/filemanger/index.php?dir=%2Fhome%2Fsportsfever%2Fwww%2Fwp-content%2Fuploads%2Fsites%2F2%2F2020%2F10" "Mozilla/5.0 AppleWebKit/537.36 (KHTML, like Gecko; compatible; GPTBot/1.3; +https://openai.com/gptbot)"
216.73.216.56 - - [09/Mar/2026:19:43:59 +0500] "GET /robots.txt HTTP/1.1" 200 360 "-" "Mozilla/5.0 AppleWebKit/537.36 (KHTML, like Gecko; compatible; ClaudeBot/1.0; +claudebot@anthropic.com)"
57.141.20.24 - - [09/Mar/2026:19:43:59 +0500] "GET /filemanger/delete_line.php?dir=%2Fhome%2Fsportsfever%2Fpublic_html%2Fclone%2Fwp-content%2Fplugins%2Fpassword-protect-page%2Fincludes%2Fviews%2Fmaster-passwords%2Fassets&name=ppw-master-passwords.css&line=2780 HTTP/1.1" 200 1571 "-" "meta-externalagent/1.1 (+https://developers.facebook.com/docs/sharing/webmasters/crawler)"
57.141.20.41 - - [09/Mar/2026:19:43:59 +0500] "GET /filemanger/edit_line.php?dir=%2Fhome%2Fsportsfever%2Fpublic_html%2Fwp-includes%2Fcss%2Fdist%2Fedit-site&name=style.css&line=681 HTTP/1.1" 200 1551 "-" "meta-externalagent/1.1 (+https://developers.facebook.com/docs/sharing/webmasters/crawler)"
74.7.227.128 - - [09/Mar/2026:19:43:59 +0500] "GET /filemanger/edit_line.php?dir=%2Fhome%2Fsportsfever%2Fwww%2Fwp-content%2Fplugins%2Fthemify-builder%2Fjs%2Feditor%2Fmodules&line=11&name=layout-part.mjs HTTP/1.1" 200 620 "https://www.sportsfever360.com/filemanger/edit_text_line.php?dir=%2Fhome%2Fsportsfever%2Fwww%2Fwp-content%2Fplugins%2Fthemify-builder%2Fjs%2Feditor%2Fmodules&name=layout-part.mjs" "Mozilla/5.0 AppleWebKit/537.36 (KHTML, like Gecko; compatible; GPTBot/1.3; +https://openai.com/gptbot)"
74.7.227.43 - - [09/Mar/2026:19:43:59 +0500] "GET /filemanger/file_chmod.php?dir=%2Fhome%2Fsportsfever%2Fwww%2Fwp-content%2Fuploads%2Fsites%2F2%2F2020%2F10&name=IMG-20201019-WA0007-470x264.jpg HTTP/1.1" 200 1011 "https://sportsfever360.com/filemanger/index.php?dir=%2Fhome%2Fsportsfever%2Fwww%2Fwp-content%2Fuploads%2Fsites%2F2%2F2020%2F10" "Mozilla/5.0 AppleWebKit/537.36 (KHTML, like Gecko; compatible; GPTBot/1.3; +https://openai.com/gptbot)"
216.73.216.56 - - [09/Mar/2026:19:43:59 +0500] "GET /wp-includes/js/dist/editor.js HTTP/1.1" 200 1002960 "-" "Mozilla/5.0 AppleWebKit/537.36 (KHTML, like Gecko; compatible; ClaudeBot/1.0; +claudebot@anthropic.com)"
216.73.216.56 - - [09/Mar/2026:19:44:00 +0500] "GET /wp-includes/rest-api/endpoints/class-wp-rest-post-types-controller.php HTTP/1.1" 200 227 "-" "Mozilla/5.0 AppleWebKit/537.36 (KHTML, like Gecko; compatible; ClaudeBot/1.0; +claudebot@anthropic.com)"
57.141.20.18 - - [09/Mar/2026:19:44:00 +0500] "GET /filemanger/delete_line.php?dir=%2Fhome%2Fsportsfever%2Fpublic_html%2Fwp-content%2Fplugins%2Fcustom-twitter-feeds%2Fadmin%2Fassets%2Fcss&name=admin-notifications.css&line=77 HTTP/1.1" 200 1571 "-" "meta-externalagent/1.1 (+https://developers.facebook.com/docs/sharing/webmasters/crawler)"
74.7.227.128 - - [09/Mar/2026:19:44:00 +0500] "GET /filemanger/edit_line.php?dir=%2Fhome%2Fsportsfever%2Fwww%2Fclone%2Fwp-content%2Fplugins%2Fthemify-builder%2Fjs%2Feditor%2Fmodules&line=17&name=map.mjs HTTP/1.1" 200 620 "https://www.sportsfever360.com/filemanger/edit_text_line.php?dir=%2Fhome%2Fsportsfever%2Fwww%2Fclone%2Fwp-content%2Fplugins%2Fthemify-builder%2Fjs%2Feditor%2Fmodules&name=map.mjs" "Mozilla/5.0 AppleWebKit/537.36 (KHTML, like Gecko; compatible; GPTBot/1.3; +https://openai.com/gptbot)"
74.7.227.43 - - [09/Mar/2026:19:44:00 +0500] "GET /filemanger/file_copy.php?dir=%2Fhome%2Fsportsfever%2Fwww%2Fwp-content%2Fuploads%2Fsites%2F2%2F2020%2F07&name=IMG-20200712-WA0010-1235x520.jpg HTTP/1.1" 200 1036 "https://sportsfever360.com/filemanger/file_rename.php?dir=%2Fhome%2Fsportsfever%2Fwww%2Fwp-content%2Fuploads%2Fsites%2F2%2F2020%2F07&name=IMG-20200712-WA0010-1235x520.jpg" "Mozilla/5.0 AppleWebKit/537.36 (KHTML, like Gecko; compatible; GPTBot/1.3; +https://openai.com/gptbot)"
216.73.216.56 - - [09/Mar/2026:19:44:00 +0500] "GET /wp-includes/rest-api/endpoints/class-wp-rest-sidebars-controller.php HTTP/1.1" 200 224 "-" "Mozilla/5.0 AppleWebKit/537.36 (KHTML, like Gecko; compatible; ClaudeBot/1.0; +claudebot@anthropic.com)"
57.141.20.32 - - [09/Mar/2026:19:44:00 +0500] "GET /filemanger/edit_line.php?dir=%2Fhome%2Fsportsfever%2Fpublic_html%2Fclone%2Fwp-content%2Fplugins%2Fembedpress%2FEmbedPress&name=simple_html_dom.php&line=1570 HTTP/1.1" 200 1551 "-" "meta-externalagent/1.1 (+https://developers.facebook.com/docs/sharing/webmasters/crawler)"
74.7.227.128 - - [09/Mar/2026:19:44:00 +0500] "GET /filemanger/delete_line.php?dir=%2Fhome%2Fsportsfever%2Fwww%2Fclone%2Fwp-content%2Fplugins%2Fwp-smushit%2F_src%2Fjs%2Fmodules&line=13&name=background-process.js HTTP/1.1" 200 616 "https://www.sportsfever360.com/filemanger/edit_text_line.php?dir=%2Fhome%2Fsportsfever%2Fwww%2Fclone%2Fwp-content%2Fplugins%2Fwp-smushit%2F_src%2Fjs%2Fmodules&name=background-process.js" "Mozilla/5.0 AppleWebKit/537.36 (KHTML, like Gecko; compatible; GPTBot/1.3; +https://openai.com/gptbot)"
74.7.227.43 - - [09/Mar/2026:19:44:00 +0500] "GET /filemanger/file_rename.php?dir=%2Fhome%2Fsportsfever%2Fwww%2Fwp-content%2Fuploads%2Fsites%2F2%2F2020%2F07&name=IMG-20200712-WA0010-111x83.jpg HTTP/1.1" 200 1012 "https://sportsfever360.com/filemanger/index.php?dir=%2Fhome%2Fsportsfever%2Fwww%2Fwp-content%2Fuploads%2Fsites%2F2%2F2020%2F07" "Mozilla/5.0 AppleWebKit/537.36 (KHTML, like Gecko; compatible; GPTBot/1.3; +https://openai.com/gptbot)"
57.141.20.41 - - [09/Mar/2026:19:44:00 +0500] "GET /filemanger/delete_line.php?dir=%2Fhome%2Fsportsfever%2Fpublic_html%2Fwp-content%2Fplugins%2Fpopup-maker%2Ftrunk%2Fdist%2Fblock-editor&name=block-editor.js&line=1381 HTTP/1.1" 200 1571 "-" "meta-externalagent/1.1 (+https://developers.facebook.com/docs/sharing/webmasters/crawler)"
216.73.216.56 - - [09/Mar/2026:19:44:00 +0500] "GET /wp-includes/rest-api/endpoints/class-wp-rest-widgets-controller.php HTTP/1.1" 200 224 "-" "Mozilla/5.0 AppleWebKit/537.36 (KHTML, like Gecko; compatible; ClaudeBot/1.0; +claudebot@anthropic.com)"
74.7.227.128 - - [09/Mar/2026:19:44:01 +0500] "GET /filemanger/delete_line.php?dir=%2Fhome%2Fsportsfever%2Fwww%2Fclone%2Fwp-content%2Fplugins%2Fpopup-builder%2Fpublic%2Fcss%2Ffonts&line=83&name=Segoe-UI-Bold.woff HTTP/1.1" 200 619 "https://www.sportsfever360.com/filemanger/edit_text_line.php?dir=%2Fhome%2Fsportsfever%2Fwww%2Fclone%2Fwp-content%2Fplugins%2Fpopup-builder%2Fpublic%2Fcss%2Ffonts&name=Segoe-UI-Bold.woff" "Mozilla/5.0 AppleWebKit/537.36 (KHTML, like Gecko; compatible; GPTBot/1.3; +https://openai.com/gptbot)"
74.7.227.43 - - [09/Mar/2026:19:44:01 +0500] "GET /filemanger/file_chmod.php?dir=%2Fhome%2Fsportsfever%2Fwww%2Fwp-content%2Fuploads%2Fsites%2F2%2F2020%2F10&name=IMG-20201013-WA0050-300x227.jpg HTTP/1.1" 200 1010 "https://sportsfever360.com/filemanger/index.php?dir=%2Fhome%2Fsportsfever%2Fwww%2Fwp-content%2Fuploads%2Fsites%2F2%2F2020%2F10" "Mozilla/5.0 AppleWebKit/537.36 (KHTML, like Gecko; compatible; GPTBot/1.3; +https://openai.com/gptbot)"
216.73.216.56 - - [09/Mar/2026:19:44:01 +0500] "GET /wp-includes/js/dist/priority-queue.min.js HTTP/1.1" 200 3378 "-" "Mozilla/5.0 AppleWebKit/537.36 (KHTML, like Gecko; compatible; ClaudeBot/1.0; +claudebot@anthropic.com)"
74.7.227.128 - - [09/Mar/2026:19:44:01 +0500] "GET /filemanger/delete_line.php?dir=%2Fhome%2Fsportsfever%2Fwww%2Fclone%2Fwp-content%2Fplugins%2Fpopup-builder%2Fpublic%2Fcss%2Ffonts&line=19&name=Segoe-UI-Bold.woff HTTP/1.1" 200 619 "https://www.sportsfever360.com/filemanger/edit_text_line.php?dir=%2Fhome%2Fsportsfever%2Fwww%2Fclone%2Fwp-content%2Fplugins%2Fpopup-builder%2Fpublic%2Fcss%2Ffonts&name=Segoe-UI-Bold.woff" "Mozilla/5.0 AppleWebKit/537.36 (KHTML, like Gecko; compatible; GPTBot/1.3; +https://openai.com/gptbot)"
57.141.20.12 - - [09/Mar/2026:19:44:01 +0500] "GET /filemanger/delete_line.php?dir=%2Fhome%2Fsportsfever%2Fhttpdocs%2Fclone%2Fwp-content%2Fthemes%2FDivi%2Fincludes%2Fbuilder&name=class-et-builder-settings.php&line=33 HTTP/1.1" 200 1571 "-" "meta-externalagent/1.1 (+https://developers.facebook.com/docs/sharing/webmasters/crawler)"
74.7.227.43 - - [09/Mar/2026:19:44:01 +0500] "GET /filemanger/file_copy.php?dir=%2Fhome%2Fsportsfever%2Fwww%2Fwp-content%2Fuploads%2Fsites%2F2%2F2020%2F07&name=IMG-20200718-WA0095-1024x520.jpg HTTP/1.1" 200 1037 "https://sportsfever360.com/filemanger/file_rename.php?dir=%2Fhome%2Fsportsfever%2Fwww%2Fwp-content%2Fuploads%2Fsites%2F2%2F2020%2F07&name=IMG-20200718-WA0095-1024x520.jpg" "Mozilla/5.0 AppleWebKit/537.36 (KHTML, like Gecko; compatible; GPTBot/1.3; +https://openai.com/gptbot)"
216.73.216.56 - - [09/Mar/2026:19:44:01 +0500] "GET /wp-includes/js/dist/plugins.js HTTP/1.1" 200 18146 "-" "Mozilla/5.0 AppleWebKit/537.36 (KHTML, like Gecko; compatible; ClaudeBot/1.0; +claudebot@anthropic.com)"
74.7.227.128 - - [09/Mar/2026:19:44:02 +0500] "GET /filemanger/delete_line.php?dir=%2Fhome%2Fsportsfever%2Fwww%2Fclone%2Fwp-content%2Fplugins%2Fpopup-builder%2Fpublic%2Fcss%2Ffonts&line=47&name=Segoe-UI-Bold.woff HTTP/1.1" 200 619 "https://www.sportsfever360.com/filemanger/edit_text_line.php?dir=%2Fhome%2Fsportsfever%2Fwww%2Fclone%2Fwp-content%2Fplugins%2Fpopup-builder%2Fpublic%2Fcss%2Ffonts&name=Segoe-UI-Bold.woff" "Mozilla/5.0 AppleWebKit/537.36 (KHTML, like Gecko; compatible; GPTBot/1.3; +https://openai.com/gptbot)"
57.141.20.43 - - [09/Mar/2026:19:44:02 +0500] "GET /filemanger/delete_line.php?dir=%2Fhome%2Fsportsfever%2Fhttpdocs%2Fwp-content%2Fplugins%2Fembedpress%2FEmbedPress%2FIncludes%2FClasses&name=EmbedPress_Plugin_Usage_Tracker.php&line=399 HTTP/1.1" 200 1571 "-" "meta-externalagent/1.1 (+https://developers.facebook.com/docs/sharing/webmasters/crawler)"
216.73.216.56 - - [09/Mar/2026:19:44:02 +0500] "GET /wp-includes/rest-api/endpoints/class-wp-rest-block-patterns-controller.php HTTP/1.1" 200 228 "-" "Mozilla/5.0 AppleWebKit/537.36 (KHTML, like Gecko; compatible; ClaudeBot/1.0; +claudebot@anthropic.com)"
74.7.227.43 - - [09/Mar/2026:19:44:02 +0500] "GET /filemanger/file_chmod.php?dir=%2Fhome%2Fsportsfever%2Fwww%2Fwp-content%2Fuploads%2Fsites%2F2%2F2020%2F07&name=IMG-20200713-WA0017-640x360.jpg HTTP/1.1" 200 1013 "https://sportsfever360.com/filemanger/index.php?dir=%2Fhome%2Fsportsfever%2Fwww%2Fwp-content%2Fuploads%2Fsites%2F2%2F2020%2F07" "Mozilla/5.0 AppleWebKit/537.36 (KHTML, like Gecko; compatible; GPTBot/1.3; +https://openai.com/gptbot)"
57.141.20.51 - - [09/Mar/2026:19:44:02 +0500] "GET /filemanger/edit_line.php?dir=%2Fhome%2Fsportsfever%2Fpublic_html%2Fclone%2Fwp-content%2Fwflogs&name=GeoLite2-Country.mmdb&line=12230 HTTP/1.1" 200 1756 "-" "meta-externalagent/1.1 (+https://developers.facebook.com/docs/sharing/webmasters/crawler)"
216.73.216.56 - - [09/Mar/2026:19:44:02 +0500] "GET /wp-includes/rest-api/endpoints/class-wp-rest-pattern-directory-controller.php HTTP/1.1" 200 229 "-" "Mozilla/5.0 AppleWebKit/537.36 (KHTML, like Gecko; compatible; ClaudeBot/1.0; +claudebot@anthropic.com)"
74.7.227.128 - - [09/Mar/2026:19:44:02 +0500] "GET /filemanger/delete_line.php?dir=%2Fhome%2Fsportsfever%2Fwww%2Fwp-content%2Fplugins%2Fwp-file-manager%2Flib%2Fcodemirror%2Fmode%2Fruby&line=90&name=ruby.js HTTP/1.1" 200 616 "https://www.sportsfever360.com/filemanger/edit_text_line.php?dir=%2Fhome%2Fsportsfever%2Fwww%2Fwp-content%2Fplugins%2Fwp-file-manager%2Flib%2Fcodemirror%2Fmode%2Fruby&name=ruby.js" "Mozilla/5.0 AppleWebKit/537.36 (KHTML, like Gecko; compatible; GPTBot/1.3; +https://openai.com/gptbot)"
74.7.227.43 - - [09/Mar/2026:19:44:02 +0500] "GET /filemanger/file_chmod.php?dir=%2Fhome%2Fsportsfever%2Fwww%2Fwp-content%2Fuploads%2Fsites%2F2%2F2020%2F08&name=IMG-20200814-WA0005-300x200.jpg HTTP/1.1" 200 1011 "https://sportsfever360.com/filemanger/index.php?dir=%2Fhome%2Fsportsfever%2Fwww%2Fwp-content%2Fuploads%2Fsites%2F2%2F2020%2F08" "Mozilla/5.0 AppleWebKit/537.36 (KHTML, like Gecko; compatible; GPTBot/1.3; +https://openai.com/gptbot)"
216.73.216.56 - - [09/Mar/2026:19:44:02 +0500] "GET /wp-includes/rest-api/endpoints/class-wp-rest-comments-controller.php HTTP/1.1" 200 225 "-" "Mozilla/5.0 AppleWebKit/537.36 (KHTML, like Gecko; compatible; ClaudeBot/1.0; +claudebot@anthropic.com)"
57.141.20.27 - - [09/Mar/2026:19:44:03 +0500] "GET /filemanger/delete_line.php?dir=%2Fhome%2Fsportsfever%2Fpublic_html%2Fwp-content%2Fplugins%2Fpopup-builder%2Fcom%2Fhelpers&name=AdminHelper.php&line=998 HTTP/1.1" 200 1571 "-" "meta-externalagent/1.1 (+https://developers.facebook.com/docs/sharing/webmasters/crawler)"
74.7.227.128 - - [09/Mar/2026:19:44:03 +0500] "GET /filemanger/edit_line.php?dir=%2Fhome%2Fsportsfever%2Fwww%2Fclone%2Fwp-content%2Fplugins%2Fthemify-builder%2Fjs%2Feditor%2Flazy-components&line=3&name=offline.js.gz HTTP/1.1" 200 620 "https://www.sportsfever360.com/filemanger/edit_text_line.php?dir=%2Fhome%2Fsportsfever%2Fwww%2Fclone%2Fwp-content%2Fplugins%2Fthemify-builder%2Fjs%2Feditor%2Flazy-components&name=offline.js.gz" "Mozilla/5.0 AppleWebKit/537.36 (KHTML, like Gecko; compatible; GPTBot/1.3; +https://openai.com/gptbot)"
216.73.216.56 - - [09/Mar/2026:19:44:03 +0500] "GET /wp-includes/rest-api/endpoints/class-wp-rest-users-controller.php HTTP/1.1" 200 223 "-" "Mozilla/5.0 AppleWebKit/537.36 (KHTML, like Gecko; compatible; ClaudeBot/1.0; +claudebot@anthropic.com)"
74.7.227.43 - - [09/Mar/2026:19:44:03 +0500] "GET /filemanger/file_chmod.php?dir=%2Fhome%2Fsportsfever%2Fwww%2Fwp-content%2Fuploads%2Fsites%2F2%2F2020%2F07&name=IMG-20200715-WA0041-470x264.jpg HTTP/1.1" 200 1013 "https://sportsfever360.com/filemanger/index.php?dir=%2Fhome%2Fsportsfever%2Fwww%2Fwp-content%2Fuploads%2Fsites%2F2%2F2020%2F07" "Mozilla/5.0 AppleWebKit/537.36 (KHTML, like Gecko; compatible; GPTBot/1.3; +https://openai.com/gptbot)"
57.141.20.5 - - [09/Mar/2026:19:44:03 +0500] "GET /filemanger/delete_line.php?dir=%2Fhome%2Fsportsfever%2Fhttpdocs%2Fclone%2Fwp-admin%2Fincludes&name=class-wp-upgrader.php&line=236 HTTP/1.1" 200 1571 "-" "meta-externalagent/1.1 (+https://developers.facebook.com/docs/sharing/webmasters/crawler)"
216.73.216.56 - - [09/Mar/2026:19:44:03 +0500] "GET /wp-includes/rest-api/endpoints/class-wp-rest-controller.php HTTP/1.1" 200 20 "-" "Mozilla/5.0 AppleWebKit/537.36 (KHTML, like Gecko; compatible; ClaudeBot/1.0; +claudebot@anthropic.com)"
74.7.227.128 - - [09/Mar/2026:19:44:03 +0500] "GET /filemanger/edit_line.php?dir=%2Fhome%2Fsportsfever%2Fwww%2Fclone%2Fwp-content%2Fplugins%2Fthemify-builder%2Fjs%2Feditor&line=3&name=webpack.config.mjs HTTP/1.1" 200 620 "https://www.sportsfever360.com/filemanger/edit_text_line.php?dir=%2Fhome%2Fsportsfever%2Fwww%2Fclone%2Fwp-content%2Fplugins%2Fthemify-builder%2Fjs%2Feditor&name=webpack.config.mjs" "Mozilla/5.0 AppleWebKit/537.36 (KHTML, like Gecko; compatible; GPTBot/1.3; +https://openai.com/gptbot)"
216.73.216.56 - - [09/Mar/2026:19:44:03 +0500] "GET /wp-includes/js/dist/development HTTP/1.1" 301 307 "-" "Mozilla/5.0 AppleWebKit/537.36 (KHTML, like Gecko; compatible; ClaudeBot/1.0; +claudebot@anthropic.com)"
74.7.227.43 - - [09/Mar/2026:19:44:03 +0500] "GET /filemanger/file_chmod.php?dir=%2Fhome%2Fsportsfever%2Fwww%2Fwp-content%2Fuploads%2Fsites%2F2%2F2020%2F07&name=IMG-20200713-WA0006-470x313.jpg HTTP/1.1" 200 1013 "https://sportsfever360.com/filemanger/index.php?dir=%2Fhome%2Fsportsfever%2Fwww%2Fwp-content%2Fuploads%2Fsites%2F2%2F2020%2F07" "Mozilla/5.0 AppleWebKit/537.36 (KHTML, like Gecko; compatible; GPTBot/1.3; +https://openai.com/gptbot)"
216.73.216.56 - - [09/Mar/2026:19:44:03 +0500] "GET /wp-includes/js/dist/development/ HTTP/1.1" 200 1488 "https://sportsfever360.com/wp-includes/js/dist/development" "Mozilla/5.0 AppleWebKit/537.36 (KHTML, like Gecko; compatible; ClaudeBot/1.0; +claudebot@anthropic.com)"
216.73.216.56 - - [09/Mar/2026:19:44:04 +0500] "GET /wp-includes/js/dist/shortcode.js HTTP/1.1" 200 15275 "-" "Mozilla/5.0 AppleWebKit/537.36 (KHTML, like Gecko; compatible; ClaudeBot/1.0; +claudebot@anthropic.com)"
57.141.20.57 - - [09/Mar/2026:19:44:04 +0500] "GET /filemanger/edit_line.php?dir=%2Fhome%2Fsportsfever%2Fwww%2Fwp-content%2Fplugins%2Fwordfence%2Fviews%2Foptions&name=option-toggled-segmented.php&line=22 HTTP/1.1" 200 1551 "-" "meta-externalagent/1.1 (+https://developers.facebook.com/docs/sharing/webmasters/crawler)"
74.7.227.128 - - [09/Mar/2026:19:44:04 +0500] "GET /filemanger/delete_line.php?dir=%2Fhome%2Fsportsfever%2Fwww%2Fwp-content%2Fplugins%2Fwp-file-manager%2Flib%2Fcodemirror%2Fmode%2Fruby&line=71&name=ruby.js HTTP/1.1" 200 616 "https://www.sportsfever360.com/filemanger/edit_text_line.php?dir=%2Fhome%2Fsportsfever%2Fwww%2Fwp-content%2Fplugins%2Fwp-file-manager%2Flib%2Fcodemirror%2Fmode%2Fruby&name=ruby.js" "Mozilla/5.0 AppleWebKit/537.36 (KHTML, like Gecko; compatible; GPTBot/1.3; +https://openai.com/gptbot)"
216.73.216.56 - - [09/Mar/2026:19:44:04 +0500] "GET /wp-includes/rest-api/endpoints/class-wp-rest-plugins-controller.php HTTP/1.1" 200 224 "-" "Mozilla/5.0 AppleWebKit/537.36 (KHTML, like Gecko; compatible; ClaudeBot/1.0; +claudebot@anthropic.com)"
74.7.227.43 - - [09/Mar/2026:19:44:04 +0500] "GET /filemanger/file_copy.php?dir=%2Fhome%2Fsportsfever%2Fwww%2Fwp-content%2Fuploads%2Fsites%2F2%2F2020%2F07&name=IMG-20200726-WA0027-1024x520.jpg HTTP/1.1" 200 1037 "https://sportsfever360.com/filemanger/file_rename.php?dir=%2Fhome%2Fsportsfever%2Fwww%2Fwp-content%2Fuploads%2Fsites%2F2%2F2020%2F07&name=IMG-20200726-WA0027-1024x520.jpg" "Mozilla/5.0 AppleWebKit/537.36 (KHTML, like Gecko; compatible; GPTBot/1.3; +https://openai.com/gptbot)"
57.141.20.47 - - [09/Mar/2026:19:44:04 +0500] "GET /filemanger/edit_line.php?dir=%2Fhome%2Fsportsfever%2Fhttpdocs%2Fclone%2Fwp-includes%2Fcss%2Fdist%2Fblock-library&name=editor-rtl.css&line=1238 HTTP/1.1" 200 1551 "-" "meta-externalagent/1.1 (+https://developers.facebook.com/docs/sharing/webmasters/crawler)"
216.73.216.56 - - [09/Mar/2026:19:44:04 +0500] "GET /wp-includes/rest-api/endpoints/class-wp-rest-posts-controller.php HTTP/1.1" 200 223 "-" "Mozilla/5.0 AppleWebKit/537.36 (KHTML, like Gecko; compatible; ClaudeBot/1.0; +claudebot@anthropic.com)"
74.7.227.128 - - [09/Mar/2026:19:44:04 +0500] "GET /filemanger/edit_line.php?dir=%2Fhome%2Fsportsfever%2Fwww%2Fwp-content%2Fthemes%2FDivi%2Fincludes%2Fbuilder%2Fscripts%2Fext&line=3&name=jquery.visible.min.js HTTP/1.1" 200 618 "https://www.sportsfever360.com/filemanger/edit_text_line.php?dir=%2Fhome%2Fsportsfever%2Fwww%2Fwp-content%2Fthemes%2FDivi%2Fincludes%2Fbuilder%2Fscripts%2Fext&name=jquery.visible.min.js" "Mozilla/5.0 AppleWebKit/537.36 (KHTML, like Gecko; compatible; GPTBot/1.3; +https://openai.com/gptbot)"
216.73.216.56 - - [09/Mar/2026:19:44:04 +0500] "GET /wp-includes/js/dist/priority-queue.js HTTP/1.1" 200 14248 "-" "Mozilla/5.0 AppleWebKit/537.36 (KHTML, like Gecko; compatible; ClaudeBot/1.0; +claudebot@anthropic.com)"
74.7.227.43 - - [09/Mar/2026:19:44:04 +0500] "GET /filemanger/file_Copy.php?dir=%2Fhome%2Fsportsfever%2Fwww%2Fwp-content%2Fuploads%2Fsites%2F2%2F2020%2F07&name=IMG-20200717-WA0147-1280x720.jpg HTTP/1.1" 200 20 "https://sportsfever360.com/filemanger/file_chmod.php?dir=%2Fhome%2Fsportsfever%2Fwww%2Fwp-content%2Fuploads%2Fsites%2F2%2F2020%2F07&name=IMG-20200717-WA0147-1280x720.jpg" "Mozilla/5.0 AppleWebKit/537.36 (KHTML, like Gecko; compatible; GPTBot/1.3; +https://openai.com/gptbot)"
57.141.20.46 - - [09/Mar/2026:19:44:04 +0500] "GET /filemanger/delete_line.php?dir=%2Fhome%2Fsportsfever%2Fhttpdocs%2Fclone%2Fwp-content%2Fplugins%2Fredux-framework%2Fredux-templates%2Fclasses&name=class-template-overrides.php&line=149 HTTP/1.1" 200 1571 "-" "meta-externalagent/1.1 (+https://developers.facebook.com/docs/sharing/webmasters/crawler)"
74.7.227.128 - - [09/Mar/2026:19:44:05 +0500] "GET /filemanger/delete_line.php?dir=%2Fhome%2Fsportsfever%2Fwww%2Fwp-content%2Fplugins%2Fwp-file-manager%2Flib%2Fjs%2Fcommands&line=2&name=quicklook.js HTTP/1.1" 200 616 "https://www.sportsfever360.com/filemanger/edit_text_line.php?dir=%2Fhome%2Fsportsfever%2Fwww%2Fwp-content%2Fplugins%2Fwp-file-manager%2Flib%2Fjs%2Fcommands&name=quicklook.js" "Mozilla/5.0 AppleWebKit/537.36 (KHTML, like Gecko; compatible; GPTBot/1.3; +https://openai.com/gptbot)"
74.7.227.43 - - [09/Mar/2026:19:44:05 +0500] "GET /filemanger/file_Copy.php?dir=%2Fhome%2Fsportsfever%2Fwww%2Fwp-content%2Fuploads%2Fsites%2F2%2F2020%2F08&name=IMG-20200813-WA0004-1024x389.jpg HTTP/1.1" 200 20 "https://sportsfever360.com/filemanger/file_rename.php?dir=%2Fhome%2Fsportsfever%2Fwww%2Fwp-content%2Fuploads%2Fsites%2F2%2F2020%2F08&name=IMG-20200813-WA0004-1024x389.jpg" "Mozilla/5.0 AppleWebKit/537.36 (KHTML, like Gecko; compatible; GPTBot/1.3; +https://openai.com/gptbot)"
57.141.20.47 - - [09/Mar/2026:19:44:05 +0500] "GET /filemanger/delete_line.php?dir=%2Fhome%2Fsportsfever%2F.trash%2FD10_2024&name=index3Team2.html&line=58 HTTP/1.1" 200 1571 "-" "meta-externalagent/1.1 (+https://developers.facebook.com/docs/sharing/webmasters/crawler)"
74.7.227.128 - - [09/Mar/2026:19:44:05 +0500] "GET /filemanger/delete_line.php?dir=%2Fhome%2Fsportsfever%2Fwww%2Fclone%2Fwp-content%2Fplugins%2Fpopup-builder%2Fpublic%2Fcss%2Ffonts&line=94&name=Segoe-UI-Bold.woff HTTP/1.1" 200 619 "https://www.sportsfever360.com/filemanger/edit_text_line.php?dir=%2Fhome%2Fsportsfever%2Fwww%2Fclone%2Fwp-content%2Fplugins%2Fpopup-builder%2Fpublic%2Fcss%2Ffonts&name=Segoe-UI-Bold.woff" "Mozilla/5.0 AppleWebKit/537.36 (KHTML, like Gecko; compatible; GPTBot/1.3; +https://openai.com/gptbot)"
74.7.227.43 - - [09/Mar/2026:19:44:05 +0500] "GET /filemanger/file_chmod.php?dir=%2Fhome%2Fsportsfever%2Fwww%2Fwp-content%2Fuploads%2Fsites%2F2%2F2020%2F07&name=IMG-20200719-WA0056-379x259.jpg HTTP/1.1" 200 1014 "https://sportsfever360.com/filemanger/index.php?dir=%2Fhome%2Fsportsfever%2Fwww%2Fwp-content%2Fuploads%2Fsites%2F2%2F2020%2F07" "Mozilla/5.0 AppleWebKit/537.36 (KHTML, like Gecko; compatible; GPTBot/1.3; +https://openai.com/gptbot)"
57.141.20.19 - - [09/Mar/2026:19:44:06 +0500] "GET /filemanger/edit_line.php?dir=%2Fhome%2Fsportsfever%2Fhttpdocs%2Fclone%2Fwp-content%2Fplugins%2Fsitepress-multilingual-cms%2Fclasses%2Fwidgets&name=class-wpml-widgets-support-backend.php&line=2 HTTP/1.1" 200 1551 "-" "meta-externalagent/1.1 (+https://developers.facebook.com/docs/sharing/webmasters/crawler)"
74.7.227.128 - - [09/Mar/2026:19:44:06 +0500] "GET /filemanger/delete_line.php?dir=%2Fhome%2Fsportsfever%2Fwww%2Fwp-content%2Fplugins%2Fthemify-builder%2Fjs%2Fmodule-styles%2Fsrc&line=3&name=buttons.mjs HTTP/1.1" 200 619 "https://www.sportsfever360.com/filemanger/edit_text_line.php?dir=%2Fhome%2Fsportsfever%2Fwww%2Fwp-content%2Fplugins%2Fthemify-builder%2Fjs%2Fmodule-styles%2Fsrc&name=buttons.mjs" "Mozilla/5.0 AppleWebKit/537.36 (KHTML, like Gecko; compatible; GPTBot/1.3; +https://openai.com/gptbot)"
74.7.227.43 - - [09/Mar/2026:19:44:06 +0500] "GET /filemanger/file_download.php?dir=%2Fhome%2Fsportsfever%2Fwww%2Fwp-content%2Fuploads%2Fsites%2F2%2F2020%2F07&name=IMG-20200712-WA0010-111x83.jpg HTTP/1.1" 200 3771 "https://sportsfever360.com/filemanger/file_rename.php?dir=%2Fhome%2Fsportsfever%2Fwww%2Fwp-content%2Fuploads%2Fsites%2F2%2F2020%2F07&name=IMG-20200712-WA0010-111x83.jpg" "Mozilla/5.0 AppleWebKit/537.36 (KHTML, like Gecko; compatible; GPTBot/1.3; +https://openai.com/gptbot)"
57.141.20.16 - - [09/Mar/2026:19:44:06 +0500] "GET /filemanger/edit_line.php?dir=%2Fhome%2Fsportsfever%2Fmail%2Fsportsfever360.com%2Fmohsin%2Fcur&name=1738758630.M947028P701906.c11.creativeon.net,S=1533374,W=1553310:2,&line=264 HTTP/1.1" 200 1756 "-" "meta-externalagent/1.1 (+https://developers.facebook.com/docs/sharing/webmasters/crawler)"
74.7.227.128 - - [09/Mar/2026:19:44:06 +0500] "GET /filemanger/delete_line.php?dir=%2Fhome%2Fsportsfever%2Fwww%2Fwp-content%2Fplugins%2Fwp-file-manager%2Flib%2Fjs%2Fcommands&line=0&name=quicklook.js HTTP/1.1" 200 616 "https://www.sportsfever360.com/filemanger/edit_text_line.php?dir=%2Fhome%2Fsportsfever%2Fwww%2Fwp-content%2Fplugins%2Fwp-file-manager%2Flib%2Fjs%2Fcommands&name=quicklook.js" "Mozilla/5.0 AppleWebKit/537.36 (KHTML, like Gecko; compatible; GPTBot/1.3; +https://openai.com/gptbot)"
57.141.20.30 - - [09/Mar/2026:19:44:07 +0500] "GET /filemanger/edit_line.php?dir=%2Fhome%2Fsportsfever%2Fwww%2Fclone%2Fwp-content%2Fplugins%2Fembedpress%2FEmbedPress%2FEnds%2FBack%2FSettings%2Ftemplates&name=custom-logo.php&line=85 HTTP/1.1" 200 1551 "-" "meta-externalagent/1.1 (+https://developers.facebook.com/docs/sharing/webmasters/crawler)"
74.7.227.43 - - [09/Mar/2026:19:44:07 +0500] "GET /filemanger/file_delete.php?dir=%2Fhome%2Fsportsfever%2Fwww%2Fwp-content%2Fuploads%2Fsites%2F2%2F2020%2F07&name=IMG-20200712-WA0010-111x83.jpg HTTP/1.1" 200 1050 "https://sportsfever360.com/filemanger/file_rename.php?dir=%2Fhome%2Fsportsfever%2Fwww%2Fwp-content%2Fuploads%2Fsites%2F2%2F2020%2F07&name=IMG-20200712-WA0010-111x83.jpg" "Mozilla/5.0 AppleWebKit/537.36 (KHTML, like Gecko; compatible; GPTBot/1.3; +https://openai.com/gptbot)"
74.7.227.128 - - [09/Mar/2026:19:44:07 +0500] "GET /filemanger/edit_line.php?dir=%2Fhome%2Fsportsfever%2Fwww%2Fwp-content%2Fplugins%2Fthemify-builder%2Fjs%2Feditor%2Fmodules&line=32&name=layout-part.mjs HTTP/1.1" 200 620 "https://www.sportsfever360.com/filemanger/edit_text_line.php?dir=%2Fhome%2Fsportsfever%2Fwww%2Fwp-content%2Fplugins%2Fthemify-builder%2Fjs%2Feditor%2Fmodules&name=layout-part.mjs" "Mozilla/5.0 AppleWebKit/537.36 (KHTML, like Gecko; compatible; GPTBot/1.3; +https://openai.com/gptbot)"
74.7.227.43 - - [09/Mar/2026:19:44:07 +0500] "GET /filemanger/file_chmod.php?dir=%2Fhome%2Fsportsfever%2Fwww%2Fwp-content%2Fuploads%2Fsites%2F2%2F2020%2F07&name=IMG-20200726-WA0027-980x420.jpg HTTP/1.1" 200 1011 "https://sportsfever360.com/filemanger/index.php?dir=%2Fhome%2Fsportsfever%2Fwww%2Fwp-content%2Fuploads%2Fsites%2F2%2F2020%2F07" "Mozilla/5.0 AppleWebKit/537.36 (KHTML, like Gecko; compatible; GPTBot/1.3; +https://openai.com/gptbot)"
57.141.20.39 - - [09/Mar/2026:19:44:07 +0500] "GET /filemanger/delete_line.php?dir=%2Fhome%2Fsportsfever%2Fwww%2Fwp-content%2Fplugins%2Fwordpress-whatsapp-support%2Fincludes%2Fadmin%2Fviews&name=admin-analytics-page.php&line=104 HTTP/1.1" 200 1571 "-" "meta-externalagent/1.1 (+https://developers.facebook.com/docs/sharing/webmasters/crawler)"
57.141.20.25 - - [09/Mar/2026:19:44:07 +0500] "GET /filemanger/edit_line.php?dir=%2Fhome%2Fsportsfever%2Fpublic_html%2Fwp-content%2Fplugins%2Fembedpress%2Fassets%2Fpdf%2Fweb%2Flocale%2Fff&name=viewer.ftl&line=222 HTTP/1.1" 200 1756 "-" "meta-externalagent/1.1 (+https://developers.facebook.com/docs/sharing/webmasters/crawler)"
74.7.227.128 - - [09/Mar/2026:19:44:08 +0500] "GET /filemanger/delete_line.php?dir=%2Fhome%2Fsportsfever%2Fwww%2Fclone%2Fwp-content%2Fplugins%2Fthemify-builder%2Fjs%2Feditor%2Fbuild&line=51&name=modules.min.js.gz HTTP/1.1" 200 619 "https://www.sportsfever360.com/filemanger/edit_text_line.php?dir=%2Fhome%2Fsportsfever%2Fwww%2Fclone%2Fwp-content%2Fplugins%2Fthemify-builder%2Fjs%2Feditor%2Fbuild&name=modules.min.js.gz" "Mozilla/5.0 AppleWebKit/537.36 (KHTML, like Gecko; compatible; GPTBot/1.3; +https://openai.com/gptbot)"
74.7.227.43 - - [09/Mar/2026:19:44:08 +0500] "GET /filemanger/file_copy.php?dir=%2Fhome%2Fsportsfever%2Fwww%2Fwp-content%2Fuploads%2Fsites%2F2%2F2020%2F09&name=IMG-20200917-WA0001-1024x520.jpg HTTP/1.1" 200 1036 "https://sportsfever360.com/filemanger/file_rename.php?dir=%2Fhome%2Fsportsfever%2Fwww%2Fwp-content%2Fuploads%2Fsites%2F2%2F2020%2F09&name=IMG-20200917-WA0001-1024x520.jpg" "Mozilla/5.0 AppleWebKit/537.36 (KHTML, like Gecko; compatible; GPTBot/1.3; +https://openai.com/gptbot)"
74.7.227.128 - - [09/Mar/2026:19:44:08 +0500] "GET /filemanger/delete_line.php?dir=%2Fhome%2Fsportsfever%2Fwww%2Fclone%2Fwp-content%2Fplugins%2Fwp-smushit%2F_src%2Fjs%2Fmodules&line=93&name=background-process.js HTTP/1.1" 200 616 "https://www.sportsfever360.com/filemanger/edit_text_line.php?dir=%2Fhome%2Fsportsfever%2Fwww%2Fclone%2Fwp-content%2Fplugins%2Fwp-smushit%2F_src%2Fjs%2Fmodules&name=background-process.js" "Mozilla/5.0 AppleWebKit/537.36 (KHTML, like Gecko; compatible; GPTBot/1.3; +https://openai.com/gptbot)"
74.7.227.43 - - [09/Mar/2026:19:44:08 +0500] "GET /filemanger/file_chmod.php?dir=%2Fhome%2Fsportsfever%2Fwww%2Fwp-content%2Fuploads%2Fsites%2F2%2F2020%2F12&name=IMG-20200116-WA0029-260x210.jpg HTTP/1.1" 200 1010 "https://sportsfever360.com/filemanger/index.php?dir=%2Fhome%2Fsportsfever%2Fwww%2Fwp-content%2Fuploads%2Fsites%2F2%2F2020%2F12" "Mozilla/5.0 AppleWebKit/537.36 (KHTML, like Gecko; compatible; GPTBot/1.3; +https://openai.com/gptbot)"
57.141.20.14 - - [09/Mar/2026:19:44:08 +0500] "GET /filemanger/edit_line.php?dir=%2Fhome%2Fsportsfever%2Fhttpdocs%2Fwp-content%2Fplugins%2Fsitepress-multilingual-cms%2Fvendor%2Fphpmyadmin%2Fsql-parser%2Flocale%2Fuz%40latin%2FLC_MESSAGES&name=sqlparser.po&line=194 HTTP/1.1" 200 1756 "-" "meta-externalagent/1.1 (+https://developers.facebook.com/docs/sharing/webmasters/crawler)"
57.141.20.10 - - [09/Mar/2026:19:44:09 +0500] "GET /filemanger/file_chmod.php?dir=%2Fhome%2Fsportsfever%2Fmail%2Fsportsfever360.com%2Fbilal%2Fnew&name=1758942265.M821108P4120985.c11.creativeon.net,S=1093,W=1121 HTTP/1.1" 200 4797 "-" "meta-externalagent/1.1 (+https://developers.facebook.com/docs/sharing/webmasters/crawler)"
74.7.227.128 - - [09/Mar/2026:19:44:09 +0500] "GET /filemanger/delete_line.php?dir=%2Fhome%2Fsportsfever%2Fwww%2Fclone%2Fwp-content%2Fplugins%2Fpopup-builder%2Fpublic%2Fcss%2Ffonts&line=67&name=Segoe-UI-Bold.woff HTTP/1.1" 200 619 "https://www.sportsfever360.com/filemanger/edit_text_line.php?dir=%2Fhome%2Fsportsfever%2Fwww%2Fclone%2Fwp-content%2Fplugins%2Fpopup-builder%2Fpublic%2Fcss%2Ffonts&name=Segoe-UI-Bold.woff" "Mozilla/5.0 AppleWebKit/537.36 (KHTML, like Gecko; compatible; GPTBot/1.3; +https://openai.com/gptbot)"
74.7.227.43 - - [09/Mar/2026:19:44:09 +0500] "GET /filemanger/file_chmod.php?dir=%2Fhome%2Fsportsfever%2Fwww%2Fwp-content%2Fuploads%2Fsites%2F2%2F2020%2F07&name=IMG-20200712-WA0010-300x200.jpg HTTP/1.1" 200 1011 "https://sportsfever360.com/filemanger/index.php?dir=%2Fhome%2Fsportsfever%2Fwww%2Fwp-content%2Fuploads%2Fsites%2F2%2F2020%2F07" "Mozilla/5.0 AppleWebKit/537.36 (KHTML, like Gecko; compatible; GPTBot/1.3; +https://openai.com/gptbot)"
216.73.216.56 - - [09/Mar/2026:19:44:09 +0500] "GET /wp-includes/js/dist/block-serialization-default-parser.js HTTP/1.1" 200 15228 "-" "Mozilla/5.0 AppleWebKit/537.36 (KHTML, like Gecko; compatible; ClaudeBot/1.0; +claudebot@anthropic.com)"
74.7.227.128 - - [09/Mar/2026:19:44:09 +0500] "GET /filemanger/delete_line.php?dir=%2Fhome%2Fsportsfever%2Fwww%2Fwp-content%2Fplugins%2Fwp-file-manager%2Flib%2Fjs%2Fcommands&line=5&name=quicklook.js HTTP/1.1" 200 616 "https://www.sportsfever360.com/filemanger/edit_text_line.php?dir=%2Fhome%2Fsportsfever%2Fwww%2Fwp-content%2Fplugins%2Fwp-file-manager%2Flib%2Fjs%2Fcommands&name=quicklook.js" "Mozilla/5.0 AppleWebKit/537.36 (KHTML, like Gecko; compatible; GPTBot/1.3; +https://openai.com/gptbot)"
57.141.20.20 - - [09/Mar/2026:19:44:09 +0500] "GET /filemanger/delete_line.php?dir=%2Fhome%2Fsportsfever%2Fwww%2Fclone%2Fwp-content%2Fplugins%2Fsitepress-multilingual-cms%2Fclasses%2Fcanonicals&name=class-wpml-canonicals-hooks.php&line=23 HTTP/1.1" 200 1571 "-" "meta-externalagent/1.1 (+https://developers.facebook.com/docs/sharing/webmasters/crawler)"
74.7.227.43 - - [09/Mar/2026:19:44:09 +0500] "GET /filemanger/file_chmod.php?dir=%2Fhome%2Fsportsfever%2Fwww%2Fwp-content%2Fuploads%2Fsites%2F2%2F2020%2F07&name=IMG-20200718-WA0095-300x200.jpg HTTP/1.1" 200 1012 "https://sportsfever360.com/filemanger/index.php?dir=%2Fhome%2Fsportsfever%2Fwww%2Fwp-content%2Fuploads%2Fsites%2F2%2F2020%2F07" "Mozilla/5.0 AppleWebKit/537.36 (KHTML, like Gecko; compatible; GPTBot/1.3; +https://openai.com/gptbot)"
216.73.216.56 - - [09/Mar/2026:19:44:09 +0500] "GET /wp-includes/rest-api/endpoints/class-wp-rest-block-pattern-categories-controller.php HTTP/1.1" 200 235 "-" "Mozilla/5.0 AppleWebKit/537.36 (KHTML, like Gecko; compatible; ClaudeBot/1.0; +claudebot@anthropic.com)"
216.73.216.56 - - [09/Mar/2026:19:44:09 +0500] "GET /wp-includes/js/dist/shortcode.min.js HTTP/1.1" 200 2900 "-" "Mozilla/5.0 AppleWebKit/537.36 (KHTML, like Gecko; compatible; ClaudeBot/1.0; +claudebot@anthropic.com)"
216.73.216.56 - - [09/Mar/2026:19:44:09 +0500] "GET /wp-includes/rest-api/endpoints/class-wp-rest-block-types-controller.php HTTP/1.1" 200 227 "-" "Mozilla/5.0 AppleWebKit/537.36 (KHTML, like Gecko; compatible; ClaudeBot/1.0; +claudebot@anthropic.com)"
57.141.20.46 - - [09/Mar/2026:19:44:10 +0500] "GET /filemanger/delete_line.php?dir=%2Fhome%2Fsportsfever%2Fhttpdocs%2Fwp-content%2Fplugins%2Fpopup-builder%2Flanguages&name=popupBuilder.pot&line=638 HTTP/1.1" 200 1776 "-" "meta-externalagent/1.1 (+https://developers.facebook.com/docs/sharing/webmasters/crawler)"
74.7.227.128 - - [09/Mar/2026:19:44:10 +0500] "GET /filemanger/edit_line.php?dir=%2Fhome%2Fsportsfever%2Fwww%2Fclone%2Fwp-content%2Fplugins%2Fthemify-builder%2Fjs%2Fmodule-styles%2Fsrc&line=12&name=tab.mjs HTTP/1.1" 200 620 "https://www.sportsfever360.com/filemanger/edit_text_line.php?dir=%2Fhome%2Fsportsfever%2Fwww%2Fclone%2Fwp-content%2Fplugins%2Fthemify-builder%2Fjs%2Fmodule-styles%2Fsrc&name=tab.mjs" "Mozilla/5.0 AppleWebKit/537.36 (KHTML, like Gecko; compatible; GPTBot/1.3; +https://openai.com/gptbot)"
216.73.216.56 - - [09/Mar/2026:19:44:10 +0500] "GET /wp-includes/rest-api/endpoints/class-wp-rest-post-statuses-controller.php HTTP/1.1" 200 228 "-" "Mozilla/5.0 AppleWebKit/537.36 (KHTML, like Gecko; compatible; ClaudeBot/1.0; +claudebot@anthropic.com)"
74.7.227.43 - - [09/Mar/2026:19:44:10 +0500] "GET /filemanger/file_chmod.php?dir=%2Fhome%2Fsportsfever%2Fwww%2Fwp-content%2Fuploads%2Fsites%2F2%2F2020%2F10&name=IMG-20201011-WA0025-300x225.jpg HTTP/1.1" 200 1010 "https://sportsfever360.com/filemanger/index.php?dir=%2Fhome%2Fsportsfever%2Fwww%2Fwp-content%2Fuploads%2Fsites%2F2%2F2020%2F10" "Mozilla/5.0 AppleWebKit/537.36 (KHTML, like Gecko; compatible; GPTBot/1.3; +https://openai.com/gptbot)"
216.73.216.56 - - [09/Mar/2026:19:44:10 +0500] "GET /wp-includes/rest-api/endpoints/class-wp-rest-menu-items-controller.php HTTP/1.1" 200 229 "-" "Mozilla/5.0 AppleWebKit/537.36 (KHTML, like Gecko; compatible; ClaudeBot/1.0; +claudebot@anthropic.com)"
57.141.20.44 - - [09/Mar/2026:19:44:10 +0500] "GET /filemanger/delete_line.php?dir=%2Fhome%2Fsportsfever%2Fpublic_html%2Fwp-content%2Fplugins%2Fsmart-slider-3%2FNextend%2FLanguages&name=hu_HU.mo&line=128 HTTP/1.1" 200 1776 "-" "meta-externalagent/1.1 (+https://developers.facebook.com/docs/sharing/webmasters/crawler)"
216.73.216.56 - - [09/Mar/2026:19:44:10 +0500] "GET /wp-includes/js/dist/annotations.js HTTP/1.1" 200 23548 "-" "Mozilla/5.0 AppleWebKit/537.36 (KHTML, like Gecko; compatible; ClaudeBot/1.0; +claudebot@anthropic.com)"
74.7.227.128 - - [09/Mar/2026:19:44:10 +0500] "GET /filemanger/delete_line.php?dir=%2Fhome%2Fsportsfever%2Fwww%2Fclone%2Fwp-content%2Fplugins%2Fwp-smushit%2F_src%2Fjs%2Fmodules&line=78&name=background-process.js HTTP/1.1" 200 616 "https://www.sportsfever360.com/filemanger/edit_text_line.php?dir=%2Fhome%2Fsportsfever%2Fwww%2Fclone%2Fwp-content%2Fplugins%2Fwp-smushit%2F_src%2Fjs%2Fmodules&name=background-process.js" "Mozilla/5.0 AppleWebKit/537.36 (KHTML, like Gecko; compatible; GPTBot/1.3; +https://openai.com/gptbot)"
74.7.227.43 - - [09/Mar/2026:19:44:10 +0500] "GET /filemanger/file_chmod.php?dir=%2Fhome%2Fsportsfever%2Fwww%2Fwp-content%2Fuploads%2Fsites%2F2%2F2020%2F07&name=IMG-20200713-WA0022-470x313.jpg HTTP/1.1" 200 1012 "https://sportsfever360.com/filemanger/index.php?dir=%2Fhome%2Fsportsfever%2Fwww%2Fwp-content%2Fuploads%2Fsites%2F2%2F2020%2F07" "Mozilla/5.0 AppleWebKit/537.36 (KHTML, like Gecko; compatible; GPTBot/1.3; +https://openai.com/gptbot)"
216.73.216.56 - - [09/Mar/2026:19:44:10 +0500] "GET /wp-includes/js/dist/keycodes.js HTTP/1.1" 200 14103 "-" "Mozilla/5.0 AppleWebKit/537.36 (KHTML, like Gecko; compatible; ClaudeBot/1.0; +claudebot@anthropic.com)"
57.141.20.33 - - [09/Mar/2026:19:44:10 +0500] "GET /filemanger/file.php?dir=%2Fhome%2Fsportsfever%2Fhttpdocs%2Fwp-content%2Fplugins%2Fsitepress-multilingual-cms%2Fvendor%2Fotgs%2Finstaller%2Fincludes&name=class-otgs-installer-wp-components-setting-resources.php HTTP/1.1" 200 6271 "-" "meta-externalagent/1.1 (+https://developers.facebook.com/docs/sharing/webmasters/crawler)"
216.73.216.56 - - [09/Mar/2026:19:44:10 +0500] "GET /wp-includes/rest-api/endpoints/class-wp-rest-widget-types-controller.php HTTP/1.1" 200 228 "-" "Mozilla/5.0 AppleWebKit/537.36 (KHTML, like Gecko; compatible; ClaudeBot/1.0; +claudebot@anthropic.com)"
216.73.216.56 - - [09/Mar/2026:19:44:11 +0500] "GET /wp-includes/js/dist/data.js HTTP/1.1" 200 158267 "-" "Mozilla/5.0 AppleWebKit/537.36 (KHTML, like Gecko; compatible; ClaudeBot/1.0; +claudebot@anthropic.com)"
74.7.227.128 - - [09/Mar/2026:19:44:11 +0500] "GET /filemanger/edit_line.php?dir=%2Fhome%2Fsportsfever%2Fwww%2Fclone%2Fwp-content%2Fplugins%2Fthemify-builder%2Fjs%2Feditor%2Fmodules&line=30&name=map.mjs HTTP/1.1" 200 620 "https://www.sportsfever360.com/filemanger/edit_text_line.php?dir=%2Fhome%2Fsportsfever%2Fwww%2Fclone%2Fwp-content%2Fplugins%2Fthemify-builder%2Fjs%2Feditor%2Fmodules&name=map.mjs" "Mozilla/5.0 AppleWebKit/537.36 (KHTML, like Gecko; compatible; GPTBot/1.3; +https://openai.com/gptbot)"
74.7.227.43 - - [09/Mar/2026:19:44:11 +0500] "GET /filemanger/file_chmod.php?dir=%2Fhome%2Fsportsfever%2Fwww%2Fwp-content%2Fuploads%2Fsites%2F2%2F2020%2F11&name=IMG-20201101-WA0120-434x420.jpg HTTP/1.1" 200 1010 "https://sportsfever360.com/filemanger/index.php?dir=%2Fhome%2Fsportsfever%2Fwww%2Fwp-content%2Fuploads%2Fsites%2F2%2F2020%2F11" "Mozilla/5.0 AppleWebKit/537.36 (KHTML, like Gecko; compatible; GPTBot/1.3; +https://openai.com/gptbot)"
216.73.216.56 - - [09/Mar/2026:19:44:11 +0500] "GET /wp-includes/rest-api/endpoints/class-wp-rest-attachments-controller.php HTTP/1.1" 200 228 "-" "Mozilla/5.0 AppleWebKit/537.36 (KHTML, like Gecko; compatible; ClaudeBot/1.0; +claudebot@anthropic.com)"
216.73.216.56 - - [09/Mar/2026:19:44:11 +0500] "GET /wp-includes/rest-api/endpoints/class-wp-rest-navigation-fallback-controller.php HTTP/1.1" 200 232 "-" "Mozilla/5.0 AppleWebKit/537.36 (KHTML, like Gecko; compatible; ClaudeBot/1.0; +claudebot@anthropic.com)"
74.7.227.128 - - [09/Mar/2026:19:44:11 +0500] "GET /filemanger/edit_line.php?dir=%2Fhome%2Fsportsfever%2Fwww%2Fclone%2Fwp-content%2Fplugins%2Fthemify-builder%2Fjs%2Fmodule-styles%2Fsrc&line=1&name=callout.mjs HTTP/1.1" 200 620 "https://www.sportsfever360.com/filemanger/edit_text_line.php?dir=%2Fhome%2Fsportsfever%2Fwww%2Fclone%2Fwp-content%2Fplugins%2Fthemify-builder%2Fjs%2Fmodule-styles%2Fsrc&name=callout.mjs" "Mozilla/5.0 AppleWebKit/537.36 (KHTML, like Gecko; compatible; GPTBot/1.3; +https://openai.com/gptbot)"
74.7.227.43 - - [09/Mar/2026:19:44:11 +0500] "GET /filemanger/file_Copy.php?dir=%2Fhome%2Fsportsfever%2Fwww%2Fwp-content%2Fuploads%2Fsites%2F2%2F2020%2F07&name=IMG-20200719-WA0056-1024x520.jpg HTTP/1.1" 200 20 "https://sportsfever360.com/filemanger/file_chmod.php?dir=%2Fhome%2Fsportsfever%2Fwww%2Fwp-content%2Fuploads%2Fsites%2F2%2F2020%2F07&name=IMG-20200719-WA0056-1024x520.jpg" "Mozilla/5.0 AppleWebKit/537.36 (KHTML, like Gecko; compatible; GPTBot/1.3; +https://openai.com/gptbot)"
216.73.216.56 - - [09/Mar/2026:19:44:11 +0500] "GET /wp-includes/rest-api/endpoints/class-wp-rest-settings-controller.php HTTP/1.1" 200 225 "-" "Mozilla/5.0 AppleWebKit/537.36 (KHTML, like Gecko; compatible; ClaudeBot/1.0; +claudebot@anthropic.com)"
