57.141.20.53 - - [09/Mar/2026:19:36:40 +0500] "GET /filemanger/edit_line.php?dir=%2Fhome%2Fsportsfever%2Fhttpdocs%2Fwp-content%2Fplugins%2Fsitepress-multilingual-cms%2Fvendor%2Fphpmyadmin%2Fsql-parser%2Fsrc%2FStatements&name=CreateStatement.php&line=472 HTTP/1.1" 200 1551 "-" "meta-externalagent/1.1 (+https://developers.facebook.com/docs/sharing/webmasters/crawler)"
74.7.227.128 - - [09/Mar/2026:19:36:40 +0500] "GET /filemanger/edit_line.php?dir=%2Fhome%2Fsportsfever%2Fwww%2Fwp-content%2Fplugins%2Fwp-file-manager%2Flib%2Fcodemirror%2Fmode%2Fmbox&line=36&name=mbox.js HTTP/1.1" 200 618 "https://www.sportsfever360.com/filemanger/edit_text_line.php?dir=%2Fhome%2Fsportsfever%2Fwww%2Fwp-content%2Fplugins%2Fwp-file-manager%2Flib%2Fcodemirror%2Fmode%2Fmbox&name=mbox.js" "Mozilla/5.0 AppleWebKit/537.36 (KHTML, like Gecko; compatible; GPTBot/1.3; +https://openai.com/gptbot)"
74.7.227.43 - - [09/Mar/2026:19:36:40 +0500] "GET /filemanger/file_chmod.php?dir=%2Fhome%2Fsportsfever%2Fwww%2Fwp-content%2Fuploads%2Fsites%2F2%2F2020%2F12&name=IMG-20200624-WA0021-990x556.jpg HTTP/1.1" 200 1012 "https://sportsfever360.com/filemanger/index.php?dir=%2Fhome%2Fsportsfever%2Fwww%2Fwp-content%2Fuploads%2Fsites%2F2%2F2020%2F12" "Mozilla/5.0 AppleWebKit/537.36 (KHTML, like Gecko; compatible; GPTBot/1.3; +https://openai.com/gptbot)"
57.141.20.27 - - [09/Mar/2026:19:36:40 +0500] "GET /filemanger/edit_line.php?dir=%2Fhome%2Fsportsfever%2Fhttpdocs%2Fclone%2Fwp-content%2Fplugins%2Fembedpress%2FEmbedPress%2FIncludes%2FClasses&name=Helper.php&line=156 HTTP/1.1" 200 1551 "-" "meta-externalagent/1.1 (+https://developers.facebook.com/docs/sharing/webmasters/crawler)"
74.7.227.128 - - [09/Mar/2026:19:36:41 +0500] "GET /filemanger/edit_line.php?dir=%2Fhome%2Fsportsfever%2Fwww%2Fwp-content%2Fplugins%2Fwp-file-manager%2Flib%2Fcodemirror%2Fmode%2Fmbox&line=13&name=mbox.js HTTP/1.1" 200 618 "https://www.sportsfever360.com/filemanger/edit_text_line.php?dir=%2Fhome%2Fsportsfever%2Fwww%2Fwp-content%2Fplugins%2Fwp-file-manager%2Flib%2Fcodemirror%2Fmode%2Fmbox&name=mbox.js" "Mozilla/5.0 AppleWebKit/537.36 (KHTML, like Gecko; compatible; GPTBot/1.3; +https://openai.com/gptbot)"
74.7.227.43 - - [09/Mar/2026:19:36:41 +0500] "GET /filemanger/file_chmod.php?dir=%2Fhome%2Fsportsfever%2Fwww%2Fwp-content%2Fuploads%2Fsites%2F2%2F2020%2F12&name=IMG-20201229-WA0004-768x432.jpg HTTP/1.1" 200 1012 "https://sportsfever360.com/filemanger/index.php?dir=%2Fhome%2Fsportsfever%2Fwww%2Fwp-content%2Fuploads%2Fsites%2F2%2F2020%2F12" "Mozilla/5.0 AppleWebKit/537.36 (KHTML, like Gecko; compatible; GPTBot/1.3; +https://openai.com/gptbot)"
57.141.20.16 - - [09/Mar/2026:19:36:41 +0500] "GET /filemanger/edit_line.php?dir=%2Fhome%2Fsportsfever%2Fmail%2Fsportsfever360.com%2Fmohsin%2Fcur&name=1638292146.M155621P20672.kcp4.qsoftweb.com,S=1093018,W=1107325:2,RSf&line=2024 HTTP/1.1" 200 1756 "-" "meta-externalagent/1.1 (+https://developers.facebook.com/docs/sharing/webmasters/crawler)"
74.7.227.128 - - [09/Mar/2026:19:36:41 +0500] "GET /filemanger/edit_line.php?dir=%2Fhome%2Fsportsfever%2Fwww%2Fwp-content%2Fplugins%2Fwp-file-manager%2Flib%2Fcodemirror%2Fmode%2Fmbox&line=83&name=mbox.js HTTP/1.1" 200 618 "https://www.sportsfever360.com/filemanger/edit_text_line.php?dir=%2Fhome%2Fsportsfever%2Fwww%2Fwp-content%2Fplugins%2Fwp-file-manager%2Flib%2Fcodemirror%2Fmode%2Fmbox&name=mbox.js" "Mozilla/5.0 AppleWebKit/537.36 (KHTML, like Gecko; compatible; GPTBot/1.3; +https://openai.com/gptbot)"
74.7.227.43 - - [09/Mar/2026:19:36:41 +0500] "GET /filemanger/file_chmod.php?dir=%2Fhome%2Fsportsfever%2Fwww%2Fwp-content%2Fuploads%2Fsites%2F2%2F2020%2F07&name=IMG-20200713-WA0006-414x232.jpg HTTP/1.1" 200 1013 "https://sportsfever360.com/filemanger/index.php?dir=%2Fhome%2Fsportsfever%2Fwww%2Fwp-content%2Fuploads%2Fsites%2F2%2F2020%2F07" "Mozilla/5.0 AppleWebKit/537.36 (KHTML, like Gecko; compatible; GPTBot/1.3; +https://openai.com/gptbot)"
57.141.20.34 - - [09/Mar/2026:19:36:41 +0500] "GET /filemanger/delete_line.php?dir=%2Fhome%2Fsportsfever%2Fhttpdocs%2Fwp-content%2Fplugins%2Fpopup-builder%2Fpublic%2Fcss%2Ffonts&name=fontawesome-webfont.woff2&line=242 HTTP/1.1" 200 1776 "-" "meta-externalagent/1.1 (+https://developers.facebook.com/docs/sharing/webmasters/crawler)"
74.7.227.128 - - [09/Mar/2026:19:36:42 +0500] "GET /filemanger/edit_line.php?dir=%2Fhome%2Fsportsfever%2Fwww%2Fwp-content%2Fplugins%2Fwp-file-manager%2Flib%2Fcodemirror%2Fmode%2Fmbox&line=40&name=mbox.js HTTP/1.1" 200 618 "https://www.sportsfever360.com/filemanger/edit_text_line.php?dir=%2Fhome%2Fsportsfever%2Fwww%2Fwp-content%2Fplugins%2Fwp-file-manager%2Flib%2Fcodemirror%2Fmode%2Fmbox&name=mbox.js" "Mozilla/5.0 AppleWebKit/537.36 (KHTML, like Gecko; compatible; GPTBot/1.3; +https://openai.com/gptbot)"
74.7.227.43 - - [09/Mar/2026:19:36:42 +0500] "GET /filemanger/file_Copy.php?dir=%2Fhome%2Fsportsfever%2Fwww%2Fwp-content%2Fuploads%2Fsites%2F2%2F2020%2F07&name=5080_2814658_updates-559x520.jpg HTTP/1.1" 200 20 "https://sportsfever360.com/filemanger/file_chmod.php?dir=%2Fhome%2Fsportsfever%2Fwww%2Fwp-content%2Fuploads%2Fsites%2F2%2F2020%2F07&name=5080_2814658_updates-559x520.jpg" "Mozilla/5.0 AppleWebKit/537.36 (KHTML, like Gecko; compatible; GPTBot/1.3; +https://openai.com/gptbot)"
57.141.20.22 - - [09/Mar/2026:19:36:42 +0500] "GET /filemanger/delete_line.php?dir=%2Fhome%2Fsportsfever%2Fhttpdocs%2Fclone%2Fwp-content%2Fplugins%2Fwordpress-seo%2Fsrc%2Factions%2Fimporting%2Faioseo&name=aioseo-validate-data-action.php&line=86 HTTP/1.1" 200 1571 "-" "meta-externalagent/1.1 (+https://developers.facebook.com/docs/sharing/webmasters/crawler)"
74.7.227.128 - - [09/Mar/2026:19:36:42 +0500] "GET /filemanger/edit_line.php?dir=%2Fhome%2Fsportsfever%2Fwww%2Fwp-content%2Fplugins%2Fwp-file-manager%2Flib%2Fcodemirror%2Fmode%2Fmbox&line=86&name=mbox.js HTTP/1.1" 200 618 "https://www.sportsfever360.com/filemanger/edit_text_line.php?dir=%2Fhome%2Fsportsfever%2Fwww%2Fwp-content%2Fplugins%2Fwp-file-manager%2Flib%2Fcodemirror%2Fmode%2Fmbox&name=mbox.js" "Mozilla/5.0 AppleWebKit/537.36 (KHTML, like Gecko; compatible; GPTBot/1.3; +https://openai.com/gptbot)"
74.7.227.43 - - [09/Mar/2026:19:36:42 +0500] "GET /filemanger/file_copy.php?dir=%2Fhome%2Fsportsfever%2Fwww%2Fwp-content%2Fuploads%2Fsites%2F2%2F2020%2F12&name=IMG-20201014-WA0035-1024x576.jpg HTTP/1.1" 200 1037 "https://sportsfever360.com/filemanger/file_chmod.php?dir=%2Fhome%2Fsportsfever%2Fwww%2Fwp-content%2Fuploads%2Fsites%2F2%2F2020%2F12&name=IMG-20201014-WA0035-1024x576.jpg" "Mozilla/5.0 AppleWebKit/537.36 (KHTML, like Gecko; compatible; GPTBot/1.3; +https://openai.com/gptbot)"
74.7.227.128 - - [09/Mar/2026:19:36:43 +0500] "GET /filemanger/edit_line.php?dir=%2Fhome%2Fsportsfever%2Fwww%2Fwp-content%2Fplugins%2Fwp-file-manager%2Flib%2Fcodemirror%2Fmode%2Fmbox&line=90&name=mbox.js HTTP/1.1" 200 618 "https://www.sportsfever360.com/filemanger/edit_text_line.php?dir=%2Fhome%2Fsportsfever%2Fwww%2Fwp-content%2Fplugins%2Fwp-file-manager%2Flib%2Fcodemirror%2Fmode%2Fmbox&name=mbox.js" "Mozilla/5.0 AppleWebKit/537.36 (KHTML, like Gecko; compatible; GPTBot/1.3; +https://openai.com/gptbot)"
74.7.227.43 - - [09/Mar/2026:19:36:43 +0500] "GET /filemanger/file_Copy.php?dir=%2Fhome%2Fsportsfever%2Fwww%2Fwp-content%2Fuploads%2Fsites%2F2%2F2020%2F07&name=IMG-20200713-WA0001-1024x742.jpg HTTP/1.1" 200 20 "https://sportsfever360.com/filemanger/file_chmod.php?dir=%2Fhome%2Fsportsfever%2Fwww%2Fwp-content%2Fuploads%2Fsites%2F2%2F2020%2F07&name=IMG-20200713-WA0001-1024x742.jpg" "Mozilla/5.0 AppleWebKit/537.36 (KHTML, like Gecko; compatible; GPTBot/1.3; +https://openai.com/gptbot)"
57.141.20.59 - - [09/Mar/2026:19:36:43 +0500] "GET /filemanger/edit_line.php?dir=%2Fhome%2Fsportsfever%2Fhttpdocs%2Fclone%2Fwp-includes%2Frest-api%2Fendpoints&name=class-wp-rest-comments-controller.php&line=194 HTTP/1.1" 200 1551 "-" "meta-externalagent/1.1 (+https://developers.facebook.com/docs/sharing/webmasters/crawler)"
57.141.20.23 - - [09/Mar/2026:19:36:43 +0500] "GET /filemanger/delete_line.php?dir=%2Fhome%2Fsportsfever%2Fwww%2Fclone%2Fwp-content%2Fplugins%2Fpopup-maker%2Ftrunk%2Fdist%2Fblock-editor&name=block-editor.js&line=1069 HTTP/1.1" 200 1571 "-" "meta-externalagent/1.1 (+https://developers.facebook.com/docs/sharing/webmasters/crawler)"
74.7.227.128 - - [09/Mar/2026:19:36:43 +0500] "GET /filemanger/edit_line.php?dir=%2Fhome%2Fsportsfever%2Fwww%2Fwp-content%2Fplugins%2Fwp-file-manager%2Flib%2Fcodemirror%2Fmode%2Fmbox&line=35&name=mbox.js HTTP/1.1" 200 618 "https://www.sportsfever360.com/filemanger/edit_text_line.php?dir=%2Fhome%2Fsportsfever%2Fwww%2Fwp-content%2Fplugins%2Fwp-file-manager%2Flib%2Fcodemirror%2Fmode%2Fmbox&name=mbox.js" "Mozilla/5.0 AppleWebKit/537.36 (KHTML, like Gecko; compatible; GPTBot/1.3; +https://openai.com/gptbot)"
74.7.227.43 - - [09/Mar/2026:19:36:43 +0500] "GET /filemanger/file_chmod.php?dir=%2Fhome%2Fsportsfever%2Fwww%2Fwp-content%2Fuploads%2Fsites%2F2%2F2020%2F10&name=IMG-20201004-WA0002-215x120.jpg HTTP/1.1" 200 1009 "https://sportsfever360.com/filemanger/index.php?dir=%2Fhome%2Fsportsfever%2Fwww%2Fwp-content%2Fuploads%2Fsites%2F2%2F2020%2F10" "Mozilla/5.0 AppleWebKit/537.36 (KHTML, like Gecko; compatible; GPTBot/1.3; +https://openai.com/gptbot)"
57.141.20.9 - - [09/Mar/2026:19:36:43 +0500] "GET /filemanger/delete_line.php?dir=%2Fhome%2Fsportsfever%2Fpublic_html%2Fwp-content%2Fplugins%2Fpopup-builder%2Fcom%2Fconfig&name=dataConfig.php&line=92 HTTP/1.1" 200 1571 "-" "meta-externalagent/1.1 (+https://developers.facebook.com/docs/sharing/webmasters/crawler)"
74.7.227.128 - - [09/Mar/2026:19:36:44 +0500] "GET /filemanger/edit_line.php?dir=%2Fhome%2Fsportsfever%2Fwww%2Fwp-content%2Fplugins%2Fwp-file-manager%2Flib%2Fcodemirror%2Fmode%2Fmbox&line=67&name=mbox.js HTTP/1.1" 200 618 "https://www.sportsfever360.com/filemanger/edit_text_line.php?dir=%2Fhome%2Fsportsfever%2Fwww%2Fwp-content%2Fplugins%2Fwp-file-manager%2Flib%2Fcodemirror%2Fmode%2Fmbox&name=mbox.js" "Mozilla/5.0 AppleWebKit/537.36 (KHTML, like Gecko; compatible; GPTBot/1.3; +https://openai.com/gptbot)"
74.7.227.43 - - [09/Mar/2026:19:36:44 +0500] "GET /filemanger/file_chmod.php?dir=%2Fhome%2Fsportsfever%2Fwww%2Fwp-content%2Fuploads%2Fsites%2F2%2F2020%2F07&name=IMG-20200713-WA0017-215x120.jpg HTTP/1.1" 200 1012 "https://sportsfever360.com/filemanger/index.php?dir=%2Fhome%2Fsportsfever%2Fwww%2Fwp-content%2Fuploads%2Fsites%2F2%2F2020%2F07" "Mozilla/5.0 AppleWebKit/537.36 (KHTML, like Gecko; compatible; GPTBot/1.3; +https://openai.com/gptbot)"
57.141.20.19 - - [09/Mar/2026:19:36:44 +0500] "GET /filemanger/edit_line.php?dir=%2Fhome%2Fsportsfever%2Fwww%2Fclone%2Fwp-content%2Fplugins%2Fninja-forms%2Flang&name=ninja-forms-de_DE.po&line=1443 HTTP/1.1" 200 1756 "-" "meta-externalagent/1.1 (+https://developers.facebook.com/docs/sharing/webmasters/crawler)"
74.7.227.128 - - [09/Mar/2026:19:36:44 +0500] "GET /filemanger/edit_line.php?dir=%2Fhome%2Fsportsfever%2Fwww%2Fwp-content%2Fplugins%2Fwp-file-manager%2Flib%2Fcodemirror%2Fmode%2Fmbox&line=74&name=mbox.js HTTP/1.1" 200 618 "https://www.sportsfever360.com/filemanger/edit_text_line.php?dir=%2Fhome%2Fsportsfever%2Fwww%2Fwp-content%2Fplugins%2Fwp-file-manager%2Flib%2Fcodemirror%2Fmode%2Fmbox&name=mbox.js" "Mozilla/5.0 AppleWebKit/537.36 (KHTML, like Gecko; compatible; GPTBot/1.3; +https://openai.com/gptbot)"
74.7.227.43 - - [09/Mar/2026:19:36:44 +0500] "GET /filemanger/file_chmod.php?dir=%2Fhome%2Fsportsfever%2Fwww%2Fwp-content%2Fuploads%2Fsites%2F2%2F2020%2F10&name=IMG-20201011-WA0025-990x556.jpg HTTP/1.1" 200 1011 "https://sportsfever360.com/filemanger/index.php?dir=%2Fhome%2Fsportsfever%2Fwww%2Fwp-content%2Fuploads%2Fsites%2F2%2F2020%2F10" "Mozilla/5.0 AppleWebKit/537.36 (KHTML, like Gecko; compatible; GPTBot/1.3; +https://openai.com/gptbot)"
57.141.20.21 - - [09/Mar/2026:19:36:45 +0500] "GET /filemanger/edit_line.php?dir=%2Fhome%2Fsportsfever%2Fpublic_html%2Fwp-content%2Fplugins%2Fembedpress%2FEmbedPress%2FProviders&name=SelfHosted.php&line=18 HTTP/1.1" 200 1551 "-" "meta-externalagent/1.1 (+https://developers.facebook.com/docs/sharing/webmasters/crawler)"
74.7.227.128 - - [09/Mar/2026:19:36:45 +0500] "GET /filemanger/edit_line.php?dir=%2Fhome%2Fsportsfever%2Fwww%2Fwp-content%2Fplugins%2Fwp-file-manager%2Flib%2Fcodemirror%2Fmode%2Fmbox&line=76&name=mbox.js HTTP/1.1" 200 618 "https://www.sportsfever360.com/filemanger/edit_text_line.php?dir=%2Fhome%2Fsportsfever%2Fwww%2Fwp-content%2Fplugins%2Fwp-file-manager%2Flib%2Fcodemirror%2Fmode%2Fmbox&name=mbox.js" "Mozilla/5.0 AppleWebKit/537.36 (KHTML, like Gecko; compatible; GPTBot/1.3; +https://openai.com/gptbot)"
74.7.227.43 - - [09/Mar/2026:19:36:45 +0500] "GET /filemanger/file_Copy.php?dir=%2Fhome%2Fsportsfever%2Fwww%2Fwp-content%2Fuploads%2Fsites%2F2%2F2020%2F07&name=IMG-20200713-WA0022-1280x742.jpg HTTP/1.1" 200 20 "https://sportsfever360.com/filemanger/file_chmod.php?dir=%2Fhome%2Fsportsfever%2Fwww%2Fwp-content%2Fuploads%2Fsites%2F2%2F2020%2F07&name=IMG-20200713-WA0022-1280x742.jpg" "Mozilla/5.0 AppleWebKit/537.36 (KHTML, like Gecko; compatible; GPTBot/1.3; +https://openai.com/gptbot)"
74.7.227.128 - - [09/Mar/2026:19:36:45 +0500] "GET /filemanger/edit_line.php?dir=%2Fhome%2Fsportsfever%2Fwww%2Fwp-content%2Fplugins%2Fwp-file-manager%2Flib%2Fcodemirror%2Fmode%2Fmbox&line=39&name=mbox.js HTTP/1.1" 200 618 "https://www.sportsfever360.com/filemanger/edit_text_line.php?dir=%2Fhome%2Fsportsfever%2Fwww%2Fwp-content%2Fplugins%2Fwp-file-manager%2Flib%2Fcodemirror%2Fmode%2Fmbox&name=mbox.js" "Mozilla/5.0 AppleWebKit/537.36 (KHTML, like Gecko; compatible; GPTBot/1.3; +https://openai.com/gptbot)"
57.141.20.27 - - [09/Mar/2026:19:36:45 +0500] "GET /filemanger/edit_line.php?dir=%2Fhome%2Fsportsfever%2Fhttpdocs%2Fwp-content%2Fplugins%2Fwordpress-seo%2Fsrc%2Fgenerated&name=container.php&line=2890 HTTP/1.1" 200 1551 "-" "meta-externalagent/1.1 (+https://developers.facebook.com/docs/sharing/webmasters/crawler)"
74.7.227.43 - - [09/Mar/2026:19:36:45 +0500] "GET /filemanger/file_chmod.php?dir=%2Fhome%2Fsportsfever%2Fwww%2Fwp-content%2Fuploads%2Fsites%2F2%2F2020%2F12&name=IMG-20201014-WA0035-300x200.jpg HTTP/1.1" 200 1011 "https://sportsfever360.com/filemanger/index.php?dir=%2Fhome%2Fsportsfever%2Fwww%2Fwp-content%2Fuploads%2Fsites%2F2%2F2020%2F12" "Mozilla/5.0 AppleWebKit/537.36 (KHTML, like Gecko; compatible; GPTBot/1.3; +https://openai.com/gptbot)"
57.141.20.20 - - [09/Mar/2026:19:36:45 +0500] "GET /filemanger/edit_line.php?dir=%2Fhome%2Fsportsfever%2Fhttpdocs%2Fclone%2Fwp-content%2Fplugins%2Fsitepress-multilingual-cms%2Fvendor%2Fphpmyadmin%2Fsql-parser%2Flocale%2Fur%2FLC_MESSAGES&name=sqlparser.po&line=94 HTTP/1.1" 200 1756 "-" "meta-externalagent/1.1 (+https://developers.facebook.com/docs/sharing/webmasters/crawler)"
74.7.227.128 - - [09/Mar/2026:19:36:46 +0500] "GET /filemanger/edit_line.php?dir=%2Fhome%2Fsportsfever%2Fwww%2Fwp-content%2Fplugins%2Fwp-file-manager%2Flib%2Fcodemirror%2Fmode%2Fmbox&line=31&name=mbox.js HTTP/1.1" 200 618 "https://www.sportsfever360.com/filemanger/edit_text_line.php?dir=%2Fhome%2Fsportsfever%2Fwww%2Fwp-content%2Fplugins%2Fwp-file-manager%2Flib%2Fcodemirror%2Fmode%2Fmbox&name=mbox.js" "Mozilla/5.0 AppleWebKit/537.36 (KHTML, like Gecko; compatible; GPTBot/1.3; +https://openai.com/gptbot)"
74.7.227.43 - - [09/Mar/2026:19:36:46 +0500] "GET /filemanger/file.php?dir=%2Fhome%2Fsportsfever%2Fpublic_html%2Fwp-content%2Fuploads%2Fsites%2F2%2F2020%2F09&name=IMG_20200913_222709-65x65.jpg HTTP/1.1" 200 1078 "https://sportsfever360.com/filemanger/index.php?dir=%2Fhome%2Fsportsfever%2Fpublic_html%2Fwp-content%2Fuploads%2Fsites%2F2%2F2020%2F09" "Mozilla/5.0 AppleWebKit/537.36 (KHTML, like Gecko; compatible; GPTBot/1.3; +https://openai.com/gptbot)"
57.141.20.48 - - [09/Mar/2026:19:36:46 +0500] "GET /filemanger/edit_line.php?dir=%2Fhome%2Fsportsfever%2Fwww%2Fwp-content%2Fplugins%2Fwordpress-seo&name=wp-seo-main.php&line=540 HTTP/1.1" 200 1551 "-" "meta-externalagent/1.1 (+https://developers.facebook.com/docs/sharing/webmasters/crawler)"
74.7.227.128 - - [09/Mar/2026:19:36:46 +0500] "GET /filemanger/edit_line.php?dir=%2Fhome%2Fsportsfever%2Fwww%2Fwp-content%2Fplugins%2Fwp-file-manager%2Flib%2Fcodemirror%2Fmode%2Fmbox&line=71&name=mbox.js HTTP/1.1" 200 618 "https://www.sportsfever360.com/filemanger/edit_text_line.php?dir=%2Fhome%2Fsportsfever%2Fwww%2Fwp-content%2Fplugins%2Fwp-file-manager%2Flib%2Fcodemirror%2Fmode%2Fmbox&name=mbox.js" "Mozilla/5.0 AppleWebKit/537.36 (KHTML, like Gecko; compatible; GPTBot/1.3; +https://openai.com/gptbot)"
74.7.227.43 - - [09/Mar/2026:19:36:46 +0500] "GET /filemanger/file_chmod.php?dir=%2Fhome%2Fsportsfever%2Fwww%2Fwp-content%2Fuploads%2Fsites%2F2%2F2020%2F12&name=IMG-20200619-WA0026-379x259.jpg HTTP/1.1" 200 1012 "https://sportsfever360.com/filemanger/index.php?dir=%2Fhome%2Fsportsfever%2Fwww%2Fwp-content%2Fuploads%2Fsites%2F2%2F2020%2F12" "Mozilla/5.0 AppleWebKit/537.36 (KHTML, like Gecko; compatible; GPTBot/1.3; +https://openai.com/gptbot)"
57.141.20.53 - - [09/Mar/2026:19:36:46 +0500] "GET /filemanger/edit_line.php?dir=%2Fhome%2Fsportsfever%2Fwww%2Fwp-content%2Fplugins%2Fpopup-maker%2Ftrunk%2Fincludes%2Ffunctions&name=developers.php&line=26 HTTP/1.1" 200 1551 "-" "meta-externalagent/1.1 (+https://developers.facebook.com/docs/sharing/webmasters/crawler)"
57.141.20.9 - - [09/Mar/2026:19:36:47 +0500] "GET /filemanger/delete_line.php?dir=%2Fhome%2Fsportsfever%2Fwww%2Fwp-content%2Fthemes%2Fherald%2Fassets%2Fcss&name=bootstrap.css&line=256 HTTP/1.1" 200 1571 "-" "meta-externalagent/1.1 (+https://developers.facebook.com/docs/sharing/webmasters/crawler)"
74.7.227.128 - - [09/Mar/2026:19:36:47 +0500] "GET /filemanger/edit_line.php?dir=%2Fhome%2Fsportsfever%2Fwww%2Fwp-content%2Fplugins%2Fwp-file-manager%2Flib%2Fcodemirror%2Fmode%2Fmbox&line=96&name=mbox.js HTTP/1.1" 200 618 "https://www.sportsfever360.com/filemanger/edit_text_line.php?dir=%2Fhome%2Fsportsfever%2Fwww%2Fwp-content%2Fplugins%2Fwp-file-manager%2Flib%2Fcodemirror%2Fmode%2Fmbox&name=mbox.js" "Mozilla/5.0 AppleWebKit/537.36 (KHTML, like Gecko; compatible; GPTBot/1.3; +https://openai.com/gptbot)"
74.7.227.43 - - [09/Mar/2026:19:36:47 +0500] "GET /filemanger/file_chmod.php?dir=%2Fhome%2Fsportsfever%2Fwww%2Fwp-content%2Fuploads%2Fsites%2F2%2F2020%2F07&name=IMG-20200719-WA0056-150x150.jpg HTTP/1.1" 200 1012 "https://sportsfever360.com/filemanger/index.php?dir=%2Fhome%2Fsportsfever%2Fwww%2Fwp-content%2Fuploads%2Fsites%2F2%2F2020%2F07" "Mozilla/5.0 AppleWebKit/537.36 (KHTML, like Gecko; compatible; GPTBot/1.3; +https://openai.com/gptbot)"
57.141.20.25 - - [09/Mar/2026:19:36:47 +0500] "GET /filemanger/delete_line.php?dir=%2Fhome%2Fsportsfever%2Fpublic_html%2Fclone%2Fwp-content%2Fplugins%2Fwp-review&name=readme.txt&line=295 HTTP/1.1" 200 1571 "-" "meta-externalagent/1.1 (+https://developers.facebook.com/docs/sharing/webmasters/crawler)"
74.7.227.128 - - [09/Mar/2026:19:36:47 +0500] "GET /filemanger/edit_line.php?dir=%2Fhome%2Fsportsfever%2Fwww%2Fwp-content%2Fplugins%2Fwp-file-manager%2Flib%2Fcodemirror%2Fmode%2Fmbox&line=68&name=mbox.js HTTP/1.1" 200 618 "https://www.sportsfever360.com/filemanger/edit_text_line.php?dir=%2Fhome%2Fsportsfever%2Fwww%2Fwp-content%2Fplugins%2Fwp-file-manager%2Flib%2Fcodemirror%2Fmode%2Fmbox&name=mbox.js" "Mozilla/5.0 AppleWebKit/537.36 (KHTML, like Gecko; compatible; GPTBot/1.3; +https://openai.com/gptbot)"
74.7.227.43 - - [09/Mar/2026:19:36:48 +0500] "GET /filemanger/file_rename.php?dir=%2Fhome%2Fsportsfever%2Fwww%2Fwp-content%2Fuploads%2Fsites%2F2%2F2020%2F11&name=IMG_20201130_230914-130x86.jpg HTTP/1.1" 200 1010 "https://sportsfever360.com/filemanger/index.php?dir=%2Fhome%2Fsportsfever%2Fwww%2Fwp-content%2Fuploads%2Fsites%2F2%2F2020%2F11" "Mozilla/5.0 AppleWebKit/537.36 (KHTML, like Gecko; compatible; GPTBot/1.3; +https://openai.com/gptbot)"
74.7.227.128 - - [09/Mar/2026:19:36:48 +0500] "GET /filemanger/edit_line.php?dir=%2Fhome%2Fsportsfever%2Fwww%2Fwp-content%2Fplugins%2Fwp-file-manager%2Flib%2Fcodemirror%2Fmode%2Fmbox&line=15&name=mbox.js HTTP/1.1" 200 618 "https://www.sportsfever360.com/filemanger/edit_text_line.php?dir=%2Fhome%2Fsportsfever%2Fwww%2Fwp-content%2Fplugins%2Fwp-file-manager%2Flib%2Fcodemirror%2Fmode%2Fmbox&name=mbox.js" "Mozilla/5.0 AppleWebKit/537.36 (KHTML, like Gecko; compatible; GPTBot/1.3; +https://openai.com/gptbot)"
74.7.227.43 - - [09/Mar/2026:19:36:48 +0500] "GET /filemanger/file_chmod.php?dir=%2Fhome%2Fsportsfever%2Fwww%2Fwp-content%2Fuploads%2Fsites%2F2%2F2020%2F12&name=IMG-20200411-WA0023-320x200.jpg HTTP/1.1" 200 1009 "https://sportsfever360.com/filemanger/index.php?dir=%2Fhome%2Fsportsfever%2Fwww%2Fwp-content%2Fuploads%2Fsites%2F2%2F2020%2F12" "Mozilla/5.0 AppleWebKit/537.36 (KHTML, like Gecko; compatible; GPTBot/1.3; +https://openai.com/gptbot)"
57.141.20.42 - - [09/Mar/2026:19:36:48 +0500] "GET /filemanger/edit_line.php?dir=%2Fhome%2Fsportsfever%2Fwww%2Fclone%2Fwp-content%2Fplugins%2Fwpforms-lite%2Fassets%2Flite%2Fcss&name=admin.css&line=210 HTTP/1.1" 200 1551 "-" "meta-externalagent/1.1 (+https://developers.facebook.com/docs/sharing/webmasters/crawler)"
57.141.20.8 - - [09/Mar/2026:19:36:48 +0500] "GET /filemanger/delete_line.php?dir=%2Fhome%2Fsportsfever%2Fhttpdocs%2Fclone%2Fwp-content%2Fplugins%2Fcustom-twitter-feeds%2Fcss&name=ctf-admin-styles.css&line=2070 HTTP/1.1" 200 1571 "-" "meta-externalagent/1.1 (+https://developers.facebook.com/docs/sharing/webmasters/crawler)"
74.7.227.128 - - [09/Mar/2026:19:36:48 +0500] "GET /filemanger/edit_line.php?dir=%2Fhome%2Fsportsfever%2Fwww%2Fwp-content%2Fplugins%2Fwp-file-manager%2Flib%2Fcodemirror%2Fmode%2Fmbox&line=14&name=mbox.js HTTP/1.1" 200 618 "https://www.sportsfever360.com/filemanger/edit_text_line.php?dir=%2Fhome%2Fsportsfever%2Fwww%2Fwp-content%2Fplugins%2Fwp-file-manager%2Flib%2Fcodemirror%2Fmode%2Fmbox&name=mbox.js" "Mozilla/5.0 AppleWebKit/537.36 (KHTML, like Gecko; compatible; GPTBot/1.3; +https://openai.com/gptbot)"
74.7.227.43 - - [09/Mar/2026:19:36:48 +0500] "GET /filemanger/file_rename.php?dir=%2Fhome%2Fsportsfever%2Fwww%2Fwp-content%2Fuploads%2Fsites%2F2%2F2020%2F12&name=IMG-20200411-WA0023-111x83.jpg HTTP/1.1" 200 1011 "https://sportsfever360.com/filemanger/index.php?dir=%2Fhome%2Fsportsfever%2Fwww%2Fwp-content%2Fuploads%2Fsites%2F2%2F2020%2F12" "Mozilla/5.0 AppleWebKit/537.36 (KHTML, like Gecko; compatible; GPTBot/1.3; +https://openai.com/gptbot)"
57.141.20.10 - - [09/Mar/2026:19:36:49 +0500] "GET /filemanger/edit_line.php?dir=%2Fhome%2Fsportsfever%2Fwww%2Fclone%2Fwp-content%2Fplugins%2Fwordpress-seo%2Fsrc%2Fconfig%2Fmigrations&name=20200616130143_ReplacePermalinkHashIndex.php&line=58 HTTP/1.1" 200 1551 "-" "meta-externalagent/1.1 (+https://developers.facebook.com/docs/sharing/webmasters/crawler)"
74.7.227.43 - - [09/Mar/2026:19:36:49 +0500] "GET /filemanger/file_chmod.php?dir=%2Fhome%2Fsportsfever%2Fwww%2Fwp-content%2Fuploads%2Fsites%2F2%2F2020%2F08&name=IMG-20200806-WA0009-470x264.jpg HTTP/1.1" 200 1012 "https://sportsfever360.com/filemanger/index.php?dir=%2Fhome%2Fsportsfever%2Fwww%2Fwp-content%2Fuploads%2Fsites%2F2%2F2020%2F08" "Mozilla/5.0 AppleWebKit/537.36 (KHTML, like Gecko; compatible; GPTBot/1.3; +https://openai.com/gptbot)"
74.7.227.128 - - [09/Mar/2026:19:36:49 +0500] "GET /filemanger/edit_line.php?dir=%2Fhome%2Fsportsfever%2Fwww%2Fwp-content%2Fplugins%2Fwp-file-manager%2Flib%2Fcodemirror%2Fmode%2Fmbox&line=65&name=mbox.js HTTP/1.1" 200 618 "https://www.sportsfever360.com/filemanger/edit_text_line.php?dir=%2Fhome%2Fsportsfever%2Fwww%2Fwp-content%2Fplugins%2Fwp-file-manager%2Flib%2Fcodemirror%2Fmode%2Fmbox&name=mbox.js" "Mozilla/5.0 AppleWebKit/537.36 (KHTML, like Gecko; compatible; GPTBot/1.3; +https://openai.com/gptbot)"
57.141.20.20 - - [09/Mar/2026:19:36:49 +0500] "GET /filemanger/edit_line.php?dir=%2Fhome%2Fsportsfever%2Fwww%2Fwp-content%2Fplugins%2Fpopup-maker%2Ftrunk%2Fclasses%2FAdmin&name=Settings.php&line=697 HTTP/1.1" 200 1551 "-" "meta-externalagent/1.1 (+https://developers.facebook.com/docs/sharing/webmasters/crawler)"
74.7.227.43 - - [09/Mar/2026:19:36:50 +0500] "GET /filemanger/file_chmod.php?dir=%2Fhome%2Fsportsfever%2Fwww%2Fwp-content%2Fuploads%2Fsites%2F2%2F2020%2F12&name=IMG-20200624-WA0021-640x426.jpg HTTP/1.1" 200 1011 "https://sportsfever360.com/filemanger/index.php?dir=%2Fhome%2Fsportsfever%2Fwww%2Fwp-content%2Fuploads%2Fsites%2F2%2F2020%2F12" "Mozilla/5.0 AppleWebKit/537.36 (KHTML, like Gecko; compatible; GPTBot/1.3; +https://openai.com/gptbot)"
74.7.227.128 - - [09/Mar/2026:19:36:50 +0500] "GET /filemanger/edit_line.php?dir=%2Fhome%2Fsportsfever%2Fwww%2Fwp-content%2Fplugins%2Fwp-file-manager%2Flib%2Fcodemirror%2Fmode%2Fmbox&line=54&name=mbox.js HTTP/1.1" 200 618 "https://www.sportsfever360.com/filemanger/edit_text_line.php?dir=%2Fhome%2Fsportsfever%2Fwww%2Fwp-content%2Fplugins%2Fwp-file-manager%2Flib%2Fcodemirror%2Fmode%2Fmbox&name=mbox.js" "Mozilla/5.0 AppleWebKit/537.36 (KHTML, like Gecko; compatible; GPTBot/1.3; +https://openai.com/gptbot)"
57.141.20.37 - - [09/Mar/2026:19:36:50 +0500] "GET /filemanger/delete_line.php?dir=%2Fhome%2Fsportsfever%2Fwww%2Fclone%2Fwp-content%2Fplugins%2Fredux-framework%2Fredux-core%2Fassets%2Ffonts&name=elusiveicons-webfont.eot&line=225 HTTP/1.1" 200 1776 "-" "meta-externalagent/1.1 (+https://developers.facebook.com/docs/sharing/webmasters/crawler)"
74.7.227.128 - - [09/Mar/2026:19:36:50 +0500] "GET /filemanger/edit_line.php?dir=%2Fhome%2Fsportsfever%2Fwww%2Fwp-content%2Fplugins%2Fwp-file-manager%2Flib%2Fcodemirror%2Fmode%2Fmbox&line=64&name=mbox.js HTTP/1.1" 200 618 "https://www.sportsfever360.com/filemanger/edit_text_line.php?dir=%2Fhome%2Fsportsfever%2Fwww%2Fwp-content%2Fplugins%2Fwp-file-manager%2Flib%2Fcodemirror%2Fmode%2Fmbox&name=mbox.js" "Mozilla/5.0 AppleWebKit/537.36 (KHTML, like Gecko; compatible; GPTBot/1.3; +https://openai.com/gptbot)"
74.7.227.43 - - [09/Mar/2026:19:36:50 +0500] "GET /filemanger/file_copy.php?dir=%2Fhome%2Fsportsfever%2Fwww%2Fwp-content%2Fuploads%2Fsites%2F2%2F2020%2F08&name=IMG-20200814-WA0005-1024x742.jpg HTTP/1.1" 200 1037 "https://sportsfever360.com/filemanger/file_rename.php?dir=%2Fhome%2Fsportsfever%2Fwww%2Fwp-content%2Fuploads%2Fsites%2F2%2F2020%2F08&name=IMG-20200814-WA0005-1024x742.jpg" "Mozilla/5.0 AppleWebKit/537.36 (KHTML, like Gecko; compatible; GPTBot/1.3; +https://openai.com/gptbot)"
57.141.20.50 - - [09/Mar/2026:19:36:50 +0500] "GET /filemanger/delete_line.php?dir=%2Fhome%2Fsportsfever%2Fwww%2Fwp-content%2Fthemes%2Fherald%2Fassets%2Ffonts&name=fontawesome-webfont.eot&line=382 HTTP/1.1" 200 1776 "-" "meta-externalagent/1.1 (+https://developers.facebook.com/docs/sharing/webmasters/crawler)"
74.7.227.128 - - [09/Mar/2026:19:36:51 +0500] "GET /filemanger/file_copy.php?dir=%2Fhome%2Fsportsfever%2Fwww%2Fwp-content%2Fplugins%2Fwp-file-manager%2Flib%2Fcodemirror%2Fmode%2Fslim&name=slim.js HTTP/1.1" 200 1075 "https://www.sportsfever360.com/filemanger/edit_text.php?dir=%2Fhome%2Fsportsfever%2Fwww%2Fwp-content%2Fplugins%2Fwp-file-manager%2Flib%2Fcodemirror%2Fmode%2Fslim&name=slim.js" "Mozilla/5.0 AppleWebKit/537.36 (KHTML, like Gecko; compatible; GPTBot/1.3; +https://openai.com/gptbot)"
74.7.227.43 - - [09/Mar/2026:19:36:51 +0500] "GET /filemanger/file_chmod.php?dir=%2Fhome%2Fsportsfever%2Fwww%2Fwp-content%2Fuploads%2Fsites%2F2%2F2020%2F11&name=IMG-20201130-WA0007-459x420.jpg HTTP/1.1" 200 1012 "https://sportsfever360.com/filemanger/index.php?dir=%2Fhome%2Fsportsfever%2Fwww%2Fwp-content%2Fuploads%2Fsites%2F2%2F2020%2F11" "Mozilla/5.0 AppleWebKit/537.36 (KHTML, like Gecko; compatible; GPTBot/1.3; +https://openai.com/gptbot)"
57.141.20.0 - - [09/Mar/2026:19:36:51 +0500] "GET /filemanger/edit_line.php?dir=%2Fhome%2Fsportsfever%2Fpublic_html%2Fclone%2Fwp-content%2Fplugins%2Fsitepress-multilingual-cms%2Fvendor%2Fphpmyadmin%2Fsql-parser%2Fsrc%2FStatements&name=CallStatement.php&line=43 HTTP/1.1" 200 1551 "-" "meta-externalagent/1.1 (+https://developers.facebook.com/docs/sharing/webmasters/crawler)"
74.7.227.128 - - [09/Mar/2026:19:36:51 +0500] "GET /filemanger/file_copy.php?dir=%2Fhome%2Fsportsfever%2Fwww%2Fwp-content%2Fplugins%2Fwp-file-manager%2Flib%2Fcodemirror%2Fmode%2Frust&name=test.js HTTP/1.1" 200 1077 "https://www.sportsfever360.com/filemanger/edit_text.php?dir=%2Fhome%2Fsportsfever%2Fwww%2Fwp-content%2Fplugins%2Fwp-file-manager%2Flib%2Fcodemirror%2Fmode%2Frust&name=test.js" "Mozilla/5.0 AppleWebKit/537.36 (KHTML, like Gecko; compatible; GPTBot/1.3; +https://openai.com/gptbot)"
74.7.227.43 - - [09/Mar/2026:19:36:51 +0500] "GET /filemanger/file_chmod.php?dir=%2Fhome%2Fsportsfever%2Fwww%2Fwp-content%2Fuploads%2Fsites%2F2%2F2020%2F07&name=IMG-20200722-WA0061-550x520.jpg HTTP/1.1" 200 1012 "https://sportsfever360.com/filemanger/index.php?dir=%2Fhome%2Fsportsfever%2Fwww%2Fwp-content%2Fuploads%2Fsites%2F2%2F2020%2F07" "Mozilla/5.0 AppleWebKit/537.36 (KHTML, like Gecko; compatible; GPTBot/1.3; +https://openai.com/gptbot)"
57.141.20.31 - - [09/Mar/2026:19:36:51 +0500] "GET /filemanger/edit_line.php?dir=%2Fhome%2Fsportsfever%2Fpublic_html%2Fwp-content%2Fwflogs&name=GeoLite2-Country.mmdb&line=142733 HTTP/1.1" 200 1756 "-" "meta-externalagent/1.1 (+https://developers.facebook.com/docs/sharing/webmasters/crawler)"
74.7.227.43 - - [09/Mar/2026:19:36:52 +0500] "GET /filemanger/read_image.php?path=%2Fhome%2Fsportsfever%2Fpublic_html%2Fwp-content%2Fuploads%2Fsites%2F2%2F2020%2F09%2FIMG_20200913_222709-65x65.jpg HTTP/1.1" 200 282 "https://sportsfever360.com/filemanger/file.php?dir=%2Fhome%2Fsportsfever%2Fpublic_html%2Fwp-content%2Fuploads%2Fsites%2F2%2F2020%2F09&name=IMG_20200913_222709-65x65.jpg" "Mozilla/5.0 AppleWebKit/537.36 (KHTML, like Gecko; compatible; GPTBot/1.3; +https://openai.com/gptbot)"
74.7.227.128 - - [09/Mar/2026:19:36:52 +0500] "GET /filemanger/file.php?dir=%2Fhome%2Fsportsfever%2Fwww%2Fclone%2Fwp-content%2Fplugins%2Fpopup-maker%2Ftrunk%2Fassets%2Fjs&name=mce-buttons.min.js HTTP/1.1" 200 1070 "https://www.sportsfever360.com/filemanger/index.php?dir=%2Fhome%2Fsportsfever%2Fwww%2Fclone%2Fwp-content%2Fplugins%2Fpopup-maker%2Ftrunk%2Fassets%2Fjs" "Mozilla/5.0 AppleWebKit/537.36 (KHTML, like Gecko; compatible; GPTBot/1.3; +https://openai.com/gptbot)"
57.141.20.17 - - [09/Mar/2026:19:36:52 +0500] "GET /filemanger/delete_line.php?dir=%2Fhome%2Fsportsfever%2Fmail%2Fsportsfever360.com%2Fmohsin%2F.spam%2Fcur&name=1743600413.M569091P2478380.c11.creativeon.net,S=43756,W=44676:2,a&line=396 HTTP/1.1" 200 1776 "-" "meta-externalagent/1.1 (+https://developers.facebook.com/docs/sharing/webmasters/crawler)"
74.7.227.128 - - [09/Mar/2026:19:36:52 +0500] "GET /filemanger/file_rename.php?dir=%2Fhome%2Fsportsfever%2Fwww%2Fclone%2Fwp-content%2Fplugins%2Fthemify-builder%2Fimg%2Frow-frame&name=arrow2-l.svg HTTP/1.1" 200 1044 "https://www.sportsfever360.com/filemanger/file_chmod.php?dir=%2Fhome%2Fsportsfever%2Fwww%2Fclone%2Fwp-content%2Fplugins%2Fthemify-builder%2Fimg%2Frow-frame&name=arrow2-l.svg" "Mozilla/5.0 AppleWebKit/537.36 (KHTML, like Gecko; compatible; GPTBot/1.3; +https://openai.com/gptbot)"
57.141.20.50 - - [09/Mar/2026:19:36:52 +0500] "GET /filemanger/edit_line.php?dir=%2Fhome%2Fsportsfever%2Fmail%2Fsportsfever360.com%2Fteamdigital%2Fnew&name=1746554714.M435247P443445.c11.creativeon.net,S=170859,W=173111&line=814 HTTP/1.1" 200 1756 "-" "meta-externalagent/1.1 (+https://developers.facebook.com/docs/sharing/webmasters/crawler)"
74.7.227.43 - - [09/Mar/2026:19:36:52 +0500] "GET /filemanger/file_chmod.php?dir=%2Fhome%2Fsportsfever%2Fwww%2Fwp-content%2Fuploads%2Fsites%2F2%2F2020%2F12&name=IMG-20201211-WA0132-459x420.jpg HTTP/1.1" 200 1010 "https://sportsfever360.com/filemanger/index.php?dir=%2Fhome%2Fsportsfever%2Fwww%2Fwp-content%2Fuploads%2Fsites%2F2%2F2020%2F12" "Mozilla/5.0 AppleWebKit/537.36 (KHTML, like Gecko; compatible; GPTBot/1.3; +https://openai.com/gptbot)"
74.7.227.43 - - [09/Mar/2026:19:36:53 +0500] "GET /filemanger/file_chmod.php?dir=%2Fhome%2Fsportsfever%2Fwww%2Fwp-content%2Fuploads%2Fsites%2F2%2F2020%2F12&name=IMG-20200619-WA0026-300x225.jpg HTTP/1.1" 200 1011 "https://sportsfever360.com/filemanger/index.php?dir=%2Fhome%2Fsportsfever%2Fwww%2Fwp-content%2Fuploads%2Fsites%2F2%2F2020%2F12" "Mozilla/5.0 AppleWebKit/537.36 (KHTML, like Gecko; compatible; GPTBot/1.3; +https://openai.com/gptbot)"
74.7.227.128 - - [09/Mar/2026:19:36:53 +0500] "GET /filemanger/edit_text.php?dir=%2Fhome%2Fsportsfever%2Fwww%2Fwp-content%2Fplugins%2Fwp-file-manager%2Flib%2Fcodemirror%2Fmode%2Fdiff&name=diff.js HTTP/1.1" 200 1588 "https://www.sportsfever360.com/filemanger/index.php?dir=%2Fhome%2Fsportsfever%2Fwww%2Fwp-content%2Fplugins%2Fwp-file-manager%2Flib%2Fcodemirror%2Fmode%2Fdiff" "Mozilla/5.0 AppleWebKit/537.36 (KHTML, like Gecko; compatible; GPTBot/1.3; +https://openai.com/gptbot)"
57.141.20.9 - - [09/Mar/2026:19:36:53 +0500] "GET /filemanger/delete_line.php?dir=%2Fhome%2Fsportsfever%2Fwww%2Fclone%2Fwp-content%2Fplugins%2Fwordfence%2Flib&name=menu_tools_livetraffic.php&line=261 HTTP/1.1" 200 1571 "-" "meta-externalagent/1.1 (+https://developers.facebook.com/docs/sharing/webmasters/crawler)"
74.7.227.128 - - [09/Mar/2026:19:36:53 +0500] "GET /filemanger/file_rename.php?dir=%2Fhome%2Fsportsfever%2Fwww%2Fwp-content%2Fplugins%2Fwp-file-manager%2Flib%2Fcodemirror%2Fmode%2Fgas&name=gas.js HTTP/1.1" 200 1044 "https://www.sportsfever360.com/filemanger/file_chmod.php?dir=%2Fhome%2Fsportsfever%2Fwww%2Fwp-content%2Fplugins%2Fwp-file-manager%2Flib%2Fcodemirror%2Fmode%2Fgas&name=gas.js" "Mozilla/5.0 AppleWebKit/537.36 (KHTML, like Gecko; compatible; GPTBot/1.3; +https://openai.com/gptbot)"
74.7.227.43 - - [09/Mar/2026:19:36:53 +0500] "GET /filemanger/file_download.php?dir=%2Fhome%2Fsportsfever%2Fwww%2Fwp-content%2Fuploads%2Fsites%2F2%2F2020%2F11&name=IMG_20201130_230914-130x86.jpg HTTP/1.1" 200 5050 "https://sportsfever360.com/filemanger/file_rename.php?dir=%2Fhome%2Fsportsfever%2Fwww%2Fwp-content%2Fuploads%2Fsites%2F2%2F2020%2F11&name=IMG_20201130_230914-130x86.jpg" "Mozilla/5.0 AppleWebKit/537.36 (KHTML, like Gecko; compatible; GPTBot/1.3; +https://openai.com/gptbot)"
57.141.20.15 - - [09/Mar/2026:19:36:53 +0500] "GET /filemanger/edit_line.php?dir=%2Fhome%2Fsportsfever%2Fpublic_html%2Fclone%2Fwp-content%2Fplugins%2Fsitepress-multilingual-cms%2Fvendor%2Fphpmyadmin%2Fsql-parser%2Flocale%2Feu%2FLC_MESSAGES&name=sqlparser.po&line=24 HTTP/1.1" 200 1756 "-" "meta-externalagent/1.1 (+https://developers.facebook.com/docs/sharing/webmasters/crawler)"
74.7.227.128 - - [09/Mar/2026:19:36:54 +0500] "GET /filemanger/file_copy.php?dir=%2Fhome%2Fsportsfever%2Fwww%2Fwp-content%2Fplugins%2Fwp-file-manager%2Flib%2Fcodemirror%2Fmode%2Frust&name=rust.js HTTP/1.1" 200 1075 "https://www.sportsfever360.com/filemanger/edit_text.php?dir=%2Fhome%2Fsportsfever%2Fwww%2Fwp-content%2Fplugins%2Fwp-file-manager%2Flib%2Fcodemirror%2Fmode%2Frust&name=rust.js" "Mozilla/5.0 AppleWebKit/537.36 (KHTML, like Gecko; compatible; GPTBot/1.3; +https://openai.com/gptbot)"
74.7.227.43 - - [09/Mar/2026:19:36:54 +0500] "GET /filemanger/file_delete.php?dir=%2Fhome%2Fsportsfever%2Fwww%2Fwp-content%2Fuploads%2Fsites%2F2%2F2020%2F11&name=IMG_20201130_230914-130x86.jpg HTTP/1.1" 200 1049 "https://sportsfever360.com/filemanger/file_rename.php?dir=%2Fhome%2Fsportsfever%2Fwww%2Fwp-content%2Fuploads%2Fsites%2F2%2F2020%2F11&name=IMG_20201130_230914-130x86.jpg" "Mozilla/5.0 AppleWebKit/537.36 (KHTML, like Gecko; compatible; GPTBot/1.3; +https://openai.com/gptbot)"
57.141.20.27 - - [09/Mar/2026:19:36:54 +0500] "GET /filemanger/edit_line.php?dir=%2Fhome%2Fsportsfever%2Fhttpdocs%2Fwp-content%2Fplugins%2Fwordpress-whatsapp-support%2Fincludes%2Fadmin%2Fviews&name=admin-basic-settings.php&line=100 HTTP/1.1" 200 1551 "-" "meta-externalagent/1.1 (+https://developers.facebook.com/docs/sharing/webmasters/crawler)"
74.7.227.128 - - [09/Mar/2026:19:36:54 +0500] "GET /filemanger/file_delete.php?dir=%2Fhome%2Fsportsfever%2Fwww%2Fclone%2Fwp-content%2Fplugins%2Fthemify-builder%2Fimg%2Frow-frame&name=arrow2-l.svg HTTP/1.1" 200 1082 "https://www.sportsfever360.com/filemanger/file_chmod.php?dir=%2Fhome%2Fsportsfever%2Fwww%2Fclone%2Fwp-content%2Fplugins%2Fthemify-builder%2Fimg%2Frow-frame&name=arrow2-l.svg" "Mozilla/5.0 AppleWebKit/537.36 (KHTML, like Gecko; compatible; GPTBot/1.3; +https://openai.com/gptbot)"
74.7.227.43 - - [09/Mar/2026:19:36:54 +0500] "GET /filemanger/file_copy.php?dir=%2Fhome%2Fsportsfever%2Fwww%2Fwp-content%2Fuploads%2Fsites%2F2%2F2020%2F07&name=IMG-20200726-WA0027-1280x720.jpg HTTP/1.1" 200 1036 "https://sportsfever360.com/filemanger/file_chmod.php?dir=%2Fhome%2Fsportsfever%2Fwww%2Fwp-content%2Fuploads%2Fsites%2F2%2F2020%2F07&name=IMG-20200726-WA0027-1280x720.jpg" "Mozilla/5.0 AppleWebKit/537.36 (KHTML, like Gecko; compatible; GPTBot/1.3; +https://openai.com/gptbot)"
57.141.20.30 - - [09/Mar/2026:19:36:55 +0500] "GET /filemanger/delete_line.php?dir=%2Fhome%2Fsportsfever%2Fpublic_html%2Fclone%2Fwp-content%2Fplugins%2Fsitepress-multilingual-cms%2Fvendor%2Fphpmyadmin%2Fsql-parser%2Fsrc%2FContexts&name=ContextMariaDb100000.php&line=8 HTTP/1.1" 200 1571 "-" "meta-externalagent/1.1 (+https://developers.facebook.com/docs/sharing/webmasters/crawler)"
74.7.227.43 - - [09/Mar/2026:19:36:55 +0500] "GET /filemanger/file_chmod.php?dir=%2Fhome%2Fsportsfever%2Fwww%2Fwp-content%2Fuploads%2Fsites%2F2%2F2020%2F07&name=IMG-20200717-WA0147-550x520.jpg HTTP/1.1" 200 1012 "https://sportsfever360.com/filemanger/index.php?dir=%2Fhome%2Fsportsfever%2Fwww%2Fwp-content%2Fuploads%2Fsites%2F2%2F2020%2F07" "Mozilla/5.0 AppleWebKit/537.36 (KHTML, like Gecko; compatible; GPTBot/1.3; +https://openai.com/gptbot)"
74.7.227.128 - - [09/Mar/2026:19:36:55 +0500] "GET /filemanger/file_copy.php?dir=%2Fhome%2Fsportsfever%2Fwww%2Fwp-content%2Fplugins%2Fwp-file-manager%2Flib%2Fcodemirror%2Fmode%2Febnf&name=ebnf.js HTTP/1.1" 200 1074 "https://www.sportsfever360.com/filemanger/edit_text.php?dir=%2Fhome%2Fsportsfever%2Fwww%2Fwp-content%2Fplugins%2Fwp-file-manager%2Flib%2Fcodemirror%2Fmode%2Febnf&name=ebnf.js" "Mozilla/5.0 AppleWebKit/537.36 (KHTML, like Gecko; compatible; GPTBot/1.3; +https://openai.com/gptbot)"
57.141.20.9 - - [09/Mar/2026:19:36:55 +0500] "GET /filemanger/edit_line.php?dir=%2Fhome%2Fsportsfever%2Fwww%2Fclone%2Fwp-content%2Fplugins%2Fsmart-slider-3%2FNextend%2FSmartSlider3%2FApplication%2FAdmin%2FLayout%2FBlock%2FDashboard%2FDashboardInfo&name=DashboardInfo.php&line=7 HTTP/1.1" 200 1551 "-" "meta-externalagent/1.1 (+https://developers.facebook.com/docs/sharing/webmasters/crawler)"
74.7.227.43 - - [09/Mar/2026:19:36:55 +0500] "GET /filemanger/file_copy.php?dir=%2Fhome%2Fsportsfever%2Fwww%2Fwp-content%2Fuploads%2Fsites%2F2%2F2020%2F07&name=IMG-20200712-WA0020-938x1024.jpg HTTP/1.1" 200 1036 "https://sportsfever360.com/filemanger/file_rename.php?dir=%2Fhome%2Fsportsfever%2Fwww%2Fwp-content%2Fuploads%2Fsites%2F2%2F2020%2F07&name=IMG-20200712-WA0020-938x1024.jpg" "Mozilla/5.0 AppleWebKit/537.36 (KHTML, like Gecko; compatible; GPTBot/1.3; +https://openai.com/gptbot)"
74.7.227.128 - - [09/Mar/2026:19:36:55 +0500] "GET /filemanger/edit_text.php?dir=%2Fhome%2Fsportsfever%2Fwww%2Fwp-content%2Fplugins%2Fwp-file-manager%2Flib%2Fcodemirror%2Fmode%2Fvhdl&name=vhdl.js HTTP/1.1" 200 3285 "https://www.sportsfever360.com/filemanger/index.php?dir=%2Fhome%2Fsportsfever%2Fwww%2Fwp-content%2Fplugins%2Fwp-file-manager%2Flib%2Fcodemirror%2Fmode%2Fvhdl" "Mozilla/5.0 AppleWebKit/537.36 (KHTML, like Gecko; compatible; GPTBot/1.3; +https://openai.com/gptbot)"
57.141.20.55 - - [09/Mar/2026:19:36:55 +0500] "GET /filemanger/edit_line.php?dir=%2Fhome%2Fsportsfever%2Fmail%2Fsportsfever360.com%2Fghulamali%2F.Sent%2Fcur&name=1726505025.M899940P2563154.c11.creativeon.net,S=2254742,W=2286498:2,S&line=3056 HTTP/1.1" 200 1756 "-" "meta-externalagent/1.1 (+https://developers.facebook.com/docs/sharing/webmasters/crawler)"
74.7.227.43 - - [09/Mar/2026:19:36:56 +0500] "GET /filemanger/file_rename.php?dir=%2Fhome%2Fsportsfever%2Fwww%2Fwp-content%2Fuploads%2Fsites%2F2%2F2020%2F08&name=IMG-20200814-WA0005-130x86.jpg HTTP/1.1" 200 1013 "https://sportsfever360.com/filemanger/index.php?dir=%2Fhome%2Fsportsfever%2Fwww%2Fwp-content%2Fuploads%2Fsites%2F2%2F2020%2F08" "Mozilla/5.0 AppleWebKit/537.36 (KHTML, like Gecko; compatible; GPTBot/1.3; +https://openai.com/gptbot)"
74.7.227.128 - - [09/Mar/2026:19:36:56 +0500] "GET /filemanger/file_chmod.php?dir=%2Fhome%2Fsportsfever%2Fwww%2Fwp-content%2Fplugins%2Fwp-file-manager%2Flib%2Fcodemirror%2Fmode%2Fgfm&name=gfm.js HTTP/1.1" 200 1046 "https://www.sportsfever360.com/filemanger/index.php?dir=%2Fhome%2Fsportsfever%2Fwww%2Fwp-content%2Fplugins%2Fwp-file-manager%2Flib%2Fcodemirror%2Fmode%2Fgfm" "Mozilla/5.0 AppleWebKit/537.36 (KHTML, like Gecko; compatible; GPTBot/1.3; +https://openai.com/gptbot)"
57.141.20.54 - - [09/Mar/2026:19:36:56 +0500] "GET /filemanger/delete_line.php?dir=%2Fhome%2Fsportsfever%2Fwww%2Fwp-includes%2Fjs%2Ftinymce%2Fplugins%2Fwordpress&name=plugin.js&line=789 HTTP/1.1" 200 1571 "-" "meta-externalagent/1.1 (+https://developers.facebook.com/docs/sharing/webmasters/crawler)"
74.7.227.43 - - [09/Mar/2026:19:36:56 +0500] "GET /filemanger/file_copy.php?dir=%2Fhome%2Fsportsfever%2Fwww%2Fwp-content%2Fuploads%2Fsites%2F2%2F2020%2F10&name=IMG-20201013-WA0001-1280x742.jpg HTTP/1.1" 200 1035 "https://sportsfever360.com/filemanger/file_rename.php?dir=%2Fhome%2Fsportsfever%2Fwww%2Fwp-content%2Fuploads%2Fsites%2F2%2F2020%2F10&name=IMG-20201013-WA0001-1280x742.jpg" "Mozilla/5.0 AppleWebKit/537.36 (KHTML, like Gecko; compatible; GPTBot/1.3; +https://openai.com/gptbot)"
74.7.227.128 - - [09/Mar/2026:19:36:56 +0500] "GET /filemanger/file_Copy.php?dir=%2Fhome%2Fsportsfever%2Fwww%2Fwp-content%2Fplugins%2Fwp-file-manager%2Flib%2Fcodemirror%2Fmode%2Fslim&name=slim.js HTTP/1.1" 200 20 "https://www.sportsfever360.com/filemanger/edit_text.php?dir=%2Fhome%2Fsportsfever%2Fwww%2Fwp-content%2Fplugins%2Fwp-file-manager%2Flib%2Fcodemirror%2Fmode%2Fslim&name=slim.js" "Mozilla/5.0 AppleWebKit/537.36 (KHTML, like Gecko; compatible; GPTBot/1.3; +https://openai.com/gptbot)"
57.141.20.4 - - [09/Mar/2026:19:36:57 +0500] "GET /filemanger/edit_line.php?dir=%2Fhome%2Fsportsfever%2Fhttpdocs%2Fclone%2Fwp-includes%2Frest-api%2Fendpoints&name=class-wp-rest-posts-controller.php&line=1459 HTTP/1.1" 200 1551 "-" "meta-externalagent/1.1 (+https://developers.facebook.com/docs/sharing/webmasters/crawler)"
57.141.20.0 - - [09/Mar/2026:19:36:57 +0500] "GET /filemanger/edit_line.php?dir=%2Fhome%2Fsportsfever%2Fpublic_html%2Fwp-content%2Fplugins%2Fembedpress%2FEmbedPress%2FProviders&name=TikTok.php&line=5 HTTP/1.1" 200 1551 "-" "meta-externalagent/1.1 (+https://developers.facebook.com/docs/sharing/webmasters/crawler)"
74.7.227.43 - - [09/Mar/2026:19:36:57 +0500] "GET /filemanger/file_chmod.php?dir=%2Fhome%2Fsportsfever%2Fwww%2Fwp-content%2Fuploads%2Fsites%2F2%2F2020%2F07&name=IMG-20200713-WA0017-215x161.jpg HTTP/1.1" 200 1013 "https://sportsfever360.com/filemanger/index.php?dir=%2Fhome%2Fsportsfever%2Fwww%2Fwp-content%2Fuploads%2Fsites%2F2%2F2020%2F07" "Mozilla/5.0 AppleWebKit/537.36 (KHTML, like Gecko; compatible; GPTBot/1.3; +https://openai.com/gptbot)"
74.7.227.128 - - [09/Mar/2026:19:36:57 +0500] "GET /filemanger/file_rename.php?dir=%2Fhome%2Fsportsfever%2Fwww%2Fwp-content%2Fplugins%2Fwp-smushit%2Fapp%2Fassets%2Fimages&name=select-arrow@2x.png HTTP/1.1" 200 1002 "https://www.sportsfever360.com/filemanger/index.php?dir=%2Fhome%2Fsportsfever%2Fwww%2Fwp-content%2Fplugins%2Fwp-smushit%2Fapp%2Fassets%2Fimages" "Mozilla/5.0 AppleWebKit/537.36 (KHTML, like Gecko; compatible; GPTBot/1.3; +https://openai.com/gptbot)"
57.141.20.7 - - [09/Mar/2026:19:36:57 +0500] "GET /filemanger/delete_line.php?dir=%2Fhome%2Fsportsfever%2Fhttpdocs%2Fclone%2Fwp-content%2Fplugins%2Fcontent-protector%2Finc%2Fadmin%2Finc&name=class-ps-admin-settings.php&line=6 HTTP/1.1" 200 1571 "-" "meta-externalagent/1.1 (+https://developers.facebook.com/docs/sharing/webmasters/crawler)"
74.7.227.43 - - [09/Mar/2026:19:36:57 +0500] "GET /filemanger/file_chmod.php?dir=%2Fhome%2Fsportsfever%2Fwww%2Fwp-content%2Fuploads%2Fsites%2F2%2F2020%2F07&name=IMG-20200717-WA0147-300x200.jpg HTTP/1.1" 200 1011 "https://sportsfever360.com/filemanger/index.php?dir=%2Fhome%2Fsportsfever%2Fwww%2Fwp-content%2Fuploads%2Fsites%2F2%2F2020%2F07" "Mozilla/5.0 AppleWebKit/537.36 (KHTML, like Gecko; compatible; GPTBot/1.3; +https://openai.com/gptbot)"
74.7.227.128 - - [09/Mar/2026:19:36:57 +0500] "GET /filemanger/edit_text.php?dir=%2Fhome%2Fsportsfever%2Fwww%2Fwp-content%2Fplugins%2Fwp-file-manager%2Flib%2Fcodemirror%2Fmode%2Fcss&name=test.js HTTP/1.1" 200 2814 "https://www.sportsfever360.com/filemanger/index.php?dir=%2Fhome%2Fsportsfever%2Fwww%2Fwp-content%2Fplugins%2Fwp-file-manager%2Flib%2Fcodemirror%2Fmode%2Fcss" "Mozilla/5.0 AppleWebKit/537.36 (KHTML, like Gecko; compatible; GPTBot/1.3; +https://openai.com/gptbot)"
74.7.227.43 - - [09/Mar/2026:19:36:58 +0500] "GET /filemanger/file_chmod.php?dir=%2Fhome%2Fsportsfever%2Fwww%2Fwp-content%2Fuploads%2Fsites%2F2%2F2020%2F12&name=IMG-20201229-WA0004-434x420.jpg HTTP/1.1" 200 1010 "https://sportsfever360.com/filemanger/index.php?dir=%2Fhome%2Fsportsfever%2Fwww%2Fwp-content%2Fuploads%2Fsites%2F2%2F2020%2F12" "Mozilla/5.0 AppleWebKit/537.36 (KHTML, like Gecko; compatible; GPTBot/1.3; +https://openai.com/gptbot)"
57.141.20.46 - - [09/Mar/2026:19:36:58 +0500] "GET /filemanger/file_chmod.php?dir=%2Fhome%2Fsportsfever%2Fmail%2Fsportsfever360.com%2Fbilal%2Fnew&name=1720168281.M977782P1281683.c11.creativeon.net,S=2295,W=2356 HTTP/1.1" 200 4797 "-" "meta-externalagent/1.1 (+https://developers.facebook.com/docs/sharing/webmasters/crawler)"
74.7.227.128 - - [09/Mar/2026:19:36:58 +0500] "GET /filemanger/file_chmod.php?dir=%2Fhome%2Fsportsfever%2Fwww%2Fwp-content%2Fplugins%2Fwp-file-manager%2Flib%2Fcodemirror%2Fmode%2Fsas&name=sas.js HTTP/1.1" 200 1044 "https://www.sportsfever360.com/filemanger/index.php?dir=%2Fhome%2Fsportsfever%2Fwww%2Fwp-content%2Fplugins%2Fwp-file-manager%2Flib%2Fcodemirror%2Fmode%2Fsas" "Mozilla/5.0 AppleWebKit/537.36 (KHTML, like Gecko; compatible; GPTBot/1.3; +https://openai.com/gptbot)"
57.141.20.26 - - [09/Mar/2026:19:36:58 +0500] "GET /filemanger/file.php?dir=%2Fhome%2Fsportsfever%2Fmail%2Fsportsfever360.com%2Fbilal%2Fnew&name=1735918812.M980887P460417.alt2c11.creativeon.net,S=37834,W=38360 HTTP/1.1" 200 4923 "-" "meta-externalagent/1.1 (+https://developers.facebook.com/docs/sharing/webmasters/crawler)"
74.7.227.43 - - [09/Mar/2026:19:36:58 +0500] "GET /filemanger/file_chmod.php?dir=%2Fhome%2Fsportsfever%2Fwww%2Fwp-content%2Fuploads%2Fsites%2F2%2F2020%2F10&name=IMG-20201004-WA0002-550x520.jpg HTTP/1.1" 200 1009 "https://sportsfever360.com/filemanger/index.php?dir=%2Fhome%2Fsportsfever%2Fwww%2Fwp-content%2Fuploads%2Fsites%2F2%2F2020%2F10" "Mozilla/5.0 AppleWebKit/537.36 (KHTML, like Gecko; compatible; GPTBot/1.3; +https://openai.com/gptbot)"
74.7.227.128 - - [09/Mar/2026:19:36:59 +0500] "GET /filemanger/file_download.php?dir=%2Fhome%2Fsportsfever%2Fwww%2Fwp-content%2Fplugins%2Fwp-file-manager%2Flib%2Fcodemirror%2Fmode%2Fdiff&name=diff.js HTTP/1.1" 200 1138 "https://www.sportsfever360.com/filemanger/edit_text.php?dir=%2Fhome%2Fsportsfever%2Fwww%2Fwp-content%2Fplugins%2Fwp-file-manager%2Flib%2Fcodemirror%2Fmode%2Fdiff&name=diff.js" "Mozilla/5.0 AppleWebKit/537.36 (KHTML, like Gecko; compatible; GPTBot/1.3; +https://openai.com/gptbot)"
57.141.20.11 - - [09/Mar/2026:19:36:59 +0500] "GET /filemanger/delete_line.php?dir=%2Fhome%2Fsportsfever%2Fhttpdocs%2Fclone%2Fwp-content%2Fplugins%2Fsitepress-multilingual-cms%2Fclasses%2Fwpml-wp&name=class-wpml-wp-api.php&line=61 HTTP/1.1" 200 1571 "-" "meta-externalagent/1.1 (+https://developers.facebook.com/docs/sharing/webmasters/crawler)"
74.7.227.43 - - [09/Mar/2026:19:36:59 +0500] "GET /filemanger/file_chmod.php?dir=%2Fhome%2Fsportsfever%2Fwww%2Fwp-content%2Fuploads%2Fsites%2F2%2F2020%2F10&name=IMG-20201004-WA0002-414x232.jpg HTTP/1.1" 200 1010 "https://sportsfever360.com/filemanger/index.php?dir=%2Fhome%2Fsportsfever%2Fwww%2Fwp-content%2Fuploads%2Fsites%2F2%2F2020%2F10" "Mozilla/5.0 AppleWebKit/537.36 (KHTML, like Gecko; compatible; GPTBot/1.3; +https://openai.com/gptbot)"
74.7.227.128 - - [09/Mar/2026:19:36:59 +0500] "GET /filemanger/edit_text_line.php?dir=%2Fhome%2Fsportsfever%2Fwww%2Fwp-content%2Fplugins%2Fwp-file-manager%2Flib%2Fcodemirror%2Fmode%2Fdiff&name=diff.js HTTP/1.1" 200 2540 "https://www.sportsfever360.com/filemanger/edit_text.php?dir=%2Fhome%2Fsportsfever%2Fwww%2Fwp-content%2Fplugins%2Fwp-file-manager%2Flib%2Fcodemirror%2Fmode%2Fdiff&name=diff.js" "Mozilla/5.0 AppleWebKit/537.36 (KHTML, like Gecko; compatible; GPTBot/1.3; +https://openai.com/gptbot)"
57.141.20.11 - - [09/Mar/2026:19:36:59 +0500] "GET /filemanger/delete_line.php?dir=%2Fhome%2Fsportsfever%2Fwww%2Fclone%2Fwp-content%2Fplugins%2Fwordpress-seo%2Fsrc%2Fintegrations%2Ffront-end&name=wp-robots-integration.php&line=179 HTTP/1.1" 200 1571 "-" "meta-externalagent/1.1 (+https://developers.facebook.com/docs/sharing/webmasters/crawler)"
74.7.227.43 - - [09/Mar/2026:19:36:59 +0500] "GET /filemanger/file_chmod.php?dir=%2Fhome%2Fsportsfever%2Fwww%2Fwp-content%2Fuploads%2Fsites%2F2%2F2020%2F07&name=IMG-20200715-WA0041-550x520.jpg HTTP/1.1" 200 1012 "https://sportsfever360.com/filemanger/index.php?dir=%2Fhome%2Fsportsfever%2Fwww%2Fwp-content%2Fuploads%2Fsites%2F2%2F2020%2F07" "Mozilla/5.0 AppleWebKit/537.36 (KHTML, like Gecko; compatible; GPTBot/1.3; +https://openai.com/gptbot)"
74.7.227.128 - - [09/Mar/2026:19:37:00 +0500] "GET /filemanger/file_Copy.php?dir=%2Fhome%2Fsportsfever%2Fwww%2Fwp-content%2Fplugins%2Fwp-file-manager%2Flib%2Fcodemirror%2Fmode%2Fdiff&name=diff.js HTTP/1.1" 200 20 "https://www.sportsfever360.com/filemanger/edit_text.php?dir=%2Fhome%2Fsportsfever%2Fwww%2Fwp-content%2Fplugins%2Fwp-file-manager%2Flib%2Fcodemirror%2Fmode%2Fdiff&name=diff.js" "Mozilla/5.0 AppleWebKit/537.36 (KHTML, like Gecko; compatible; GPTBot/1.3; +https://openai.com/gptbot)"
